Deze pagina kan het beste bekeken worden met Google Chrome v61.0
Copyright 2001 - 2017,  Enkhuizen Meteo
H e t   l o k a l e   w e e r o v e r z i c h t   v o o r   d e   r e g i o   W e s t f r i e s l a n d
Enkhuizen Meteo
24 uur per dag live weeroverzicht voor de regio Enkhuizen en omgeving
                   MONTHLY CLIMATOLOGICAL SUMMARY for JAN. 2015 NAME: Enkhuizen Meteo   CITY: Enkhuizen   STATE: Netherlands ELEV:    -1 m  LAT:  52° 71' 45" N  LONG:   5° 27' 21" E                    TEMPERATURE (°C), RAIN  (mm), WIND SPEED (km/hr)                                       HEAT  COOL        AVG     MEAN                              DEG   DEG         WIND                 DOM DAY TEMP  HIGH   TIME   LOW    TIME   DAYS  DAYS  RAIN  SPEED HIGH   TIME    DIR ------------------------------------------------------------------------------------  1   3.9   5.0   16:10   2.7    7:40  14.3   0.0   0.5  17.1  51.5   21:00    SW  2   7.5  10.2    7:05   4.2    0:05  10.8   0.0   6.9  20.4  62.8    6:55   WNW  3   5.3   6.6    9:50   4.1   15:40  13.0   0.0   2.3   9.7  38.6   10:15   WSW  4   4.7   8.6   12:45   1.9   21:45  13.6   0.0   0.3   3.9  35.4    2:40   WNW  5   3.6   5.5    7:15   2.2    0:05  14.7   0.0   0.0   9.2  37.0   11:15    SW  6   3.7   6.4   23:45   2.6   17:50  14.6   0.0   1.3   9.5  37.0   20:10   SSW  7   4.8   7.4   12:35   2.5    8:25  13.5   0.0   0.3  10.3  54.7   23:50    SW  8   6.4   8.7   12:20   3.8    0:05  11.9   0.0  16.5  13.7  48.3    3:00    SW  9   9.1  12.4   23:55   5.6    4:00   9.2   0.0   7.1  21.4  80.5    7:20   WSW 10   9.6  12.6    1:45   5.6   23:55   8.7   0.0   3.6  26.2  77.2   11:15   WSW 11   6.4   8.2   23:55   4.3    7:20  11.9   0.0   1.8  20.3  62.8    7:00   WNW 12   9.1  10.4   17:50   7.7    1:40   9.2   0.0  11.7  23.8  74.0   16:00   WSW 13   8.2  10.3    5:50   4.6   23:10  10.1   0.0  27.2  14.6  53.1    5:40    SW 14   4.2   6.1    1:10   0.9   12:30  14.1   0.0  18.5  13.0  48.3   22:40   WSW 15   7.3   8.9   11:10   4.9    0:05  10.9   0.0  11.4  21.4  62.8    7:00    SW 16   6.2   7.8    5:30   4.0   00:00  12.1   0.0   3.0  13.4  67.6    0:55    SW 17   3.7   6.7   12:10   1.2    5:15  14.6   0.0   7.6   9.5  48.3   19:25    SW 18   2.9   3.6    0:50   2.0   23:10  15.4   0.0   8.9   9.0  38.6    0:45    SW 19   1.6   3.7   11:20   0.2    9:50  16.7   0.0   0.0   0.6  14.5   12:05    SW 20   1.3   2.7   15:40   0.2   20:10  17.0   0.0   0.0   4.7  25.7   21:50    SW 21   1.6   2.3   12:20   0.4   00:00  16.7   0.0   0.0   6.9  27.4    9:15     E 22   0.1   1.8   15:45  -1.7    6:30  18.2   0.0   0.0   9.3  30.6    2:30   ENE 23  -0.9   3.4   11:30  -3.2    8:55  19.2   0.0   0.0   5.5  48.3   23:45   SSW 24   2.5   6.6   13:05  -1.2    0:05  15.8   0.0   7.6  10.8  54.7    3:50    NW 25   4.1   6.1   15:45   1.2    2:45  14.3   0.0   0.8   3.9  25.7   21:40   WSW 26   5.8   8.0   12:45   3.8    3:05  12.5   0.0   2.3  10.6  40.2   22:45    NW 27   5.4   8.4   12:20   3.8    1:35  12.9   0.0   0.5   6.6  35.4   10:45    NW 28   4.8   6.3   15:35   3.4   15:55  13.5   0.0  15.7  18.0  57.9   14:40    SW 29   3.4   5.4   12:35   0.8   22:00  14.9   0.0   5.6  11.9  54.7    5:45   WSW 30   1.9   5.6   14:15  -0.2    6:05  16.4   0.0   8.1   3.7  33.8   20:05     W 31   2.8   7.3   13:50   0.4   00:00  15.5   0.0   4.1   1.8  19.3    4:25   WSW -------------------------------------------------------------------------------------      4.5  12.6    10    -3.2    23   426.5   0.0 173.5  11.6  80.5     9      SW Max >=  32.0:  0 Max <=   0.0:  0 Min <=   0.0:  4 Min <= -18.0:  0 Max Rain: 27.18 ON 13-01-15 Days of Rain: 25 (> .2 mm) 18 (> 2 mm) 1 (> 20 mm) Heat Base:  18.3  Cool Base:  18.3  Method: Integration
NOAA Overzicht - januari 2015