Deze pagina kan het beste bekeken worden met Google Chrome v61.0
Copyright 2001 - 2017,  Enkhuizen Meteo
H e t   l o k a l e   w e e r o v e r z i c h t   v o o r   d e   r e g i o   W e s t f r i e s l a n d
Enkhuizen Meteo
24 uur per dag live weeroverzicht voor de regio Enkhuizen en omgeving
                   MONTHLY CLIMATOLOGICAL SUMMARY for FEB. 2015 NAME: Enkhuizen Meteo   CITY: Enkhuizen   STATE: Netherlands ELEV:    -1 m  LAT:  52° 71' 45" N  LONG:   5° 27' 21" E                    TEMPERATURE (°C), RAIN  (mm), WIND SPEED (km/hr)                                       HEAT  COOL        AVG     MEAN                              DEG   DEG         WIND                 DOM DAY TEMP  HIGH   TIME   LOW    TIME   DAYS  DAYS  RAIN  SPEED HIGH   TIME    DIR ------------------------------------------------------------------------------------  1   2.4   4.1   11:30   0.3    0:45  15.9   0.0   0.8   2.4  24.1   17:35   SSW  2   2.8   6.6   12:55   1.2    6:10  15.5   0.0   3.3   5.6  32.2   14:35   WNW  3   2.3   6.8   13:10  -0.4    8:35  16.0   0.0   0.8   2.7  25.7   17:30     N  4   1.4   5.6   12:15  -1.0   21:25  16.9   0.0   0.3   1.9  24.1    8:10   ENE  5   1.1   2.6   11:50   0.2    0:05  17.2   0.0   0.0   7.7  33.8   23:45   ENE  6   0.7   2.2   13:10  -0.6    8:10  17.4   0.0   0.0  11.3  32.2    0:40   ENE  7   2.9   5.8   12:40  -1.7    4:00  15.4   0.0   0.3   7.6  41.8   23:55   NNW  8   5.1   6.7   13:50   4.2    8:05  13.2   0.0   0.0  13.7  41.8    7:25     N  9   5.9   7.8   14:50   4.4    0:35  12.4   0.0   0.5  10.5  30.6   15:00    NW 10   5.6   6.7   13:05   4.8   21:50  12.7   0.0   0.5   5.0  25.7    5:00   NNW 11   4.6   5.4    1:10   3.8   23:55  13.7   0.0   0.0   2.7  24.1    9:00   SSE 12   3.6   4.4   21:05   2.9    3:50  14.7   0.0   0.0   3.5  19.3   19:05   SSE 13   4.9   8.8   15:50   1.8    9:05  13.4   0.0   0.0  10.3  33.8   15:00   SSE 14   6.3   9.1   14:10   4.3    6:55  12.0   0.0   0.0   7.7  29.0    1:45    SE 15   3.0   6.1    0:30   1.6   11:15  15.3   0.0   0.3   7.9  30.6   10:50     E 16   2.6   5.8   16:20  -0.7    8:30  15.7   0.0   0.0   2.9  19.3   11:45   SSE 17   4.3   8.9   13:40   1.8   00:00  13.8   0.0   0.3   4.2  32.2   13:55   NNW 18   4.0   8.8   14:10   1.3    6:40  14.3   0.0   0.3   8.7  35.4   22:20    SW 19   3.8   7.2   14:00   0.7    7:15   9.9   0.0   0.3  17.2  46.7   15:45   SSW 20   5.1   5.9   15:05   4.1   00:00   5.6   0.0  22.4  10.1  41.8    4:35   SSW 21   3.7   6.0   16:20   2.3    9:10  14.6   0.0   8.4   5.3  37.0   12:25     W 22   3.9   7.9   13:45   1.0    4:20  14.3   0.0   1.8   9.8  69.2   22:10    SW 23   5.9   9.9   13:45   3.1    1:40  12.4   0.0   6.1  16.7  59.5    0:10    SW 24   5.8   9.1   13:55   3.3   22:55  12.5   0.0   4.1  15.0  53.1   21:20    SW 25   4.5   6.9   14:35   2.2   23:50  13.8   0.0   2.0   6.1  33.8    9:25    SW 26   5.4   7.4   21:10   2.2    0:05  12.9   0.0   8.1  11.4  41.8    8:35     S 27   5.4   9.1   13:50   2.3   23:10  12.9   0.0   0.0   6.6  29.0   12:30   NNW 28   5.3   8.0   14:20   2.7    0:05  13.0   0.0   0.0  14.5  57.9   23:00   SSW -------------------------------------------------------------------------------------      4.0   9.9    23    -1.7     7   387.3   0.0  60.1   8.2  69.2    22     SSW Max >=  32.0:  0 Max <=   0.0:  0 Min <=   0.0:  5 Min <= -18.0:  0 Max Rain: 22.35 ON 20-02-15 Days of Rain: 18 (> .2 mm) 7 (> 2 mm) 1 (> 20 mm) Heat Base:  18.3  Cool Base:  18.3  Method: Integration
NOAA Overzicht - februari 2015