Deze pagina kan het beste bekeken worden met Google Chrome v61.0
Copyright 2001 - 2017,  Enkhuizen Meteo
H e t   l o k a l e   w e e r o v e r z i c h t   v o o r   d e   r e g i o   W e s t f r i e s l a n d
Enkhuizen Meteo
24 uur per dag live weeroverzicht voor de regio Enkhuizen en omgeving
                   MONTHLY CLIMATOLOGICAL SUMMARY for MAR. 2015 NAME: Enkhuizen Meteo   CITY: Enkhuizen   STATE: Netherlands ELEV:    -1 m  LAT:  52° 71' 45" N  LONG:   5° 27' 21" E                    TEMPERATURE (°C), RAIN  (mm), WIND SPEED (km/hr)                                       HEAT  COOL        AVG     MEAN                              DEG   DEG         WIND                 DOM DAY TEMP  HIGH   TIME   LOW    TIME   DAYS  DAYS  RAIN  SPEED HIGH   TIME    DIR ------------------------------------------------------------------------------------  1   7.9  10.4   14:00   5.8    4:25  10.3   0.0   8.8  19.0  62.8   22:55   WSW  2   5.6   9.2   13:05   2.8   18:55  12.8   0.0   2.2  16.6  69.2   16:35     W  3   4.4   5.7   17:25   3.2   20:30  13.9   0.0  10.2   9.0  45.1   12:50   WSW  4   5.3   8.0   13:35   3.1    0:40  13.0   0.0   0.6  11.4  48.3   14:20     W  5   6.1  10.7   13:40   2.2    6:35  12.1   0.0   0.0   4.2  30.6   13:10   WNW  6   7.2   9.8   13:25   5.4   22:35  10.8   0.0   0.0   5.8  35.4   17:15    SW  7   7.4  11.0   16:25   4.7    5:15  10.7   0.0   0.0  14.8  46.7   15:10    SW  8   8.5  14.4   13:50   5.7    7:25   9.7   0.0   0.8   9.3  35.4   16:05   SSW  9   7.9  10.6   14:25   4.6    7:20  10.4   0.0   0.2   5.8  30.6   20:05     S 10   7.8  11.5   13:15   3.3   00:00  10.3   0.0   0.4   7.6  33.8    1:15   NNW 11   5.1   9.5   13:50   0.6    7:20  12.6   0.0   0.0   1.1  17.7   11:00   SSW 12   7.4  11.2   13:55   3.8    4:25  10.9   0.0   0.0   5.1  25.7   10:05     E 13   5.2   7.4   13:10   2.7    7:40  13.1   0.0   0.0   9.7  32.2    0:30     E 14   4.7   5.9   18:15   2.9    7:45  13.7   0.0   0.0  12.2  35.4    5:50   ENE 15   5.9   7.3   15:35   4.4    7:35  12.4   0.0   0.0  10.5  33.8    5:05     E 16   7.6  11.3   16:15   5.0    7:15  10.7   0.0   0.0   7.1  22.5    0:30     E 17   8.7  13.8   16:35   4.1    4:55   9.6   0.0   0.0   1.4  20.9   13:55     E 18   6.4   8.1    0:05   5.0    4:05  11.9   0.0   0.0   7.1  30.6   16:15   NNW 19   7.6  11.3   13:45   5.2   23:45  10.7   0.0   0.0   6.4  30.6   14:20     N 20   5.2   6.7   12:25   4.0   22:20  13.1   0.0   0.0   2.9  20.9    2:30   NNE 21   6.6   9.8   14:30   4.7    0:05  11.7   0.0   2.0  11.3  41.8   11:35     N 22   5.0   6.7   13:45   3.4    8:15  13.3   0.0   0.0   7.4  38.6    0:35     E 23   5.1   8.5   15:05   1.6    4:40  13.1   0.0   0.0   2.4  30.6   14:10    SW 24   6.9  11.4   14:35   3.1    2:00  11.2   0.0   0.0   4.0  25.7    9:50    SW 25   6.0   6.9    0:05   5.3   22:40  12.2   0.0   7.4   6.0  24.1    9:20     N 26   5.6   7.7   11:20   2.8    5:35  12.7   0.0   3.4  10.1  49.9   18:05   SSW 27   6.8   8.7   12:50   3.9   23:55  11.4   0.0   1.2  10.6  49.9   10:50   WNW 28   7.2  10.1   17:45   3.6    1:45  11.2   0.0   2.0  12.6  51.5   18:55   SSW 29   8.9  10.7   17:45   6.6   21:10   9.0   0.0  11.4  18.7  85.3   18:00   WSW 30   7.6   9.4   15:00   6.3   00:00  10.8   0.0   0.8  19.3  59.5   12:45   WNW 31   8.1  10.1   16:00   5.9    0:30  10.2   0.0  18.4  26.7  90.1    9:20   WNW -------------------------------------------------------------------------------------      6.6  14.4     8     0.6    11   359.6   0.0  69.8   9.6  90.1    31       E Max >=  32.0:  0 Max <=   0.0:  0 Min <=   0.0:  0 Min <= -18.0:  0 Max Rain: 18.39 ON 31-03-15 Days of Rain: 15 (> .2 mm) 9 (> 2 mm) 0 (> 20 mm) Heat Base:  18.3  Cool Base:  18.3  Method: Integration
NOAA Overzicht - maart 2015