Deze pagina kan het beste bekeken worden met Google Chrome v61.0
Copyright 2001 - 2017,  Enkhuizen Meteo
H e t   l o k a l e   w e e r o v e r z i c h t   v o o r   d e   r e g i o   W e s t f r i e s l a n d
Enkhuizen Meteo
24 uur per dag live weeroverzicht voor de regio Enkhuizen en omgeving
                   MONTHLY CLIMATOLOGICAL SUMMARY for APR. 2015 NAME: Enkhuizen Meteo   CITY: Enkhuizen   STATE: Netherlands ELEV:    -1 m  LAT:  52° 71' 45" N  LONG:   5° 27' 21" E                    TEMPERATURE (°C), RAIN  (mm), WIND SPEED (km/hr)                                       HEAT  COOL        AVG     MEAN                              DEG   DEG         WIND                 DOM DAY TEMP  HIGH   TIME   LOW    TIME   DAYS  DAYS  RAIN  SPEED HIGH   TIME    DIR ------------------------------------------------------------------------------------  1   6.9   8.9   15:25   4.4    5:20  11.4   0.0   1.2  19.2  67.6   15:00   WNW  2   6.3   8.2   13:50   3.5    7:40  12.0   0.0   3.4  16.7  51.5    7:25   NNW  3   7.0  10.7   15:20   3.7    7:00  11.3   0.0   0.0   4.0  24.1   22:10   ENE  4   6.3   9.7   13:55   4.3    6:15  12.0   0.0   1.0   9.7  40.2   18:35     N  5   6.9  11.4   14:40   4.3    7:15  11.4   0.0   0.0   6.3  27.4   18:00     N  6   8.5  12.6   14:10   4.9    0:05   9.8   0.0   0.0   4.7  24.1    6:05   ENE  7   7.7  12.1   13:50   4.9    4:55  10.6   0.0   0.0   4.0  29.0   14:10   WNW  8   8.1  12.2   14:40   5.2    9:20  10.2   0.0   0.0   0.8  14.5   16:10   ENE  9  10.4  14.7   15:10   7.3    6:45   7.9   0.0   0.2   1.9  17.7   19:00   ENE 10  12.1  17.8   16:40   6.8    7:25   6.2   0.0   0.0   0.6  17.7   14:30   ENE 11  10.4  13.8   10:35   6.8   22:50   7.9   0.0   1.8   8.7  61.2   16:00   WSW 12  10.6  15.2   16:55   6.7    6:55   7.7   0.0   0.0  12.6  57.9   20:30    SW 13   8.9  13.7   15:15   4.8    6:00   9.4   0.0   1.4   5.3  35.4    0:35   WNW 14  12.0  18.7   15:00   7.4    0:10   6.3   0.0   0.0   7.7  38.6   13:45    SW 15  13.3  21.5   15:10   9.3    3:00   5.4   0.4   0.0  10.5  38.6   14:45    SW 16  10.1  13.2   15:05   8.0    6:50   8.2   0.0   0.0   7.7  27.4   15:10   ENE 17   9.1  12.6   14:10   7.5    6:55   9.2   0.0   0.0   9.8  37.0   16:35   ENE 18   9.5  14.1   14:10   6.7   23:30   8.8   0.0   0.0   9.8  33.8   15:30     N 19   9.6  13.6   15:50   5.8    7:00   8.7   0.0   0.0   1.9  24.1   13:50     N 20  11.2  14.6   15:00   8.2    6:15   7.1   0.0   0.0   6.9  32.2   16:55     N 21  10.2  13.1   11:50   7.7   23:50   8.2   0.0   0.0   8.2  37.0   18:05     N 22   9.2  11.6   15:05   6.1    4:45   9.1   0.0   0.0  10.6  35.4    6:40     N 23   9.7  13.1   14:20   7.2    6:45   8.6   0.0   0.0   5.0  20.9    0:30   ENE 24  12.8  19.1   15:25   7.5    6:40   5.5   0.0   0.0   6.3  32.2   14:10    SW 25  12.3  14.8   15:25  11.1   23:55   6.0   0.0   0.6  11.1  41.8   16:30    SW 26   9.7  11.4    1:15   7.8   23:45   8.7   0.0   0.8   7.4  27.4   11:00   ENE 27   8.8  12.1   13:15   5.9   00:00   9.5   0.0   0.0  10.0  33.8   12:20     N 28   8.0  12.2   13:05   4.4    3:00  10.3   0.0   0.0   8.9  41.8   13:35    SW 29   9.8  14.4   14:35   7.2    4:10   8.5   0.0   1.8   9.0  40.2   14:25   SSW 30   9.7  14.2   15:15   6.6    2:05   8.6   0.0   0.6  10.6  43.5   12:55    SW -------------------------------------------------------------------------------------      9.5  21.5    15     3.5     2   264.4   0.5  12.8   7.9  67.6     1       N Max >=  32.0:  0 Max <=   0.0:  0 Min <=   0.0:  0 Min <= -18.0:  0 Max Rain: 3.40 ON 02-04-15 Days of Rain: 10 (> .2 mm) 1 (> 2 mm) 0 (> 20 mm) Heat Base:  18.3  Cool Base:  18.3  Method: Integration
NOAA Overzicht - april 2015