Deze pagina kan het beste bekeken worden met Google Chrome v61.0
Copyright 2001 - 2017,  Enkhuizen Meteo
H e t   l o k a l e   w e e r o v e r z i c h t   v o o r   d e   r e g i o   W e s t f r i e s l a n d
Enkhuizen Meteo
24 uur per dag live weeroverzicht voor de regio Enkhuizen en omgeving
                   MONTHLY CLIMATOLOGICAL SUMMARY for MAY. 2015 NAME: Enkhuizen Meteo   CITY: Enkhuizen   STATE: Netherlands ELEV:    -1 m  LAT:  52° 71' 45" N  LONG:   5° 27' 21" E                    TEMPERATURE (°C), RAIN  (mm), WIND SPEED (km/hr)                                       HEAT  COOL        AVG     MEAN                              DEG   DEG         WIND                 DOM DAY TEMP  HIGH   TIME   LOW    TIME   DAYS  DAYS  RAIN  SPEED HIGH   TIME    DIR ------------------------------------------------------------------------------------  1   9.0  12.9   15:30   6.1    5:05   9.3   0.0   0.0   7.4  30.6   15:05     N  2  10.1  14.1   14:00   6.0    5:35   8.2   0.0   0.0   4.7  33.8   22:50   ENE  3  11.6  15.2   13:20   8.1    3:50   6.7   0.0   1.2   8.9  38.6   19:30     E  4  14.7  19.4   16:05  11.8    3:10   3.6   0.0   0.0   6.1  40.2   12:00   WSW  5  15.1  22.0   12:50  12.4   23:05   3.4   0.2  15.0  15.9  67.6   20:00   WSW  6  12.6  16.0   13:40   9.6   14:05   5.7   0.0   5.6  16.4  72.4   13:45    SW  7  12.7  16.8   15:40   9.9    4:30   5.6   0.0   0.6   9.2  59.5    0:05     W  8  14.1  19.3   14:50   9.7    2:00   4.2   0.0   0.0   2.4  19.3   10:00   ENE  9  13.4  15.7   14:15   9.0   00:00   4.9   0.0   2.0  13.5  56.3   15:30   WSW 10  12.9  17.8   15:00   6.7    6:10   5.4   0.0   0.0   1.9  30.6    1:30   WNW 11  17.8  24.9   15:25  13.7    6:05   2.0   1.5   0.0   8.2  41.8   16:00   SSE 12  14.9  18.6   12:50  11.8   00:00   3.4   0.0   0.2   9.7  51.5   15:55   WSW 13  12.8  17.6   14:05  10.1   23:55   5.5   0.0   0.0   8.7  32.2   15:35     N 14  11.7  15.2   13:10   9.2   23:55   6.6   0.0   0.0   7.6  35.4   21:45   ENE 15   9.8  13.6   15:00   7.4   00:00   8.5   0.0   0.0   8.4  32.2    0:10   ENE 16  10.9  15.3   16:10   7.0    1:05   7.4   0.0   1.4   9.8  43.5   16:50    SW 17  12.5  16.7   14:30   9.0    0:05   5.8   0.0   0.0   8.0  43.5   12:30     W 18  11.6  13.4   19:30   9.4   22:45   6.7   0.0   3.4  13.2  64.4   20:00    SW 19  11.3  15.2   14:40   8.3    5:15   7.0   0.0   2.4  10.9  45.1   14:50    SW 20  11.1  15.8   13:20   7.9    3:55   7.2   0.0   2.8   7.4  33.8   14:55     W 21  12.7  17.5   14:35   7.2    6:10   5.6   0.0   0.0   3.2  29.0   13:55   WNW 22  15.6  21.4   15:40  12.7    0:05   3.0   0.3   0.0   2.9  30.6   14:15    SW 23  12.7  14.8   13:40   9.7   23:50   5.6   0.0   0.4   5.0  41.8   15:55     N 24  12.8  19.3   16:20   7.1    5:15   5.6   0.0   0.0   1.4  22.5   18:15     W 25  12.6  14.7   13:15  10.8   23:55   5.7   0.0   0.2   2.6  30.6   17:50    NW 26  12.1  15.4   14:00  10.0    6:50   6.2   0.0   1.0   8.7  38.6   15:50     N 27  13.4  18.9   15:00   8.6    4:40   4.9   0.0   0.0   1.3  22.5   10:50     W 28  13.5  17.4   14:50  10.7   00:00   4.8   0.0   0.8   0.0   1.6    0:05    SW 29  11.7  14.4   15:15   9.1   23:00   6.5   0.0   7.6   0.0   4.8   10:15   SSW 30  11.1  15.4   14:55   7.5    4:35   7.2   0.0   3.2   0.0   3.2    7:55     W 31  12.8  15.7   12:20  10.1   23:40   5.5   0.0  10.0   0.0   1.6    6:35   SSW -------------------------------------------------------------------------------------     12.6  24.9    11     6.0     2   177.6   2.1  57.8   6.6  72.4     6      SW Max >=  32.0:  0 Max <=   0.0:  0 Min <=   0.0:  0 Min <= -18.0:  0 Max Rain: 15.01 ON 05-05-15 Days of Rain: 17 (> .2 mm) 9 (> 2 mm) 0 (> 20 mm) Heat Base:  18.3  Cool Base:  18.3  Method: Integration
NOAA Overzicht - mei 2015