Deze pagina kan het beste bekeken worden met Google Chrome v61.0
Copyright 2001 - 2017,  Enkhuizen Meteo
H e t   l o k a l e   w e e r o v e r z i c h t   v o o r   d e   r e g i o   W e s t f r i e s l a n d
Enkhuizen Meteo
24 uur per dag live weeroverzicht voor de regio Enkhuizen en omgeving
                   MONTHLY CLIMATOLOGICAL SUMMARY for JUN. 2015 NAME: Enkhuizen Meteo   CITY: Enkhuizen   STATE: Netherlands ELEV:    -1 m  LAT:  52° 71' 45" N  LONG:   5° 27' 21" E                    TEMPERATURE (°C), RAIN  (mm), WIND SPEED (km/hr)                                       HEAT  COOL        AVG     MEAN                              DEG   DEG         WIND                 DOM DAY TEMP  HIGH   TIME   LOW    TIME   DAYS  DAYS  RAIN  SPEED HIGH   TIME    DIR ------------------------------------------------------------------------------------  1  12.7  17.6   15:25   7.1    5:45   5.6   0.0   0.0   0.0   1.6    0:15   WSW  2  14.6  17.2   19:20  11.7    8:20   3.7   0.0   1.0   0.0   1.6    4:10    SW  3  15.0  18.6   15:05  11.4   00:00   3.3   0.0   0.0   0.0   0.0     ---   ---  4  15.2  19.9   14:10   8.9    4:40   3.4   0.2   0.0   0.0   0.0     ---   ---  5  20.4  30.6   15:05  13.9    4:55   1.3   3.5   3.8   0.0   1.6   19:50   NNW  6  16.4  19.5   15:45  13.5   23:55   2.0   0.1   0.0   0.0   0.0     ---   ---  7  14.7  18.8   14:15  11.7   23:45   3.7   0.0   0.0   0.0   0.0     ---   ---  8  13.3  16.6   13:00  11.4   23:55   4.9   0.0   0.0   0.0   0.0     ---   ---  9  12.2  14.1   16:00  10.7    4:15   6.1   0.0   0.0   0.0   0.0     ---   --- 10  15.1  19.9   15:10  10.8    3:00   3.4   0.2   0.0   0.0   0.0     ---   --- 11  16.6  21.9   16:20  12.2    5:30   2.5   0.9   0.0   0.0   0.0     ---   --- 12  19.7  25.2   14:10  13.8    4:20   1.4   2.7   0.0   0.0   0.0     ---   --- 13  17.5  20.4    0:05  13.8   23:55   1.3   0.5   0.6   0.0   0.0     ---   --- 14  14.2  15.5   14:50  12.2   23:35   4.1   0.0   0.0   0.0  16.1   21:00     N 15  13.4  16.9   13:05  10.7    5:25   4.9   0.0   0.0   3.9  32.2   16:40     N 16  13.4  17.4   15:15  10.9    4:45   4.9   0.0   3.4   4.5  22.5   18:20   ENE 17  15.7  20.9   14:40  10.6    3:35   3.0   0.4   3.6   8.9  48.3   15:00    SW 18  14.5  16.5   14:25  12.1   22:50   3.8   0.0   0.6   9.3  35.4   15:50    NW 19  13.2  15.9   14:30  11.3   23:45   5.1   0.0   0.8   8.7  37.0   16:10   WNW 20  13.0  14.8   17:30  10.9    3:50   5.3   0.0   0.0   4.8  25.7    5:25   WNW 21  14.7  19.8   14:50  12.9    4:05   3.6   0.1   0.4   6.8  33.8   16:45   WNW 22  13.9  16.7   11:20  11.1   00:00   4.4   0.0   7.2   6.3  32.2    9:35   WNW 23  12.4  13.9   12:30  10.3    5:15   5.8   0.0   1.6   9.0  41.8   10:50    NW 24  15.7  21.3   15:50  11.9    4:45   3.0   0.4   0.0   7.1  40.2   17:30   WNW 25  18.7  24.6   15:00  14.6    0:45   1.1   1.6   0.0   6.3  25.7    8:35    SW 26  19.6  23.2   13:05  16.3    5:15   0.5   1.8   0.0   2.9  29.0   23:00   SSE 27  18.3  21.7   14:35  14.4   00:00   0.8   0.8   0.4   8.2  33.8   17:55   WNW 28  17.1  20.3   16:40  13.0    3:40   1.7   0.5   1.0   3.5  25.7    9:00     W 29  18.6  23.1   12:20  14.6    5:20   0.9   1.3   0.0   4.5  24.1   13:50     N 30  20.1  24.8   14:35  14.7    4:50   0.8   2.6   0.0   4.3  27.4   00:00   ENE -------------------------------------------------------------------------------------     15.7  30.6     5     7.1     1    96.7  17.4  24.4   3.3  48.3    17     WNW Max >=  32.0:  0 Max <=   0.0:  0 Min <=   0.0:  0 Min <= -18.0:  0 Max Rain: 7.19 ON 22-06-15 Days of Rain: 12 (> .2 mm) 4 (> 2 mm) 0 (> 20 mm) Heat Base:  18.3  Cool Base:  18.3  Method: Integration
NOAA Overzicht - juni 2015