Deze pagina kan het beste bekeken worden met Google Chrome v61.0
Copyright 2001 - 2017,  Enkhuizen Meteo
H e t   l o k a l e   w e e r o v e r z i c h t   v o o r   d e   r e g i o   W e s t f r i e s l a n d
Enkhuizen Meteo
24 uur per dag live weeroverzicht voor de regio Enkhuizen en omgeving
                   MONTHLY CLIMATOLOGICAL SUMMARY for JUL. 2015 NAME: Enkhuizen Meteo   CITY: Enkhuizen   STATE: Netherlands ELEV:    -1 m  LAT:  52° 71' 45" N  LONG:   5° 27' 21" E                    TEMPERATURE (°C), RAIN  (mm), WIND SPEED (km/hr)                                       HEAT  COOL        AVG     MEAN                              DEG   DEG         WIND                 DOM DAY TEMP  HIGH   TIME   LOW    TIME   DAYS  DAYS  RAIN  SPEED HIGH   TIME    DIR ------------------------------------------------------------------------------------  1  24.3  31.2   16:05  17.6    6:35   0.0   6.1   0.0   7.1  25.7    1:10   ENE  2  25.4  34.1   14:30  20.8   23:50   0.0   7.1   3.2   7.2  37.0   16:35   SSE  3  22.9  26.3   14:40  18.9    5:45   0.0   4.6   0.0   4.3  22.5   19:20   ENE  4  25.2  33.1   13:30  19.7   00:00   0.0   6.9   0.0   7.7  29.0   13:45   ENE  5  20.1  25.3   15:10  16.7   23:55   0.2   1.9   9.2   5.1  51.5   16:40    SW  6  19.0  23.0   16:25  15.3    5:45   0.7   1.4   0.2   8.9  35.4   15:35   WSW  7  20.8  26.3   16:25  16.6    2:05   0.2   2.7   0.0   8.7  48.3   20:20   WSW  8  16.7  19.4   13:55  13.2   23:45   1.7   0.1   5.0  11.3  40.2   17:55     W  9  14.7  17.7   13:15  12.0   00:00   3.6   0.0   0.2  11.6  40.2   15:10    NW 10  17.4  23.7   16:25  11.2    2:45   2.3   1.5   0.0   5.1  27.4   12:15     W 11  21.0  27.6   17:15  17.7   00:00   0.0   2.8   0.0   5.8  25.7   18:35   SSE 12  18.3  20.5   14:35  17.0   16:45   0.3   0.3   0.2   9.0  40.2   16:20   WSW 13  17.8  19.2   17:05  16.8    9:45   0.6   0.1  14.0   7.1  30.6   13:05     W 14  17.7  19.8   12:30  15.4   00:00   0.7   0.1   3.4   7.1  32.2    1:05   WNW 15  17.2  20.0   16:35  14.7    4:20   1.4   0.3   2.0   5.8  29.0   15:30     W 16  18.8  22.4   14:40  14.9    5:50   0.9   1.4   0.0   5.1  27.4    1:35   ENE 17  21.0  24.8   15:15  17.7    3:50   0.1   2.8   0.4  15.0  56.3   15:50   WSW 18  18.9  22.6   15:30  16.1   23:45   0.5   1.1   0.0   7.2  35.4   12:25   WSW 19  17.1  21.2   16:25  14.7   00:00   1.6   0.3   4.6   8.4  40.2   15:15   SSE 20  17.6  23.0   14:00  12.1    6:15   1.7   1.0   1.6   4.8  35.4   23:25   SSE 21  20.7  25.1   15:15  17.4   00:00   0.0   2.4   1.0  11.6  43.5    4:15   WSW 22  19.7  23.5   16:30  16.7    3:30   0.4   1.8   0.0   8.4  33.8   13:35     W 23  18.4  22.1   16:15  15.3    5:20   0.8   0.9   0.0   6.3  29.0   11:05   WNW 24  19.2  22.4   14:40  15.0    3:00   0.6   1.5   0.0   3.9  25.7   22:50   ENE 25  16.7  19.6   13:05  12.6   00:00   1.8   0.2  14.4  14.2  72.4   15:00    NW 26  15.2  21.0   14:25  10.9    4:50   3.4   0.3   4.2   7.2  41.8   23:05    SW 27  16.6  19.2   17:15  14.3    0:05   1.9   0.1  17.8  14.2  49.9   18:40     W 28  16.3  18.8   16:35  14.3    5:30   2.0   0.0   1.8  12.2  48.3   16:30     W 29  14.6  17.1   14:35  12.0    5:25   3.8   0.0   6.0  12.2  53.1   18:25     W 30  15.0  19.6   13:55  11.9    5:30   3.4   0.1   0.2   9.5  35.4   14:25   WNW 31  14.9  18.8   14:00   9.9    6:05   3.4   0.0   0.0   3.2  19.3    9:20   ENE -------------------------------------------------------------------------------------     18.7  34.1     2     9.9    31    37.9  50.0  89.4   8.2  72.4    25       W Max >=  32.0:  2 Max <=   0.0:  0 Min <=   0.0:  0 Min <= -18.0:  0 Max Rain: 17.81 ON 27-07-15 Days of Rain: 19 (> .2 mm) 11 (> 2 mm) 0 (> 20 mm) Heat Base:  18.3  Cool Base:  18.3  Method: Integration
NOAA Overzicht - juli 2015