Deze pagina kan het beste bekeken worden met Google Chrome v61.0
Copyright 2001 - 2017,  Enkhuizen Meteo
H e t   l o k a l e   w e e r o v e r z i c h t   v o o r   d e   r e g i o   W e s t f r i e s l a n d
Enkhuizen Meteo
24 uur per dag live weeroverzicht voor de regio Enkhuizen en omgeving
                   MONTHLY CLIMATOLOGICAL SUMMARY for AUG. 2015 NAME: Enkhuizen Meteo   CITY: Enkhuizen   STATE: Netherlands ELEV:    -1 m  LAT:  52° 71' 45" N  LONG:   5° 27' 21" E                    TEMPERATURE (°C), RAIN  (mm), WIND SPEED (km/hr)                                       HEAT  COOL        AVG     MEAN                              DEG   DEG         WIND                 DOM DAY TEMP  HIGH   TIME   LOW    TIME   DAYS  DAYS  RAIN  SPEED HIGH   TIME    DIR ------------------------------------------------------------------------------------  1  17.0  21.3   14:00  13.5    6:25   1.9   0.6   0.0   2.6  17.7   14:15   ENE  2  18.6  23.7   16:30  13.4    4:20   1.4   1.7   0.0   3.4  22.5   13:15    SW  3  21.9  29.7   14:25  17.0    5:35   0.2   3.8   0.0   6.3  30.6   16:10   SSE  4  18.6  20.7   16:30  15.9   00:00   0.3   0.6  11.6   6.0  38.6   18:05   WSW  5  19.1  23.6   14:50  14.6    6:25   1.1   1.9   0.0   5.8  25.7   11:05    SW  6  21.6  29.0   14:40  17.4   00:00   0.0   3.3   0.0   5.3  30.6   16:25   SSE  7  19.8  26.2   13:25  15.8    5:15   0.7   2.2   0.0   4.2  22.5   19:05     N  8  18.8  22.2   13:35  16.7    7:20   0.3   0.8   0.0   8.5  30.6   15:25     N  9  19.3  24.7   14:50  15.0    6:10   1.0   2.1   0.0   2.6  22.5    7:00   ENE 10  21.0  25.0   12:50  18.4   00:00   0.0   2.7   0.0   2.4  19.3   12:50   WNW 11  20.2  24.0   13:40  17.7    3:55   0.1   2.0   0.0   3.7  22.5   21:10   ENE 12  19.2  22.1   15:25  17.7   23:50   0.1   1.0   0.0   8.9  27.4   20:55   ENE 13  21.1  25.7   14:45  16.5    5:10   0.4   3.2   0.0  10.0  45.1   23:05   ENE 14  21.9  25.4   17:00  18.6    8:15   0.0   3.6  11.8   4.5  38.6   13:35   SSE 15  19.3  21.9   12:05  17.0   23:40   0.2   1.2   8.6   6.1  30.6   20:25   NNW 16  15.7  17.2    0:10  14.3   20:40   2.6   0.0  12.4  10.0  30.6   12:30     N 17  14.8  16.6   22:45  13.2    6:25   3.5   0.0  44.8  10.1  37.0    3:45   WNW 18  16.1  17.2   18:15  15.3   10:05   2.2   0.0   1.8   8.5  33.8   12:45    SW 19  17.7  21.9   15:35  14.3    3:35   1.4   0.8   0.2   5.6  24.1   14:15   SSE 20  20.0  25.3   15:00  16.6    3:45   0.5   2.2   0.0   4.5  24.1   11:05   SSE 21  20.9  25.4   14:45  16.4    3:05   0.3   3.0   0.0   2.4  17.7   12:10   SSE 22  22.1  27.1   14:50  18.6    6:40   0.0   3.7   0.0   5.1  27.4   14:15   SSE 23  21.2  26.2   15:10  17.5    7:25   0.1   3.0   1.2   8.7  33.8   12:20   ENE 24  19.3  22.2   14:50  17.5    4:05   0.2   1.2   1.0   6.4  46.7   17:30   SSE 25  17.4  20.8   14:45  14.8   22:10   1.3   0.4   4.6  14.5  53.1   19:05     W 26  19.4  23.8   16:10  16.2    0:05   0.5   1.6  29.8  13.5  59.5   21:00   SSW 27  16.4  18.6    3:00  14.9   00:00   1.9   0.0  22.6  11.4  46.7   13:50    SW 28  17.0  21.9   13:50  14.1    4:10   1.9   0.6   0.4   6.8  27.4   13:10    SW 29  18.1  23.1   15:30  14.9    1:00   1.2   1.0   0.0   4.0  20.9    9:40    SW 30  19.1  23.4   15:30  15.8    3:40   0.6   1.4   2.0   8.0  25.7   13:10   ENE 31  19.6  24.3   14:30  17.3    3:00   0.1   1.3  28.8   5.0  38.6   17:10   ENE -------------------------------------------------------------------------------------     19.1  29.7     3    13.2    17    26.0  51.0 181.6   6.6  59.5    26     ENE Max >=  32.0:  0 Max <=   0.0:  0 Min <=   0.0:  0 Min <= -18.0:  0 Max Rain: 44.81 ON 17-08-15 Days of Rain: 15 (> .2 mm) 10 (> 2 mm) 4 (> 20 mm) Heat Base:  18.3  Cool Base:  18.3  Method: Integration
NOAA Overzicht - augustus 2015