Deze pagina kan het beste bekeken worden met Google Chrome v61.0
Copyright 2001 - 2017,  Enkhuizen Meteo
H e t   l o k a l e   w e e r o v e r z i c h t   v o o r   d e   r e g i o   W e s t f r i e s l a n d
Enkhuizen Meteo
24 uur per dag live weeroverzicht voor de regio Enkhuizen en omgeving
                   MONTHLY CLIMATOLOGICAL SUMMARY for SEP. 2015 NAME: Enkhuizen Meteo   CITY: Enkhuizen   STATE: Netherlands ELEV:    -1 m  LAT:  52° 71' 45" N  LONG:   5° 27' 21" E                    TEMPERATURE (°C), RAIN  (mm), WIND SPEED (km/hr)                                       HEAT  COOL        AVG     MEAN                              DEG   DEG         WIND                 DOM DAY TEMP  HIGH   TIME   LOW    TIME   DAYS  DAYS  RAIN  SPEED HIGH   TIME    DIR ------------------------------------------------------------------------------------  1  16.4  19.6   15:40  13.3   00:00   1.9   0.1   0.8  10.8  38.6   15:50   NNW  2  14.1  16.9   16:50  11.2   00:00   4.3   0.0   8.6   5.5  33.8   12:20     W  3  12.8  15.8   15:50  10.7    6:50   5.5   0.0   4.2   4.5  29.0   12:25     W  4  14.0  16.4   12:20  12.4    0:25   4.3   0.0  24.0  10.6  48.3   12:15   WSW  5  13.9  16.4   12:30  11.4   22:50   4.4   0.0   7.2  12.2  51.5   12:30    NW  6  13.7  17.4   14:25  11.4    3:15   4.6   0.0   1.6  12.1  41.8    2:05    NW  7  14.8  18.4   15:00  12.9    0:05   3.5   0.0   2.6   9.8  33.8   12:30     N  8  14.8  17.9   15:25  13.0    6:45   3.5   0.0   1.2   6.3  25.7    2:10     N  9  15.6  19.1   13:40  12.5    6:15   2.8   0.1   0.0   5.1  27.4   23:55   ENE 10  15.6  19.9   14:25  12.9    7:30   2.8   0.1   0.0   7.7  25.7   22:55   ENE 11  15.6  19.5   14:35  12.1    8:00   2.8   0.1   0.0   6.3  24.1    2:30   ENE 12  15.8  19.3   16:40  13.1    6:05   2.6   0.1   0.2   5.6  27.4   12:00   SSE 13  16.8  19.3   13:30  15.0    8:15   1.5   0.1   0.2   5.6  30.6   22:10    SW 14  15.6  19.3   14:20  13.4   19:40   2.7   0.0  14.4  10.0  45.1   22:05   SSE 15  13.2  16.3   13:20  11.8    7:10   5.1   0.0  13.2  17.2  59.5   16:20    SW 16  14.7  17.4   16:25  12.7    9:40   3.6   0.0   5.6   9.3  43.5   23:35   SSE 17  14.7  15.9    0:05  12.8   22:00   3.6   0.0  16.8   9.7  45.1    4:40    SW 18  14.6  18.6   15:45  12.2    7:15   3.7   0.0   0.0   7.1  33.8   13:20    SW 19  14.6  17.6   15:35  11.8   23:55   3.7   0.0   0.2   5.1  24.1    9:35     N 20  14.4  18.6   16:15  11.1    6:15   3.9   0.0   0.0   3.9  29.0   13:25   WNW 21  15.4  17.9   14:30  13.6   23:40   2.9   0.0   4.2   7.4  41.8   22:50    SW 22  13.1  15.8   13:25  10.4   00:00   5.3   0.0   5.8   5.3  38.6    2:00    SW 23  12.3  18.7   14:25   8.4    7:50   6.0   0.0   3.8   1.6  20.9   17:30   WNW 24  13.3  14.6   10:50  11.3    0:05   5.0   0.0   4.0  10.0  41.8    9:40    SW 25  13.4  18.6   13:40   9.8   00:00   4.9   0.0   0.6   4.0  27.4    0:35   WNW 26  12.3  18.3   13:50   7.4    7:40   5.9   0.0   0.0   3.2  20.9   14:50   ENE 27  13.7  18.7   13:50   8.9    7:40   4.6   0.0   0.0   4.0  25.7   15:35   ENE 28  14.1  16.7   13:40  11.9    7:40   4.2   0.0   0.0   4.3  20.9   17:35   ENE 29  13.9  18.2   14:10  11.4    7:35   4.3   0.0   0.0   7.7  29.0   20:25   ENE 30  13.8  18.7   14:10  11.0    7:35   4.5   0.0   0.0   8.7  29.0    1:00   ENE -------------------------------------------------------------------------------------     14.4  19.9    10     7.4    26   118.6   0.5 119.2   7.4  59.5    15     ENE Max >=  32.0:  0 Max <=   0.0:  0 Min <=   0.0:  0 Min <= -18.0:  0 Max Rain: 24.00 ON 04-09-15 Days of Rain: 20 (> .2 mm) 13 (> 2 mm) 1 (> 20 mm) Heat Base:  18.3  Cool Base:  18.3  Method: Integration
NOAA Overzicht - september 2015