Deze pagina kan het beste bekeken worden met Google Chrome v61.0
Copyright 2001 - 2017,  Enkhuizen Meteo
H e t   l o k a l e   w e e r o v e r z i c h t   v o o r   d e   r e g i o   W e s t f r i e s l a n d
Enkhuizen Meteo
24 uur per dag live weeroverzicht voor de regio Enkhuizen en omgeving
                   MONTHLY CLIMATOLOGICAL SUMMARY for OCT. 2015 NAME: Enkhuizen Meteo   CITY: Enkhuizen   STATE: Netherlands ELEV:    -1 m  LAT:  52° 71' 45" N  LONG:   5° 27' 21" E                    TEMPERATURE (°C), RAIN  (mm), WIND SPEED (km/hr)                                       HEAT  COOL        AVG     MEAN                              DEG   DEG         WIND                 DOM DAY TEMP  HIGH   TIME   LOW    TIME   DAYS  DAYS  RAIN  SPEED HIGH   TIME    DIR ------------------------------------------------------------------------------------  1  13.6  17.8   13:40  11.0    7:55   4.7   0.0   0.0   7.6  24.1   22:05   ENE  2  13.1  16.3   14:40  10.2    8:15   5.2   0.0   0.0   6.1  22.5   14:40   ENE  3  12.6  16.7   15:25   9.7    8:40   5.7   0.0   0.0   3.4  20.9    2:10   ENE  4  12.4  16.3   15:30  10.2   23:50   5.9   0.0   0.0   2.3  24.1   15:55    SW  5  13.6  16.8   16:25   9.4    3:20   4.7   0.0   0.2   4.8  25.7   13:05   SSE  6  14.7  16.2   18:35  13.2    9:20   3.6   0.0   6.4   4.2  24.1   23:10   SSE  7  15.5  17.8   15:00  14.3    8:35   2.8   0.0   5.6   9.2  38.6   12:20   SSW  8  14.1  15.8   15:20  12.1   00:00   4.3   0.0   0.4   3.1  22.5   14:05     W  9  13.6  16.8   12:45  11.8    0:40   4.7   0.0   0.2   2.6  17.7   14:35   ENE 10  12.7  15.3   14:40   9.3   00:00   5.6   0.0   0.0   8.0  30.6   22:05   ENE 11   8.4  10.9   14:15   5.3    8:40   9.9   0.0   0.0  12.6  38.6   22:25     E 12   6.8   9.3   15:10   4.4    7:55  10.9   0.0   0.0   7.6  30.6    1:50   ENE 13   7.0   9.1   17:15   4.9    9:00  11.3   0.0   0.0  11.4  38.6    9:55   ENE 14   7.8   8.9    3:30   6.1   20:05  10.5   0.0   3.0   7.9  40.2   12:50   ENE 15   7.8   9.4   22:00   6.2    1:05  10.5   0.0  14.8   5.5  24.1   23:20   ENE 16   8.4  10.0   21:00   7.3    7:20   9.8   0.0   5.0   5.0  24.1    6:10   ENE 17   9.3   9.9    1:00   8.6   22:50   8.9   0.0   1.2   1.8  16.1   15:25   SSE 18   9.2  12.1   15:40   5.8    5:20   9.1   0.0   2.4   2.4  17.7   15:45     N 19  10.9  12.3   15:20   9.1   21:15   7.4   0.0   0.0   2.7  14.5    0:15     N 20  10.4  12.6   16:00   8.1   21:30   7.9   0.0   1.2   3.5  25.7    7:35     N 21  10.1  12.1   14:45   8.1    2:15   8.3   0.0   0.6   7.4  30.6   14:35    SW 22  12.2  14.8   14:10  10.8    3:05   6.1   0.0   1.4   7.4  32.2   14:25   WNW 23  11.4  13.1   15:55   8.7    7:55   6.8   0.0   0.0   2.7  19.3   17:00    SW 24  11.7  12.9   15:40  10.7    8:10   6.6   0.0   0.0   6.1  25.7    9:30   SSW 25  10.7  14.7   12:30   6.9   23:40   7.6   0.0   0.2   1.8  24.1    4:40    NW 26  11.1  15.8   13:30   6.9    0:05   7.2   0.0   0.0   4.2  25.7   19:55   ENE 27  10.4  13.2   13:40   8.6    7:30   7.9   0.0   0.0   5.1  25.7    5:35   ENE 28   9.7  10.9   23:35   8.1    7:45   8.7   0.0   1.2   4.7  25.7    9:10   SSE 29  11.3  13.2   13:50   9.9   22:55   7.0   0.0   0.0   3.9  24.1   10:35   SSE 30  11.0  13.2   14:15   9.2    4:45   7.3   0.0   0.2   6.1  24.1    8:00   SSE 31  10.7  13.9   13:35   8.5    7:00   7.7   0.0   0.0   4.7  25.7    9:25   SSE -------------------------------------------------------------------------------------     11.0  17.8     7     4.4    12   224.7   0.0  44.0   5.3  40.2    14     ENE Max >=  32.0:  0 Max <=   0.0:  0 Min <=   0.0:  0 Min <= -18.0:  0 Max Rain: 14.81 ON 15-10-15 Days of Rain: 16 (> .2 mm) 6 (> 2 mm) 0 (> 20 mm) Heat Base:  18.3  Cool Base:  18.3  Method: Integration
NOAA Overzicht - oktober 2016