Deze pagina kan het beste bekeken worden met Google Chrome v61.0
Copyright 2001 - 2017,  Enkhuizen Meteo
H e t   l o k a l e   w e e r o v e r z i c h t   v o o r   d e   r e g i o   W e s t f r i e s l a n d
Enkhuizen Meteo
24 uur per dag live weeroverzicht voor de regio Enkhuizen en omgeving
                   MONTHLY CLIMATOLOGICAL SUMMARY for NOV. 2015 NAME: Enkhuizen Meteo   CITY: Enkhuizen   STATE: Netherlands ELEV:    -1 m  LAT:  52° 71' 45" N  LONG:   5° 27' 21" E                    TEMPERATURE (°C), RAIN  (mm), WIND SPEED (km/hr)                                       HEAT  COOL        AVG     MEAN                              DEG   DEG         WIND                 DOM DAY TEMP  HIGH   TIME   LOW    TIME   DAYS  DAYS  RAIN  SPEED HIGH   TIME    DIR ------------------------------------------------------------------------------------  1   8.7  10.2   13:40   7.5   20:15   9.6   0.0   0.2   1.9  12.9    2:05   SSW  2   7.8   9.0   16:10   6.7    6:25  10.5   0.0   0.2   2.6  20.9   18:50   SSE  3  10.0  14.4   13:45   6.6    5:50   8.3   0.0   0.2   4.2  17.7    6:35   SSE  4  12.1  14.3   13:35  10.4    7:35   6.2   0.0   0.2   6.4  24.1   13:10   SSE  5  12.4  13.9   19:15  11.1    6:55   5.9   0.0   4.2   9.3  32.2   18:05   SSW  6  14.0  15.8   20:55  12.7    5:55   4.3   0.0   8.4  10.8  43.5   21:05   SSW  7  15.2  17.7   17:15  13.6    7:00   3.1   0.0   3.2  13.2  56.3   18:50     W  8  12.4  16.1   23:45   8.7    7:35   5.9   0.0   0.4   9.0  37.0    0:20     S  9  13.3  16.1    0:05  11.7    7:40   4.9   0.0   7.6  15.0  56.3   22:55   WSW 10  15.0  16.5   12:25  14.1   21:55   3.3   0.0   2.0  18.0  49.9    3:15   WSW 11  13.6  14.4   12:10  12.6   19:35   4.8   0.0   3.0  13.4  38.6    2:30   WSW 12  13.5  16.5   12:50  12.1    8:10   4.8   0.0   0.0   9.7  33.8    0:50   WSW 13  11.4  13.8    6:50   6.3   21:20   6.9   0.0   8.8  15.3  64.4   21:05     W 14   9.4  12.5   00:00   7.8    5:20   8.9   0.0   8.8  14.3  49.9    3:40     W 15  14.1  14.8   16:35  12.5    0:05   4.2   0.0  11.0  20.1  64.4   12:55     W 16  12.5  13.8    0:20  10.3   20:00   5.8   0.0   1.0  13.7  49.9    4:55   WSW 17  12.5  15.1   20:45  10.4    4:05   5.8   0.0  15.0  13.5  66.0   20:55   WSW 18  12.6  14.2   13:25  10.1    8:35   5.8   0.0   2.4  22.0  77.2    4:10   WSW 19  11.4  13.2    1:10   8.8   20:50   6.9   0.0   3.4  15.9  57.9    6:05     W 20   7.4   9.3    1:40   5.0   22:20  10.8   0.0   8.4   9.2  40.2    6:10     W 21   5.6   7.9   11:35   3.6    6:40  12.7   0.0  18.2  10.0  53.1   19:40     N 22   5.0   7.7   13:05   3.4   19:50  13.3   0.0   1.2  12.4  62.8    6:00     N 23   5.3   7.7   13:15   1.3    8:55  12.7   0.0   0.2   8.2  38.6   00:00    SW 24   5.2   6.5   23:45   4.2    8:20  12.9   0.0  11.8  21.4  64.4   12:25    SW 25   6.3   8.4   13:30   4.7    5:25  11.9   0.0   5.0   4.8  33.8   11:40   NNW 26   6.2  10.5   12:35   2.7    8:50  12.1   0.0   0.8   2.9  29.0    4:50    NW 27   6.1   6.8   14:55   5.3    2:50  12.2   0.0   1.0  15.4  51.5   21:30   SSW 28   6.8   9.1   11:35   5.2    9:05  11.5   0.0  10.8  17.7  57.9   20:35    SW 29  10.3  12.4   18:30   7.8    0:05   8.0   0.0   2.8  19.5  72.4   16:10   WSW 30   8.8  12.1   21:20   6.6   12:40   9.5   0.0  11.8  17.4  57.9    0:10   WNW -------------------------------------------------------------------------------------     10.2  17.7     7     1.3    23   243.6   0.0 152.0  12.2  77.2    18     WSW Max >=  32.0:  0 Max <=   0.0:  0 Min <=   0.0:  0 Min <= -18.0:  0 Max Rain: 18.21 ON 21-11-15 Days of Rain: 29 (> .2 mm) 19 (> 2 mm) 0 (> 20 mm) Heat Base:  18.3  Cool Base:  18.3  Method: Integration
NOAA Overzicht - november 2015