Deze pagina kan het beste bekeken worden met Google Chrome v61.0
Copyright 2001 - 2017,  Enkhuizen Meteo
H e t   l o k a l e   w e e r o v e r z i c h t   v o o r   d e   r e g i o   W e s t f r i e s l a n d
Enkhuizen Meteo
24 uur per dag live weeroverzicht voor de regio Enkhuizen en omgeving
                   MONTHLY CLIMATOLOGICAL SUMMARY for DEC. 2015 NAME: Enkhuizen Meteo   CITY: Enkhuizen   STATE: Netherlands ELEV:    -1 m  LAT:  52° 71' 45" N  LONG:   5° 27' 21" E                    TEMPERATURE (°C), RAIN  (mm), WIND SPEED (km/hr)                                       HEAT  COOL        AVG     MEAN                              DEG   DEG         WIND                 DOM DAY TEMP  HIGH   TIME   LOW    TIME   DAYS  DAYS  RAIN  SPEED HIGH   TIME    DIR ------------------------------------------------------------------------------------  1   8.8  12.3   23:30   5.2    8:20   9.5   0.0   0.8   7.9  35.4   19:05   WSW  2  10.8  12.3    0:15   9.2    9:55   7.5   0.0   0.0  12.7  35.4    1:30    SW  3   9.2  10.1   15:20   8.6    2:15   9.1   0.0   0.2  12.9  40.2   23:25   SSW  4   9.5  11.2   12:25   7.6    9:00   8.8   0.0   3.6  16.1  53.1    3:00    SW  5   8.8   9.8    1:45   8.1   15:20   9.5   0.0   0.0  25.3  56.3   14:00    SW  6  10.7  12.9   15:05   8.2    0:05   7.6   0.0   0.6  21.4  57.9   15:45    SW  7  10.4  12.1    0:05   9.6   20:55   7.9   0.0   0.6   8.0  30.6   23:25   SSW  8   9.8  11.4   12:30   8.7    7:50   8.5   0.0   5.0  12.4  41.8   11:25     S  9   8.2  10.4   12:30   6.1    8:55  10.0   0.0   0.0  11.3  43.5   19:40    SW 10   6.9   7.8   15:45   6.0   00:00  11.4   0.0   1.6  21.6  53.1   10:20    SW 11   7.9   9.3   13:05   5.9    0:15  10.4   0.0   5.4  13.7  45.1    6:30    SW 12   7.7  11.2   23:38   5.7    9:05  10.3   0.0  10.6  13.5  72.4   21:30     W 13   7.4  11.5    0:39   4.8    9:18  10.9   0.0   1.4   5.3  56.3    0:49    SW 14   7.4   8.6   15:35   6.3    2:51  10.9   0.0   0.0   5.6  22.5   16:49   SSE 15   7.1   8.8   12:25   6.3    5:25  11.1   0.0   0.0   4.7  27.4   22:26    SE 16  10.1  12.3   23:59   7.9    0:01   8.2   0.0   4.4  10.8  30.6    5:50   WSW 17  11.7  12.7   16:02  10.4    7:16   6.6   0.0   0.2  12.2  32.2    2:55   SSW 18  11.3  13.1   11:55   9.7   23:46   7.0   0.0   0.2  11.1  37.0    3:18   WSW 19  10.8  12.1   18:25   9.3    2:29   7.5   0.0   0.0  14.2  48.3   22:57   SSW 20  10.9  12.2   23:34  10.2    9:26   7.4   0.0   0.2  13.0  38.6   23:46   SSW 21  10.3  11.8   21:10   8.6    7:57   8.0   0.0   4.0  19.8  67.6   19:49    SW 22  11.7  14.1   17:46   8.9    2:22   6.6   0.0   4.8  20.0  67.6   15:17    SW 23  10.6  12.6    0:01   8.6   20:14   7.7   0.0   4.0  17.1  53.1    2:35   WSW 24   9.6  11.7   16:32   7.6    7:12   8.7   0.0   0.4  16.4  48.3   17:46   SSW 25   9.0  13.9   23:56   6.8    7:42   9.3   0.0   2.4  14.3  54.7   23:03    SW 26  13.5  14.7   11:58  10.8   23:57   4.8   0.0   0.0  22.4  62.8    2:21   WSW 27  11.3  12.4   13:08  10.6    1:28   6.9   0.0   0.6  15.9  46.7   13:03    SW 28   9.8  11.4    0:01   8.5    9:23   8.5   0.0   0.0   8.2  29.0   18:10    SE 29   8.7   9.8   17:13   7.5    7:19   9.4   0.0   0.2  10.3  32.2    9:35   SSW 30   8.0   9.4   12:50   7.1    5:07  10.3   0.0   0.0  16.1  48.3    8:00   SSE 31   8.2  10.2   11:59   7.1    0:35  10.1   0.0   1.0  15.8  51.5    4:36   SSW -------------------------------------------------------------------------------------      9.5  14.7    26     4.8    13   270.5   0.0  52.2  13.9  72.4    12      SW Max >=  32.0:  0 Max <=   0.0:  0 Min <=   0.0:  0 Min <= -18.0:  0 Max Rain: 10.59 ON 12-12-15 Days of Rain: 22 (> .2 mm) 9 (> 2 mm) 0 (> 20 mm) Heat Base:  18.3  Cool Base:  18.3  Method: Integration
NOAA Overzicht - december 2015