Deze pagina kan het beste bekeken worden met Google Chrome v61.0
Copyright 2001 - 2017,  Enkhuizen Meteo
H e t   l o k a l e   w e e r o v e r z i c h t   v o o r   d e   r e g i o   W e s t f r i e s l a n d
Enkhuizen Meteo
24 uur per dag live weeroverzicht voor de regio Enkhuizen en omgeving
                                MONTHLY CLIMATOLOGICAL SUMMARY for JAN. 2016 NAME: Enkhuizen Meteo   CITY: Enkhuizen   STATE: Netherlands ELEV:    -1 m  LAT:  52° 71' 45" N  LONG:   5° 27' 21" E                    TEMPERATURE (°C), RAIN  (mm), WIND SPEED (km/hr)                                       HEAT  COOL        AVG     MEAN                              DEG   DEG         WIND                 DOM DAY TEMP  HIGH   TIME   LOW    TIME   DAYS  DAYS  RAIN  SPEED HIGH   TIME    DIR ------------------------------------------------------------------------------------  1   6.4  10.8   12:41   3.6    9:06  11.9   0.0   0.2   6.4  38.6    0:42    SW  2   5.0   5.7    0:27   4.7   10:28  13.3   0.0   1.6  14.0  46.7    7:56    SE  3   6.0   7.3   10:34   4.4    3:34  12.3   0.0   5.4  14.3  46.7    4:29    SE  4   2.8   5.5    0:01   1.0   20:39  15.5   0.0   4.2  11.3  41.8    0:02   ESE  5   2.4   3.9   11:38  -0.1   23:45  15.9   0.0   0.6   9.5  30.6    4:24   ESE  6  -0.4   0.1   13:17  -1.1    8:14  18.7   0.0   0.2   9.0  30.6    8:11     E  7   3.5   7.2   19:51  -0.3    0:01  14.8   0.0  10.4  15.1  59.5   20:12    SE  8   6.4   9.8   11:57   4.2   23:34  11.8   0.0   0.0  12.9  53.1    2:09     W  9   5.4   7.0   19:00   3.4    1:31  12.8   0.0   0.0  11.6  38.6   20:32     S 10   6.4   7.8   11:24   5.3   23:56  12.7   0.0   0.4  15.0  46.7    3:54   SSW 11   5.1   6.6   22:18   3.5    8:29  13.2   0.0   0.8  10.8  33.8   13:38   SSE 12   6.3   8.8   12:15   5.1   20:28  12.0   0.0   4.2  10.8  41.8   14:06   WSW 13   5.1   7.6   11:24   2.7   22:21  13.2   0.0   4.4   7.6  40.2    4:01   NNW 14   3.2   5.2   13:25   0.9   21:12  15.1   0.0  12.4  13.5  43.5    8:29   SSW 15   3.0   3.9   15:50   1.1    0:01  15.3   0.0   1.8   7.1  40.2    3:19     N 16   2.9   5.4   13:32   0.6    1:05  15.4   0.0   6.4  14.8  64.4    9:51   NNW 17   1.2   3.2   12:31  -1.7   23:39  17.1   0.0   0.2   6.8  45.1    0:35   SSW 18  -0.5   1.0   12:52  -2.4    1:11  18.7   0.0   0.0   6.9  33.8   11:59     S 19   0.0   2.6   15:40  -2.6    5:35  18.3   0.0   0.2   5.5  29.0   11:07    SW 20   2.3   6.2   12:23  -1.0   23:19  15.9   0.0   0.8   2.1  27.4    7:49   WNW 21  -0.1   1.3   19:03  -1.6    1:18  18.3   0.0   0.0   5.8  25.7   13:24   SSE 22   1.4   3.8   23:56  -0.1    5:31  16.8   0.0   4.4  11.6  38.6   10:26   SSE 23   6.7  10.6   13:18   3.8    0:01  11.6   0.0   0.2   7.4  29.0   23:51   WSW 24   6.4   9.9   22:37   4.3    7:27  11.9   0.0   2.0  10.8  33.8    0:19   SSW 25   9.2  12.2   13:59   6.2    6:56   9.1   0.0   0.0  12.6  49.9   23:48    SW 26   8.4  10.8    0:01   5.1    8:25   9.9   0.0   6.4  17.5  64.4   23:57    SW 27  10.8  12.2   15:22   8.8   00:00   7.4   0.0  11.2  24.8  66.0    0:02    SW 28   7.1   9.7   12:49   4.9    8:34  11.2   0.0   0.0  13.5  41.8   13:40   WNW 29   9.5  11.1   13:47   5.8    0:01   8.8   0.0   0.4  25.3  66.0   10:31   WSW 30   7.6  10.6    1:02   5.3   19:58  10.7   0.0  22.8  18.0  62.8    7:47     W 31   6.2   8.3   23:00   4.9    5:27  12.1   0.0   1.4  10.9  40.2    0:05     W -------------------------------------------------------------------------------------      4.7  12.2    25    -2.6    19   421.5   0.0 103.0  11.7  66.0    27      SW Max >=  32.0:  0 Max <=   0.0:  0 Min <=   0.0:  9 Min <= -18.0:  0 Max Rain: 22.81 ON 30-01-16 Days of Rain: 25 (> .2 mm) 12 (> 2 mm) 1 (> 20 mm) Heat Base:  18.3  Cool Base:  18.3  Method: Integration
NOAA Overzicht - januari 2016