Deze pagina kan het beste bekeken worden met Google Chrome v61.0
Copyright 2001 - 2017,  Enkhuizen Meteo
H e t   l o k a l e   w e e r o v e r z i c h t   v o o r   d e   r e g i o   W e s t f r i e s l a n d
Enkhuizen Meteo
24 uur per dag live weeroverzicht voor de regio Enkhuizen en omgeving
                                MONTHLY CLIMATOLOGICAL SUMMARY for FEB. 2016 NAME: Enkhuizen Meteo   CITY: Enkhuizen   STATE: Netherlands ELEV:    -1 m  LAT:  52° 71' 45" N  LONG:   5° 27' 21" E                    TEMPERATURE (°C), RAIN  (mm), WIND SPEED (km/hr)                                       HEAT  COOL        AVG     MEAN                              DEG   DEG         WIND                 DOM DAY TEMP  HIGH   TIME   LOW    TIME   DAYS  DAYS  RAIN  SPEED HIGH   TIME    DIR ------------------------------------------------------------------------------------  1  10.7  11.9   13:55   8.2    0:01   7.6   0.0   2.2  20.8  69.2   19:44   WSW  2   8.9  10.6    0:01   6.6   00:00   9.3   0.0   0.0  20.4  66.0    5:42     W  3   5.6   8.1   13:23   3.6   22:43  12.6   0.0   0.6  11.3  43.5   15:39   WNW  4   5.1   5.9   14:08   3.6    2:10  13.2   0.0   4.0   5.5  33.8    0:09     W  5   8.0  10.1   13:18   5.4    0:10  10.3   0.0   0.4  12.4  43.5   17:46    SW  6   8.8   9.7   13:15   8.1    6:37   9.5   0.0   0.0  15.1  46.7   23:27   SSW  7   8.6  10.3    5:03   7.0   22:27   9.7   0.0   1.8  21.2  66.0   23:58    SW  8   8.4   9.8   15:46   6.9    0:44   9.9   0.0   8.0  27.5  77.2   17:20    SW  9   6.1   7.9    0:01   3.9   21:09  12.1   0.0   5.2  13.0  56.3    0:43   WSW 10   5.5   8.9   12:22   3.7    6:03  12.7   0.0   3.8   9.7  43.5   15:16   WNW 11   4.9   9.4   13:59   2.6    5:01  13.3   0.0   2.0   6.1  35.4   13:59     W 12   3.4   5.4   16:34   1.7    2:02  14.8   0.0   0.0   5.3  25.7    5:36     E 13   2.3   3.7   18:54   0.5    8:36  16.0   0.0   0.0  11.6  37.0   22:39     E 14   2.8   3.3   10:02   2.2   13:42  15.4   0.0  12.0  16.7  41.8   22:01    NE 15   3.5   5.7   10:57  -0.1   00:00  14.8   0.0   0.4  10.1  43.5    2:41   NNE 16   2.0   7.3   10:47  -2.3    8:02  16.3   0.0   0.0   3.1  20.9   21:22    SE 17   1.0   3.6   14:01  -1.2    8:02  17.3   0.0   0.0   8.4  32.2   12:13   SSE 18   1.9   2.8   15:08   0.7    3:31  16.3   0.0   1.8  10.5  33.8    8:44    SW 19   3.6   7.6   15:43   0.2    7:39  14.7   0.0   0.2   7.2  45.1   23:05   SSW 20   7.7  10.1   22:33   4.6    3:35  10.6   0.0   6.8  17.4  49.9    0:05   WSW 21   9.9  11.3   14:30   8.2    3:23   8.3   0.0   2.8  20.9  67.6   15:58   WSW 22   7.1  10.6    0:01   4.2   23:46  11.2   0.0   3.4  10.9  57.9    0:07   WNW 23   4.1   8.6   12:09   1.4    6:11  14.2   0.0   1.8   5.6  40.2   16:56   WNW 24   2.6   6.7   10:54   0.3    5:40  15.7   0.0   1.2   3.7  29.0    2:57   WSW 25   2.2   6.8   12:54  -0.3    6:41  16.0   0.0   1.8   4.3  29.0   15:45     W 26   2.7   4.6   15:47   0.0    3:13  15.6   0.0   0.2   3.2  20.9    3:19    SW 27   3.8   6.7   13:45   1.9    7:54  14.5   0.0   0.2   8.4  32.2   18:53   ENE 28   4.2   7.1   13:32   2.1    1:22  14.1   0.0   0.0   8.2  32.2   15:58   ENE 29   4.3   7.1   13:42   2.1   23:42  14.0   0.0   0.0   6.3  20.9   12:05    NE -------------------------------------------------------------------------------------      5.2  11.9     1    -2.3    16   380.1   0.0  60.7  11.2  77.2     8     WSW Max >=  32.0:  0 Max <=   0.0:  0 Min <=   0.0:  5 Min <= -18.0:  0 Max Rain: 11.99 ON 14-02-16 Days of Rain: 21 (> .2 mm) 10 (> 2 mm) 0 (> 20 mm) Heat Base:  18.3  Cool Base:  18.3  Method: Integration
NOAA Overzicht - februari 2016