Deze pagina kan het beste bekeken worden met Google Chrome v61.0
Copyright 2001 - 2017,  Enkhuizen Meteo
H e t   l o k a l e   w e e r o v e r z i c h t   v o o r   d e   r e g i o   W e s t f r i e s l a n d
Enkhuizen Meteo
24 uur per dag live weeroverzicht voor de regio Enkhuizen en omgeving
                   MONTHLY CLIMATOLOGICAL SUMMARY for APR. 2016 NAME: Enkhuizen Meteo   CITY: Enkhuizen   STATE: Netherlands ELEV:    -1 m  LAT:  52° 71' 45" N  LONG:   5° 27' 21" E                    TEMPERATURE (°C), RAIN  (mm), WIND SPEED (km/hr)                                       HEAT  COOL        AVG     MEAN                              DEG   DEG         WIND                 DOM DAY TEMP  HIGH   TIME   LOW    TIME   DAYS  DAYS  RAIN  SPEED HIGH   TIME    DIR ------------------------------------------------------------------------------------  1   8.4  12.9   15:02   4.7    7:39   9.9   0.0   0.0   4.8  25.7    3:41    SE  2  10.3  13.6   15:39   7.9    7:19   7.9   0.0   0.0   4.2  17.7   22:25     S  3  13.3  18.4   15:45  10.9   23:54   5.0   0.0   0.2   8.9  29.0    2:33   SSW  4  12.4  14.4   11:23  10.8    0:16   5.8   0.0   9.2   6.8  51.5   13:15   WSW  5  11.2  14.1   12:54   8.2   23:53   7.1   0.0   0.6   5.3  30.6   16:48     W  6   8.6  12.1   10:42   6.1   21:59   9.7   0.0   9.2  14.0  54.7   17:50   WSW  7   8.1  10.6   15:47   6.1    5:16  10.1   0.0   0.4  12.7  41.8   13:34   WSW  8   8.3  12.6   12:37   5.8   00:00   9.9   0.0   2.0   2.9  22.5   13:03   WNW  9  10.4  15.4   15:08   5.1    1:30   7.9   0.0   0.0   6.8  27.4   10:29     S 10  10.8  13.8   12:38   7.4    6:50   7.5   0.0   1.6   7.1  33.8   22:09   ENE 11  12.3  15.9   16:09   8.9    6:39   6.0   0.0   0.0  13.7  41.8    7:40   ESE 12  12.8  17.2   15:49  10.3    7:38   5.5   0.0   2.8   8.9  35.4    0:34    SE 13  11.6  16.4   15:25   8.4    3:06   6.8   0.0   0.4   3.7  19.3    6:58   SSE 14  10.8  16.3   16:18   5.6    6:28   7.4   0.0   0.2   3.4  29.0   14:53   ENE 15  10.9  12.1   13:28   9.1   23:24   7.4   0.0   5.4   5.1  29.0   18:13   WSW 16   9.3  12.3   12:22   5.7   23:44   9.0   0.0   1.0  13.5  54.7   10:27   WSW 17   7.2  11.3   14:00   3.1    6:48  11.1   0.0   1.2   6.8  32.2   11:21   WNW 18   9.3  13.6   15:07   5.1    0:02   8.9   0.0   0.0  11.6  40.2   15:57   WSW 19  10.1  12.7   12:30   8.0   23:49   8.2   0.0   0.0  10.9  32.2   14:27     N 20   9.3  12.6   15:23   7.1    6:38   9.0   0.0   0.0   7.7  29.0   22:50   NNE 21   9.7  14.4   15:26   6.2    6:07   8.6   0.0   0.0   9.2  27.4   19:49   ENE 22   9.2  12.3   13:52   7.5   23:39   9.1   0.0   0.0  10.5  33.8   15:48    NE 23   7.2   9.4   12:40   4.2   23:22  11.1   0.0   0.6  12.1  46.7   15:01    NE 24   5.8   9.4   13:33   3.4    7:33  12.4   0.0   1.2  13.0  45.1   16:08   NNW 25   5.5   9.2   15:41   2.1   23:56  12.7   0.0   2.0  10.3  43.5   13:01     W 26   4.8   9.9   13:38   1.2    5:40  13.5   0.0  11.4  12.4  48.3   17:56    NW 27   6.6  10.8   14:24   3.4    2:37  11.7   0.0   1.2  11.7  45.1    5:00   NNW 28   5.7   9.4   10:03   3.1    7:03  12.7   0.0   7.0   4.7  33.8   14:40     W 29   8.2  11.6   15:19   5.3    7:16  10.1   0.0   4.4  15.0  48.3    5:20    SW 30   8.7  11.9   12:28   5.3    6:53   9.6   0.0   0.0   8.2  29.0   13:23   WSW -------------------------------------------------------------------------------------      9.2  18.4     3     1.2    26   271.5   0.0  62.0   8.9  54.7     6     WSW Max >=  32.0:  0 Max <=   0.0:  0 Min <=   0.0:  0 Min <= -18.0:  0 Max Rain: 11.40 ON 26-04-16 Days of Rain: 20 (> .2 mm) 9 (> 2 mm) 0 (> 20 mm) Heat Base:  18.3  Cool Base:  18.3  Method: Integration
NOAA Overzicht - april 2016