Deze pagina kan het beste bekeken worden met Google Chrome v61.0
Copyright 2001 - 2017,  Enkhuizen Meteo
H e t   l o k a l e   w e e r o v e r z i c h t   v o o r   d e   r e g i o   W e s t f r i e s l a n d
Enkhuizen Meteo
24 uur per dag live weeroverzicht voor de regio Enkhuizen en omgeving
    MONTHLY CLIMATOLOGICAL SUMMARY for MAY. 2016 NAME: Enkhuizen Meteo   CITY: Enkhuizen   STATE: Netherlands ELEV:    -1 m  LAT:  52° 71' 45" N  LONG:   5° 27' 21" E                    TEMPERATURE (°C), RAIN  (mm), WIND SPEED (km/hr)                                       HEAT  COOL        AVG     MEAN                              DEG   DEG         WIND                 DOM DAY TEMP  HIGH   TIME   LOW    TIME   DAYS  DAYS  RAIN  SPEED HIGH   TIME    DIR ------------------------------------------------------------------------------------  1   9.5  13.2   16:23   6.3    2:23   8.8   0.0   0.0   5.5  22.5   16:09   NNE  2  11.7  17.2   15:48   5.4    3:37   6.5   0.0   0.0   8.0  35.4   13:38    SW  3  10.9  14.3   15:20   7.7   23:56   7.3   0.0   2.2   9.2  38.6    2:09   WNW  4  11.8  17.2   14:56   5.7    4:38   6.5   0.0   0.0   3.5  22.5   12:17    SW  5  14.7  19.0   13:04  10.3    6:28   3.6   0.0   0.0   7.1  27.4    8:09    SE  6  17.5  23.1   15:54  12.1    6:13   2.1   1.3   0.0   6.8  27.4   14:24   ESE  7  20.7  26.5   15:19  14.9    6:07   0.7   3.2   0.0   6.4  24.1   14:26    SE  8  20.2  25.4   16:32  15.4    6:11   0.6   2.5   0.0  11.1  37.0   14:51   ESE  9  20.3  24.9   16:00  15.7    5:39   0.5   2.4   0.0  12.1  35.4    7:09   ESE 10  19.9  23.8   14:10  16.3    6:37   0.4   2.0   0.0   7.1  29.0    0:46   ESE 11  20.3  25.9   15:49  16.8    7:20   0.3   2.4   0.0   6.6  24.1   20:29     E 12  19.7  24.7   15:35  16.1    6:25   0.5   1.9   0.0  11.9  32.2   12:38   ENE 13  15.2  19.8   12:00   9.9   23:58   3.2   0.1   0.0  16.1  43.5   15:03     N 14   9.6  12.3   14:45   7.3   23:40   8.7   0.0   1.8  15.6  49.9   16:29   NNW 15   9.6  13.8   15:41   7.3   23:57   8.7   0.0   0.0  12.1  43.5    7:29    NW 16   9.9  13.2   17:25   6.1    4:54   8.4   0.0   1.4   6.8  30.6   16:00   WNW 17  12.3  15.6   11:30   9.4    5:40   6.0   0.0   0.0   3.1  24.1   19:10     W 18  14.2  18.9   14:15  10.5    0:05   4.2   0.0   3.2   7.1  41.8   17:00    SW 19  15.4  19.8   14:25  11.9    6:00   3.0   0.1   0.0   4.8  27.4   14:05    SW 20  14.1  16.6   15:40  11.8    5:50   4.3   0.0   1.6  10.0  33.8    5:15   WSW 21  17.2  22.5   18:05  12.8    2:05   2.0   0.9   0.0   8.5  35.4   10:15    SW 22  16.5  19.2    0:45  13.9   22:45   1.9   0.1   3.2   4.2  27.4   13:50   NNE 23  12.5  13.9    0:05  11.3   23:30   5.8   0.0  25.0  14.2  45.1   14:25     N 24  11.6  13.4   11:50  10.6    5:15   6.7   0.0   0.2  12.6  40.2    9:40     N 25  13.0  15.4   18:20  11.1    0:05   5.3   0.0   0.2   2.3  14.5   15:00   WNW 26  14.3  18.3   15:55  10.4    6:15   4.0   0.0   0.0   4.7  24.1   18:00   WNW 27  15.7  20.3   15:25  12.5    5:35   2.8   0.2   0.0   8.7  32.2   17:40   ENE 28  17.7  22.4   15:15  13.2    5:30   1.8   1.1   0.0   6.4  29.0   16:50    NE 29  17.8  22.1   13:25  15.4    5:25   1.1   0.6   0.0   9.5  32.2   14:50   ENE 30  16.1  17.8   17:50  15.1    9:05   2.3   0.0  20.8  17.7  48.3   17:00     N 31  19.6  24.6   15:25  15.7    0:05   0.6   1.9   0.0   6.1  33.8    0:15   ENE -------------------------------------------------------------------------------------     15.1  26.5     7     5.4     2   118.6  20.8  59.6   8.6  49.9    14       N Max >=  32.0:  0 Max <=   0.0:  0 Min <=   0.0:  0 Min <= -18.0:  0 Max Rain: 24.99 ON 23-05-16 Days of Rain: 10 (> .2 mm) 5 (> 2 mm) 2 (> 20 mm) Heat Base:  18.3  Cool Base:  18.3  Method: Integration
NOAA Overzicht - mei 2016