Deze pagina kan het beste bekeken worden met Google Chrome v61.0
Copyright 2001 - 2017,  Enkhuizen Meteo
H e t   l o k a l e   w e e r o v e r z i c h t   v o o r   d e   r e g i o   W e s t f r i e s l a n d
Enkhuizen Meteo
24 uur per dag live weeroverzicht voor de regio Enkhuizen en omgeving
    MONTHLY CLIMATOLOGICAL SUMMARY for JUN. 2016 NAME: Enkhuizen Meteo   CITY: Enkhuizen   STATE: Netherlands ELEV:    -1 m  LAT:  52° 71' 45" N  LONG:   5° 27' 21" E                    TEMPERATURE (°C), RAIN  (mm), WIND SPEED (km/hr)                                       HEAT  COOL        AVG     MEAN                              DEG   DEG         WIND                 DOM DAY TEMP  HIGH   TIME   LOW    TIME   DAYS  DAYS  RAIN  SPEED HIGH   TIME    DIR ------------------------------------------------------------------------------------  1  18.9  24.6   14:10  15.7    2:45   0.6   1.3   0.2  12.9  43.5   23:05     N  2  14.9  17.4    0:05  13.7   22:30   3.4   0.0   0.2  17.9  46.7    0:55     N  3  17.7  23.0   17:05  13.8    1:10   1.8   1.1   0.0   4.0  24.1    0:10   NNE  4  21.6  27.2   14:20  17.2    3:50   0.2   3.4   0.0   6.4  30.6   17:20   NNE  5  17.8  20.2   14:10  13.9   00:00   0.9   0.5   0.0  10.9  35.4   17:35     N  6  16.7  20.5   13:50  12.9    5:25   2.1   0.5   0.0   8.2  27.4   15:30    NE  7  18.1  22.2   15:35  14.7    4:45   1.3   1.0   0.0   8.4  29.0   15:15   ENE  8  15.4  17.3   11:25  13.9   22:05   2.9   0.0   0.0  10.3  30.6   11:45     N  9  14.9  17.9   13:55  12.8   00:00   3.3   0.0   0.0   9.8  30.6   13:45     N 10  15.6  19.4   14:45  11.9    3:40   2.7   0.1   0.0   5.0  22.5   14:10   NNE 11  16.2  18.9   17:05  13.6    5:15   2.2   0.0   0.0   5.5  20.9    1:45     E 12  18.7  21.7   14:05  16.3    5:35   0.7   1.1   0.0   2.6  22.5   18:20     E 13  17.2  21.5   16:05  14.8   23:55   1.5   0.4   0.4   5.3  24.1   16:55   WNW 14  16.4  19.7   13:30  14.1    2:25   2.0   0.1   2.0   5.8  30.6   14:05     W 15  16.4  19.6   13:55  14.0    6:05   2.0   0.1   6.2   4.5  22.5   13:55    SW 16  17.3  22.2   13:50  12.1    3:50   2.0   1.0   0.0   4.5  22.5   12:30    SW 17  16.6  20.9   14:00  13.7    8:40   2.0   0.3   3.8   5.3  25.7   13:35    NW 18  15.2  18.8   16:55  11.8    6:00   3.1   0.0   0.4   8.4  38.6   17:35   WNW 19  16.0  19.2   13:20  12.5    4:25   2.3   0.0   0.0   6.8  29.0    7:25    NW 20  16.0  17.2    0:05  14.4   23:50   2.3   0.0  26.0  14.8  56.3    7:10    SW 21  17.9  22.9   13:30  13.7    5:45   1.5   1.1   2.6   4.5  25.7   11:30     W 22  19.8  24.6   14:45  14.6    2:20   1.0   2.6   0.0   6.1  25.7   11:20    SW 23  20.8  24.7   17:20  18.4    8:55   0.0   2.5  20.4   5.0  24.1    4:50   SSE 24  20.1  23.9   16:25  16.1   00:00   0.1   1.9   0.0   6.3  25.7    6:30     W 25  16.6  21.2   12:40  13.4    5:50   2.0   0.3   3.2   2.1  19.3   20:40   WNW 26  16.5  21.1   15:35  12.6    5:20   2.3   0.5   0.2   7.2  30.6   12:10     W 27  16.0  19.5   15:55  13.8   23:00   2.3   0.0   5.0   8.7  35.4   10:05    SW 28  16.9  20.9   12:35  13.2    1:00   1.9   0.5   8.8   1.6  30.6   21:55     W 29  16.6  20.7   18:00  13.8    1:50   2.1   0.4   4.8  11.6  45.1   16:30   WSW 30  16.1  17.8   13:50  14.7    7:25   2.2   0.0   6.0   8.7  40.2    3:45   WSW -------------------------------------------------------------------------------------     17.2  27.2     4    11.8    18    54.8  20.8  90.2   7.3  56.3    20       N Max >=  32.0:  0 Max <=   0.0:  0 Min <=   0.0:  0 Min <= -18.0:  0 Max Rain: 26.01 ON 20-06-16 Days of Rain: 16 (> .2 mm) 11 (> 2 mm) 2 (> 20 mm) Heat Base:  18.3  Cool Base:  18.3  Method: Integration
NOAA Overzicht - juni 2016