Deze pagina kan het beste bekeken worden met Google Chrome v61.0
Copyright 2001 - 2017,  Enkhuizen Meteo
H e t   l o k a l e   w e e r o v e r z i c h t   v o o r   d e   r e g i o   W e s t f r i e s l a n d
Enkhuizen Meteo
24 uur per dag live weeroverzicht voor de regio Enkhuizen en omgeving
    MONTHLY CLIMATOLOGICAL SUMMARY for JUL. 2016 NAME: Enkhuizen Meteo   CITY: Enkhuizen   STATE: Netherlands ELEV:    -1 m  LAT:  52° 71' 45" N  LONG:   5° 27' 21" E                    TEMPERATURE (°C), RAIN  (mm), WIND SPEED (km/hr)                                       HEAT  COOL        AVG     MEAN                              DEG   DEG         WIND                 DOM DAY TEMP  HIGH   TIME   LOW    TIME   DAYS  DAYS  RAIN  SPEED HIGH   TIME    DIR ------------------------------------------------------------------------------------  1  16.7  18.0   16:30  15.2   00:00   1.7   0.0  11.0  13.5  40.2    4:15    SW  2  16.2  18.8   15:55  13.3    6:20   2.1   0.0   0.2  11.3  45.1   15:25   WSW  3  16.6  22.1   14:50  12.0    1:40   2.4   0.6   2.2   7.6  32.2   15:00     W  4  18.7  24.1   15:30  13.7    6:00   1.3   1.6   0.0   4.5  20.9    8:55    SW  5  16.1  18.6   15:05  12.9   23:55   2.3   0.0   1.2  10.8  48.3   13:55   WNW  6  15.9  20.9   15:50  11.3    5:35   2.7   0.4   0.4   6.8  30.6   14:55   WNW  7  17.7  23.2   16:20  11.6    5:10   2.0   1.4   0.0   6.0  32.2   19:10    SW  8  17.4  20.1   17:35  15.4    5:00   1.1   0.2   4.4   7.2  38.6   11:30   WSW  9  18.8  23.6   13:00  13.9    5:00   1.0   1.6   1.6   7.6  37.0   19:10     W 10  21.2  27.0   14:40  17.5    5:50   0.1   3.0   0.0  10.5  33.8   20:25   WSW 11  18.7  21.7   16:40  16.7    6:10   0.4   0.8   0.0  16.3  53.1   14:10   WSW 12  18.9  23.3   14:35  15.6    6:05   0.8   1.4   0.8   7.1  30.6    0:05   WNW 13  16.1  19.1   14:50  13.3   00:00   2.2   0.0   4.4   5.5  32.2   14:45     N 14  15.3  19.6   12:40  11.8    6:25   3.0   0.0   0.0   8.4  37.0   17:20   WNW 15  17.1  22.4   15:30  11.8    5:40   2.1   0.9   0.0   6.3  32.2   16:35   WNW 16  19.0  21.4   16:05  16.1    0:05   0.4   1.1   0.0   6.9  29.0    9:35     W 17  20.4  24.7   14:30  16.4    7:20   0.2   2.4   4.6   6.6  30.6   13:50   WNW 18  21.5  27.6   15:45  15.7    1:55   0.6   3.8   0.0   4.0  25.7   15:05   WNW 19  22.8  27.9   16:15  15.6    5:50   0.6   5.0   0.0   3.4  19.3   19:10     E 20  25.6  33.5   15:40  20.8    5:30   0.0   7.3   0.0   8.9  38.6   17:25   ESE 21  22.8  28.5   16:10  18.9    5:40   0.0   4.5   0.0   3.5  22.5   17:40   WNW 22  21.6  24.9   16:05  19.6    2:35   0.0   3.3   0.0   4.3  24.1   19:10    NE 23  20.6  24.1   15:50  18.3    4:10   0.0   2.2   0.0   6.1  24.1   17:15     N 24  21.7  26.6   14:35  18.2    5:30   0.0   3.4   0.0   2.4  22.5   13:30   WNW 25  19.9  23.6   16:05  16.3   23:55   0.1   1.7   0.0   5.5  30.6   15:10   WSW 26  19.6  24.3   11:25  15.7    4:45   0.6   1.9   0.0   2.3  22.5   10:50   WNW 27  18.8  22.2   12:20  16.5   00:00   0.3   0.8   5.0   5.8  35.4   15:55   WSW 28  18.2  21.8   18:10  14.4    5:05   1.1   0.9  20.0   3.5  22.5   10:40   WNW 29  19.1  22.6   11:30  16.9    2:45   0.4   1.1   6.6   8.2  45.1   14:25    SW 30  19.3  22.6   15:00  17.1    6:05   0.3   1.2   1.4   4.8  20.9   11:25   NNE 31  17.6  22.2   15:45  14.1   00:00   1.4   0.6   2.2   5.6  32.2   17:10   WNW -------------------------------------------------------------------------------------     19.0  33.5    20    11.3     6    30.8  53.2  66.0   6.8  53.1    11     WSW Max >=  32.0:  1 Max <=   0.0:  0 Min <=   0.0:  0 Min <= -18.0:  0 Max Rain: 19.99 ON 28-07-16 Days of Rain: 15 (> .2 mm) 9 (> 2 mm) 0 (> 20 mm) Heat Base:  18.3  Cool Base:  18.3  Method: Integration
NOAA Overzicht - juli 2016