Deze pagina kan het beste bekeken worden met Google Chrome v61.0
Copyright 2001 - 2017,  Enkhuizen Meteo
H e t   l o k a l e   w e e r o v e r z i c h t   v o o r   d e   r e g i o   W e s t f r i e s l a n d
Enkhuizen Meteo
24 uur per dag live weeroverzicht voor de regio Enkhuizen en omgeving
      MONTHLY CLIMATOLOGICAL SUMMARY for AUG. 2016 NAME: Enkhuizen Meteo   CITY: Enkhuizen   STATE: Netherlands ELEV:    -1 m  LAT:  52° 71' 45" N  LONG:   5° 27' 21" E                    TEMPERATURE (°C), RAIN  (mm), WIND SPEED (km/hr)                                       HEAT  COOL        AVG     MEAN                              DEG   DEG         WIND                 DOM DAY TEMP  HIGH   TIME   LOW    TIME   DAYS  DAYS  RAIN  SPEED HIGH   TIME    DIR ------------------------------------------------------------------------------------  1  17.1  22.6   15:30  13.7    1:10   1.8   0.7   4.2   3.5  30.6    8:45     W  2  17.3  19.5   17:00  14.8    0:05   1.2   0.2   2.0   5.6  27.4    9:55   SSE  3  19.1  20.9   16:05  17.7   00:00   0.0   0.8   3.6  12.2  40.2   14:05   WSW  4  18.8  21.9   14:45  17.1    6:05   0.3   0.8   0.4  11.7  43.5    0:35   WSW  5  18.5  22.2   12:10  14.9    6:20   0.9   1.1   0.0   5.1  29.0   16:30   WNW  6  18.1  22.9   16:35  14.4   00:00   1.3   1.0   0.2   4.2  29.0   17:40   WNW  7  18.7  23.1   17:20  14.1    1:55   0.9   1.3   0.6  11.7  41.8   21:40    SW  8  18.3  21.8   12:05  14.4   00:00   0.6   0.6   0.0  11.1  41.8   10:30   WNW  9  15.1  19.4   15:30  12.7    7:40   3.3   0.1   5.8   5.0  33.8    7:10   WNW 10  13.9  18.7   14:50   9.9    6:35   4.4   0.0   5.4   6.0  35.4   14:35    NW 11  14.3  17.2   14:05  10.1    2:40   4.0   0.0   8.2   7.9  38.6    8:30    SW 12  18.4  20.6   16:10  16.2    0:05   0.6   0.7   1.8   9.3  33.8   11:20   WNW 13  18.1  21.2   11:55  15.4    6:15   0.8   0.7   0.6   6.1  30.6   10:55   WSW 14  17.1  20.5    9:15  12.8    6:25   1.8   0.5   0.2   3.9  24.1   14:25     N 15  17.3  21.6   13:55  11.5    6:55   1.9   0.8   0.0   5.3  27.4   18:55   ENE 16  17.7  21.1   14:25  15.4    6:40   1.1   0.5   0.0   7.2  25.7   21:15   ENE 17  18.8  23.1   16:15  15.4    7:35   1.0   1.5   0.0   7.1  25.7    0:05     E 18  18.7  23.6   15:05  15.6    6:20   0.8   1.2   0.0   8.4  29.0   18:05   ENE 19  19.4  24.9   15:25  15.4    6:50   0.7   1.9   6.0   4.8  33.8   23:55   ESE 20  18.8  22.7   16:25  16.1    6:55   0.7   1.1   3.2  10.9  38.6   11:55    SW 21  17.2  19.6   16:20  15.1    9:45   1.2   0.1  24.0  12.7  49.9    8:35    SW 22  18.3  20.4   17:20  16.1    6:10   0.5   0.5   2.6   9.5  32.2    7:25   WSW 23  21.8  27.7   15:50  17.5    7:20   0.1   3.5   0.2   3.4  22.5    0:30    SW 24  24.7  31.2   16:05  19.3    7:00   0.0   6.4   0.0   5.3  20.9    4:35   SSE 25  25.9  32.5   15:10  20.3    7:05   0.0   7.6   0.0   2.4  19.3   12:05   SSE 26  22.4  26.0   12:10  19.1   23:25   0.0   4.1   0.0   5.1  29.0    9:30     N 27  21.2  24.6   15:20  18.0    7:00   0.0   2.9   0.2   7.9  29.0   17:30   ENE 28  21.5  24.6   11:45  19.2   23:05   0.0   3.2   0.6   7.6  41.8   14:25   WSW 29  18.3  21.2   14:15  14.4   00:00   0.6   0.6   0.0   7.4  27.4    2:40     N 30  18.3  24.4   14:45  12.7    3:35   1.8   1.8   0.0   2.6  22.5   13:00    SW 31  20.6  26.3   15:35  15.7    6:55   0.4   2.7   0.0   2.6  24.1   16:35   SSE -------------------------------------------------------------------------------------     18.8  32.5    25     9.9    10    32.6  48.9  69.8   6.9  49.9    21     WSW Max >=  32.0:  1 Max <=   0.0:  0 Min <=   0.0:  0 Min <= -18.0:  0 Max Rain: 24.00 ON 21-08-16 Days of Rain: 19 (> .2 mm) 10 (> 2 mm) 1 (> 20 mm) Heat Base:  18.3  Cool Base:  18.3  Method: Integration
NOAA Overzicht - augustus 2016