Deze pagina kan het beste bekeken worden met Google Chrome v61.0
Copyright 2001 - 2017,  Enkhuizen Meteo
H e t   l o k a l e   w e e r o v e r z i c h t   v o o r   d e   r e g i o   W e s t f r i e s l a n d
Enkhuizen Meteo
24 uur per dag live weeroverzicht voor de regio Enkhuizen en omgeving
       MONTHLY CLIMATOLOGICAL SUMMARY for SEP. 2016 NAME: Enkhuizen Meteo   CITY: Enkhuizen   STATE: Netherlands ELEV:    -1 m  LAT:  52° 71' 45" N  LONG:   5° 27' 21" E                    TEMPERATURE (°C), RAIN  (mm), WIND SPEED (km/hr)                                       HEAT  COOL        AVG     MEAN                              DEG   DEG         WIND                 DOM DAY TEMP  HIGH   TIME   LOW    TIME   DAYS  DAYS  RAIN  SPEED HIGH   TIME    DIR ------------------------------------------------------------------------------------  1  19.1  23.8   12:40  15.0   00:00   0.6   1.4   0.0   3.4  22.5   12:45    NW  2  18.1  21.8   16:10  14.3    1:30   1.2   0.9   2.0   7.7  37.0   16:25   WSW  3  19.4  23.1   12:40  16.6    7:50   0.4   1.5   6.4   6.1  32.2   23:20    SW  4  18.1  20.6   10:40  16.4   21:10   0.5   0.3  10.6  11.9  40.2   17:35   WSW  5  18.3  21.5   12:20  15.3    5:00   1.0   0.9   0.8   3.2  33.8    0:05   WNW  6  19.9  23.6   13:45  15.4    1:25   0.5   2.1   0.0   3.1  22.5   11:50    SW  7  21.4  26.7   14:25  16.2    7:35   0.2   3.3   0.0   1.8  14.5   13:50    SW  8  21.6  27.2   16:00  17.6    6:50   0.1   3.4   0.0   4.7  29.0   19:20   ESE  9  19.6  23.6   14:10  14.8    7:05   0.7   2.0   0.0   3.9  33.8   14:10    SW 10  21.2  26.7   15:05  17.1    7:25   0.1   3.0   0.0   3.9  22.5   13:25   SSW 11  19.7  21.9   15:55  17.3    8:05   0.1   1.5   0.0   4.0  24.1    4:00    SE 12  22.9  29.0   15:45  18.5    4:50   0.0   4.6   0.0   3.4  20.9    0:05   SSE 13  25.0  30.6   15:45  20.9    5:55   0.0   6.7   0.0   3.7  19.3   15:15     E 14  24.7  29.7   14:55  20.8    7:05   0.0   6.4   0.0   5.0  19.3   10:50     E 15  23.2  26.8   15:45  20.1    7:40   0.0   4.9   0.0   6.3  22.5   13:00     E 16  19.3  21.1   11:35  17.1    9:05   0.2   1.2  10.6   7.4  30.6    2:00    SW 17  19.2  21.2   15:45  16.4    7:50   0.3   1.2   0.0   5.0  27.4   17:55   SSE 18  18.4  21.1   15:05  16.7    7:30   0.4   0.6   0.0   8.7  29.0   11:30   ENE 19  17.6  20.6   14:05  16.2    7:30   1.0   0.3   0.0   1.6  22.5    1:00     E 20  16.7  19.9   14:55  11.8    7:40   1.8   0.2   0.0   2.1  17.7   11:20   ESE 21  17.7  20.9   14:50  15.6   22:35   1.1   0.4   0.0   4.7  20.9   12:55    SE 22  17.4  20.8   15:00  13.9    6:50   1.4   0.5   0.0   2.6  22.5   14:25     S 23  16.8  21.1   14:10  11.7   23:55   2.1   0.5   0.0   3.5  30.6   14:05   WNW 24  17.6  22.8   14:55  11.2    1:35   1.8   1.1   0.0   6.0  29.0    9:30   SSE 25  18.6  24.3   15:05  14.8   00:00   0.9   1.2   0.0   8.7  38.6    6:10   SSE 26  16.2  21.0   12:00  11.2    7:30   2.6   0.4   0.0   1.1  14.5   11:40   WSW 27  16.3  20.8   14:20  10.3    7:25   2.5   0.5   0.0   5.8  32.2   23:50    SW 28  18.5  22.1   12:30  15.8    1:40   0.6   0.8   0.0  12.9  43.5   14:50   WSW 29  16.6  18.6   13:05  13.9   23:05   1.7   0.0  13.2  12.6  49.9   16:10   WSW 30  14.8  19.1   15:00  12.1    8:10   3.5   0.0   0.0   5.6  37.0   13:05   WSW -------------------------------------------------------------------------------------     19.1  30.6    13    10.3    27    27.3  51.9  43.6   5.3  49.9    29      SW Max >=  32.0:  0 Max <=   0.0:  0 Min <=   0.0:  0 Min <= -18.0:  0 Max Rain: 13.21 ON 29-09-16 Days of Rain: 6 (> .2 mm) 5 (> 2 mm) 0 (> 20 mm) Heat Base:  18.3  Cool Base:  18.3  Method: Integration
NOAA Overzicht - september 2016