Deze pagina kan het beste bekeken worden met Google Chrome v61.0
Copyright 2001 - 2017,  Enkhuizen Meteo
H e t   l o k a l e   w e e r o v e r z i c h t   v o o r   d e   r e g i o   W e s t f r i e s l a n d
Enkhuizen Meteo
24 uur per dag live weeroverzicht voor de regio Enkhuizen en omgeving
       MONTHLY CLIMATOLOGICAL SUMMARY for OCT. 2016 NAME: Enkhuizen Meteo   CITY: Enkhuizen   STATE: Netherlands ELEV:    -1 m  LAT:  52° 71' 45" N  LONG:   5° 27' 21" E                    TEMPERATURE (°C), RAIN  (mm), WIND SPEED (km/hr)                                       HEAT  COOL        AVG     MEAN                              DEG   DEG         WIND                 DOM DAY TEMP  HIGH   TIME   LOW    TIME   DAYS  DAYS  RAIN  SPEED HIGH   TIME    DIR ------------------------------------------------------------------------------------  1  14.7  18.8   13:50  12.2   20:05   3.6   0.0   9.8   5.0  30.6   23:10    SW  2  12.8  14.9   12:30  10.7    4:40   5.5   0.0  17.0  10.0  45.1   18:15    SW  3  14.9  19.6   13:55  10.7    3:25   3.4   0.0   0.8   7.4  32.2   23:50   ENE  4  14.7  17.4   14:50  12.4   00:00   3.6   0.0   0.0  11.6  37.0   23:55     E  5  11.8  14.5   15:00   9.4    8:10   6.5   0.0   0.0  13.5  40.2    1:45     E  6  11.5  13.8   14:25   9.5    7:50   6.8   0.0   0.0  10.3  30.6   18:00   ENE  7  12.9  15.4   15:15  11.7    1:20   5.4   0.0   0.0   8.2  29.0    4:50   ENE  8  12.3  14.8   14:10  10.7    8:10   6.0   0.0   0.0   5.1  20.9    1:10   ENE  9  10.9  15.9   12:55   6.9    7:35   7.4   0.0   0.2   2.3  25.7   15:00     E 10   9.8  14.3   12:15   5.9    7:10   8.4   0.0   0.2   2.6  16.1   21:45   ENE 11  10.2  14.5   14:00   5.2    5:50   8.1   0.0   0.0   4.5  29.0   22:50   ENE 12  10.6  12.2   13:30   9.4   23:55   7.7   0.0   0.0  10.9  33.8    0:45     E 13   9.4  10.6   16:15   8.7    9:25   8.9   0.0   0.0  13.4  37.0    6:50     E 14   9.7  11.9   16:30   7.9    8:10   8.6   0.0   0.2  12.2  38.6    3:25     E 15  10.8  12.9   16:20   9.2    2:20   7.5   0.0   6.8   6.8  25.7   14:45   SSE 16  13.2  17.4   14:45  10.2    8:20   5.1   0.0   0.0   8.4  29.0   14:55    SE 17  13.2  17.4   14:35  11.5   23:55   5.1   0.0   0.2   4.5  25.7   13:40   SSW 18  10.7  12.7   14:10   8.3   23:40   7.6   0.0  11.0   8.5  40.2   14:30    SW 19   9.4  12.4   15:00   6.7    3:50   8.9   0.0  13.0   8.7  46.7   10:20   WNW 20  10.7  11.8   10:15   8.7   00:00   7.6   0.0   2.0   8.5  41.8   11:40     N 21   9.1  13.1   13:20   4.5    8:50   9.2   0.0   3.4   3.9  24.1   15:25     N 22   8.8  10.8   14:25   5.8   00:00   9.5   0.0   0.0   3.2  20.9    1:15   ENE 23   8.1  12.6   13:35   5.3    0:50  10.3   0.0   0.0   1.8  16.1   12:05    SW 24   8.1   9.4   17:25   6.4    8:50  10.2   0.0   0.2   7.2  25.7   12:20     E 25   8.5  11.4   13:40   5.1   23:35   9.8   0.0   0.0   2.6  14.5    0:10   ENE 26   9.8  12.4   15:10   5.1    0:05   8.5   0.0   0.0   4.7  25.7   13:40    SW 27  12.2  16.3   14:55  10.1    8:40   6.2   0.0   0.0   6.3  30.6   15:00    SW 28  13.2  15.3   12:10   8.5   23:40   5.1   0.0   0.0   6.6  33.8   11:15   WNW 29  10.2  16.3   13:35   7.3    4:30   8.1   0.0   0.0   1.0  14.5   13:20   WNW 30  10.7  13.6   14:45   7.7    4:40   7.6   0.0   0.2   0.5   9.7    9:00   SSE 31  11.3  15.8   13:50   8.1    8:15   7.0   0.0   0.0   0.8  11.3   10:25   SSW -------------------------------------------------------------------------------------     11.1  19.6     3     4.5    21   223.3   0.1  65.0   6.5  46.7    19       E Max >=  32.0:  0 Max <=   0.0:  0 Min <=   0.0:  0 Min <= -18.0:  0 Max Rain: 16.99 ON 02-10-16 Days of Rain: 14 (> .2 mm) 7 (> 2 mm) 0 (> 20 mm) Heat Base:  18.3  Cool Base:  18.3  Method: Integration
NOAA Overzicht - oktober 2016