Deze pagina kan het beste bekeken worden met Google Chrome v61.0
Copyright 2001 - 2017,  Enkhuizen Meteo
H e t   l o k a l e   w e e r o v e r z i c h t   v o o r   d e   r e g i o   W e s t f r i e s l a n d
Enkhuizen Meteo
24 uur per dag live weeroverzicht voor de regio Enkhuizen en omgeving
        MONTHLY CLIMATOLOGICAL SUMMARY for NOV. 2016 NAME: Enkhuizen Meteo   CITY: Enkhuizen   STATE: Netherlands ELEV:    -1 m  LAT:  52° 71' 45" N  LONG:   5° 27' 21" E                    TEMPERATURE (°C), RAIN  (mm), WIND SPEED (km/hr)                                       HEAT  COOL        AVG     MEAN                              DEG   DEG         WIND                 DOM DAY TEMP  HIGH   TIME   LOW    TIME   DAYS  DAYS  RAIN  SPEED HIGH   TIME    DIR ------------------------------------------------------------------------------------  1  10.4  14.4   12:10   6.7   00:00   7.8   0.0   0.4   4.8  37.0   13:30    SW  2   8.3  12.3   12:15   5.2   23:55  10.0   0.0   2.8   6.3  40.2   13:45    NW  3   8.1  11.7   14:15   4.8    6:10  10.2   0.0   1.4   3.5  27.4   22:35    SW  4   8.4   9.7   14:25   7.7    5:35   9.9   0.0   5.2  11.1  38.6   11:45    SW  5   7.0   9.9   10:15   5.0   23:00  11.3   0.0   9.6   3.4  37.0   23:40   WSW  6   7.3   9.6   12:55   5.8    0:10  11.0   0.0   9.4   3.7  29.0    5:50     W  7   5.7   7.3    1:20   3.8   00:00  12.6   0.0   0.6   9.0  40.2    6:20   ENE  8   3.4   5.7   12:50  -0.1    6:30  14.9   0.0   1.0   3.2  25.7   22:25    SW  9   4.1   4.8   15:50   3.1    6:30  14.2   0.0   1.4   8.0  27.4   14:15    SE 10   4.2   5.2   17:35   3.4    5:40  14.1   0.0   4.6   5.6  32.2   23:30     E 11   4.1   6.7   13:10   2.6    6:35  14.2   0.0   0.0   6.6  32.2    1:10   ENE 12   3.4   5.2   14:45   1.3    3:05  14.9   0.0   0.2  10.8  35.4   18:35   SSE 13   3.8   4.6   15:20   2.5   00:00  14.5   0.0   3.2   6.1  30.6    3:50   SSE 14   4.2   6.7   22:50   1.8    1:55  14.1   0.0   6.4   9.5  38.6   19:15   SSW 15  10.4  13.0   12:15   6.6    0:05   7.9   0.0   1.4   6.8  27.4    1:05    SW 16  11.1  14.2   12:30   8.4    1:15   7.3   0.0   6.6   8.2  41.8   12:30   WSW 17   8.5  10.3   13:35   7.0    7:35   9.8   0.0  12.4  10.9  45.1   17:05    SW 18   6.6   8.7   11:25   4.6   22:10  11.7   0.0   3.0  13.4  48.3   20:50    SW 19   5.7   8.0   12:50   4.4    9:05  12.6   0.0   2.4  13.5  41.8    5:00    SW 20   7.6   9.9   15:30   5.2    1:25  10.7   0.0   6.2  20.3  83.7   13:25    SW 21  10.3  12.4   15:00   7.2    0:05   7.9   0.0   4.4  10.9  41.8   20:30   SSE 22  10.5  12.1   14:40   8.4   23:55   7.8   0.0   0.0  13.4  48.3    9:50   SSW 23   7.9   9.6   14:00   6.1    7:05  10.4   0.0   0.0   3.9  25.7   21:15    NE 24   7.1   8.3    2:05   4.2   23:45  11.2   0.0   0.0  12.9  35.4    9:45   ENE 25   5.1   7.2   14:20   3.7   23:10  13.2   0.0   0.0  11.3  32.2   10:30   ENE 26   3.8   6.8   23:55   1.1    8:05  14.4   0.0   0.0   1.3  17.7    0:30     E 27   7.4   9.6   12:35   4.7   23:55  10.9   0.0   0.0   7.4  25.7    5:40     N 28   3.5   5.7   12:10   0.9    4:20  14.8   0.0   0.0   4.0  24.1    9:40     E 29   0.8   5.2   12:35  -2.8    8:55  17.5   0.0   0.0   2.4  16.1   22:10    SW 30   4.8   8.1   15:20   0.8    0:35  13.5   0.0   0.0   6.6  29.0   14:35    SW -------------------------------------------------------------------------------------      6.5  14.4     1    -2.8    29   355.3   0.0  82.6   8.0  83.7    20      SW Max >=  32.0:  0 Max <=   0.0:  0 Min <=   0.0:  2 Min <= -18.0:  0 Max Rain: 12.40 ON 17-11-16 Days of Rain: 20 (> .2 mm) 13 (> 2 mm) 0 (> 20 mm) Heat Base:  18.3  Cool Base:  18.3  Method: Integration
NOAA Overzicht - november 2016