Deze pagina kan het beste bekeken worden met Google Chrome v61.0
Copyright 2001 - 2017,  Enkhuizen Meteo
H e t   l o k a l e   w e e r o v e r z i c h t   v o o r   d e   r e g i o   W e s t f r i e s l a n d
Enkhuizen Meteo
24 uur per dag live weeroverzicht voor de regio Enkhuizen en omgeving
         MONTHLY CLIMATOLOGICAL SUMMARY for DEC. 2016 NAME: Enkhuizen Meteo   CITY: Enkhuizen   STATE: Netherlands ELEV:    -1 m  LAT:  52° 71' 45" N  LONG:   5° 27' 21" E                    TEMPERATURE (°C), RAIN  (mm), WIND SPEED (km/hr)                                       HEAT  COOL        AVG     MEAN                              DEG   DEG         WIND                 DOM DAY TEMP  HIGH   TIME   LOW    TIME   DAYS  DAYS  RAIN  SPEED HIGH   TIME    DIR ------------------------------------------------------------------------------------  1   8.9  10.2   12:40   7.5    0:05   9.4   0.0   0.0   7.9  27.4   13:40   WNW  2   6.9   9.0    0:30   1.8   00:00  11.3   0.0   0.6   5.1  35.4    0:35     N  3   3.9   8.0   12:40   1.0    1:50  14.4   0.0   0.2   1.4  12.9   13:05     N  4   2.1   3.6    0:05   0.4    8:40  16.2   0.0   0.2   4.5  20.9   19:15     E  5   0.9   4.0   12:20  -1.8   00:00  17.4   0.0   0.0   2.7  19.3    5:00   SSW  6   1.1   4.5   12:20  -2.6    7:20  17.2   0.0   0.2   3.1  19.3   21:40   SSE  7   5.3   7.7   00:00   3.2    0:05  13.0   0.0   0.0  10.6  35.4   23:55    SW  8   6.9  10.6   00:00   5.7    3:00  11.4   0.0   2.8  10.3  33.8   15:20    SW  9   9.2  10.9    0:35   6.9   11:00   9.1   0.0   0.4   9.8  33.8    0:20   WSW 10   7.6   9.7   13:10   6.0    3:10  10.7   0.0   4.2   8.4  30.6   23:35    SW 11   8.3   9.8   12:10   6.4   00:00  10.0   0.0   6.4  10.6  51.5    2:25   WNW 12   6.0   8.8   12:35   4.2    8:50  12.3   0.0   0.2   3.9  22.5   21:15   SSW 13   6.0   6.7   23:15   5.3    6:00  12.3   0.0   0.2   8.0  25.7    2:05   SSW 14   7.3   8.1   18:25   6.2    0:25  11.0   0.0   1.6   5.5  17.7    1:10   SSW 15   6.7   7.8    1:30   6.0   23:45  11.6   0.0   0.2   8.9  25.7    2:00    SE 16   5.3   6.8   15:20   4.4   21:55  13.0   0.0   0.0   5.5  20.9    3:45    SE 17   6.5   8.7   14:35   4.8    6:15  11.8   0.0   0.2   3.9  19.3   15:45    SW 18   6.1   9.1   13:25   3.8   22:30  12.2   0.0   0.0   1.8  14.5   12:15   WSW 19   5.6   8.2   12:00   3.6   00:00  12.7   0.0   0.0   3.7  22.5   18:45    SE 20   1.5   3.6    0:05   0.5   12:20  16.8   0.0   0.2   6.9  29.0   21:20    SE 21   4.2   5.7   22:25   1.6    0:05  14.1   0.0   4.2  15.1  46.7   10:55    SW 22   5.7   7.8   15:00   4.4   21:45  12.6   0.0   0.6  10.1  33.8    4:05    SW 23   5.6   6.5   23:55   4.4    8:35  12.7   0.0   1.8  15.4  51.5   21:05    SW 24   8.1   9.6   22:45   6.5    0:05  10.2   0.0   0.4  13.7  51.5   15:05     W 25  10.3  11.4   18:45   9.3    1:10   8.0   0.0   0.0  17.5  46.7   18:45   WSW 26   8.6  11.4    4:05   6.6   17:50   9.7   0.0   0.2  19.3  59.5   13:40   WNW 27   7.3   9.9   12:50   5.6    1:50  11.0   0.0   1.2   7.9  46.7    1:30   WNW 28   3.4   6.5   11:30   2.3    9:40  14.8   0.0   0.0   3.2  19.3   17:40    SW 29   0.9   2.4    0:05   0.0   20:30  17.3   0.0   0.2   7.4  25.7   13:35   SSW 30   0.8   4.1   23:40  -2.2    5:00  17.5   0.0   0.2   8.5  27.4   14:50    SW 31   4.2   5.7   16:10   3.3    8:35  14.1   0.0   0.0  10.8  77.2   11:05    SW -------------------------------------------------------------------------------------      5.5  11.4    25    -2.6     6   396.1   0.0  26.4   8.1  77.2    31      SW Max >=  32.0:  0 Max <=   0.0:  0 Min <=   0.0:  4 Min <= -18.0:  0 Max Rain: 6.40 ON 11-12-16 Days of Rain: 22 (> .2 mm) 4 (> 2 mm) 0 (> 20 mm) Heat Base:  18.3  Cool Base:  18.3  Method: Integration
NOAA Overzicht - december 2016