Deze pagina kan het beste bekeken worden met Google Chrome v61.0
Copyright 2001 - 2017,  Enkhuizen Meteo
H e t   l o k a l e   w e e r o v e r z i c h t   v o o r   d e   r e g i o   W e s t f r i e s l a n d
Enkhuizen Meteo
24 uur per dag live weeroverzicht voor de regio Enkhuizen en omgeving
          MONTHLY CLIMATOLOGICAL SUMMARY for JAN. 2017 NAME: Enkhuizen Meteo   CITY: Enkhuizen   STATE: Netherlands ELEV:    -1 m  LAT:  52° 71' 45" N  LONG:   5° 27' 21" E                    TEMPERATURE (°C), RAIN  (mm), WIND SPEED (km/hr)                                       HEAT  COOL        AVG     MEAN                              DEG   DEG         WIND                 DOM DAY TEMP  HIGH   TIME   LOW    TIME   DAYS  DAYS  RAIN  SPEED HIGH   TIME    DIR ------------------------------------------------------------------------------------  1   2.7   4.6    0:05   1.0   17:10  15.6   0.0   0.6   9.0  38.6    6:00    SW  2   4.3   6.6   13:15   1.6   22:45  14.0   0.0   0.6   0.6  25.7    1:15   NNW  3   5.3   7.6   23:40   2.1    0:05  13.0   0.0   0.4   3.7  25.7   12:55     W  4   6.1   7.8    3:40   3.7   10:05  12.2   0.0   1.2   6.6  27.4   14:05   NNW  5   2.1   5.0    0:30  -1.2   23:40  16.2   0.0   0.4   4.0  24.1    0:35   ENE  6  -0.8   0.4   11:55  -2.4    8:05  19.1   0.0   0.0   7.6  25.7   16:10   SSW  7   1.8   5.5   22:55  -0.2    1:00  16.5   0.0   5.6   6.3  25.7    0:40    SW  8   5.1   6.4   14:40   3.5    0:50  13.2   0.0   0.0   1.0  12.9    3:45   NNW  9   4.5   5.2   19:35   3.7    9:10  13.8   0.0   2.8   1.0  30.6   16:40   SSW 10   4.9   5.9   12:55   2.9    8:15  13.4   0.0   2.4   0.0   1.6    3:25   WSW 11   6.8   9.9   12:20   4.6    3:35  11.4   0.0   1.0   0.2  38.6   15:45   WNW 12   5.5   7.7   11:10   1.1   23:45  12.8   0.0  13.0   0.0  16.1   17:45     S 13   3.8   6.1   20:35   0.8    1:10  14.5   0.0  11.6   0.0   0.0     ---   --- 14   2.7   5.4    0:10   1.3    7:30  15.6   0.0   4.8   0.0   1.6   17:50    NW 15   1.9   4.3   13:10  -0.2    8:45  16.3   0.0   0.6   0.0   1.6   14:25   WNW 16   0.3   4.0   11:15  -2.4   22:30  18.0   0.0   0.4   0.3  16.1    6:30    SE 17  -2.1  -0.9   13:40  -3.0   23:35  20.4   0.0   0.0   0.0   8.0    3:15    SE 18  -2.1  -0.3   19:55  -3.5    6:40  20.4   0.0   0.0   0.0   0.0     ---   --- 19  -0.3   4.9   13:20  -3.1    6:50  18.6   0.0   0.2   0.0   0.0     ---   --- 20   0.4   3.2   12:10  -3.0    7:45  17.9   0.0   0.0   0.0   0.0     ---   --- 21   2.6   4.4   12:45   0.9   23:35  15.7   0.0   0.0   0.0   0.0     ---   --- 22   0.3   3.5   13:15  -3.6    8:50  18.0   0.0   0.2   0.0   0.0     ---   --- 23   0.9   2.7   15:40  -1.8    5:50  17.4   0.0   0.8   0.0   0.0     ---   --- 24   0.7   2.6    0:40  -0.2    8:30  17.6   0.0   1.6   1.6  30.6   21:45   SSW 25  -0.1   1.0   12:00  -0.6    7:40  18.3   0.0   0.2   1.1  24.1   13:30   SSE 26  -0.2   1.6   13:25  -1.4    6:35  18.5   0.0   0.0   0.0   0.0     ---   --- 27   1.4   4.1   18:10  -1.6    8:20  16.9   0.0   0.0   0.0   0.0     ---   --- 28   4.7   6.9   15:40   2.9    7:25  13.6   0.0   0.0   0.0   0.0     ---   --- 29   3.9   5.8   14:20   3.1    3:55  14.4   0.0   1.6   0.0   0.0     ---   --- 30   3.8   4.7    9:55   3.0   16:55  14.5   0.0   5.6   0.0   0.0     ---   --- 31   3.6   4.0    7:10   3.2   15:55  14.7   0.0   0.0   0.0   4.8    0:40    NE -------------------------------------------------------------------------------------      2.4   9.9    11    -3.6    22   492.7   0.0  55.6   1.4  38.6     1      SW Max >=  32.0:  0 Max <=   0.0:  2 Min <=   0.0: 15 Min <= -18.0:  0 Max Rain: 13.00 ON 12-01-17 Days of Rain: 21 (> .2 mm) 7 (> 2 mm) 0 (> 20 mm) Heat Base:  18.3  Cool Base:  18.3  Method: Integration * Ivm een defecte anemometer geen correcte windgegevens
NOAA Overzicht - januari 2017