Deze pagina kan het beste bekeken worden met Google Chrome v61.0
Copyright 2001 - 2017,  Enkhuizen Meteo
H e t   l o k a l e   w e e r o v e r z i c h t   v o o r   d e   r e g i o   W e s t f r i e s l a n d
Enkhuizen Meteo
24 uur per dag live weeroverzicht voor de regio Enkhuizen en omgeving
                   MONTHLY CLIMATOLOGICAL SUMMARY for FEB. 2017 NAME: Enkhuizen Meteo   CITY: Enkhuizen   STATE: Netherlands ELEV:    -1 m  LAT:  52° 71' 45" N  LONG:   5° 27' 21" E                    TEMPERATURE (°C), RAIN  (mm), WIND SPEED (km/hr)                                       HEAT  COOL        AVG     MEAN                              DEG   DEG         WIND                 DOM DAY TEMP  HIGH   TIME   LOW    TIME   DAYS  DAYS  RAIN  SPEED HIGH   TIME    DIR ------------------------------------------------------------------------------------  1   3.5   4.9   12:20   1.7    5:10  14.8   0.0   1.2   0.0   0.0     ---   ---  2   7.2   9.9   14:55   4.6    0:05  11.1   0.0   0.0   0.0   0.0     ---   ---  3   8.2  11.1   13:50   6.0   23:25  10.1   0.0   0.6   0.0   0.0     ---   ---  4   5.3   6.7   13:25   3.5    7:00  13.0   0.0   7.8   0.0   0.0     ---   ---  5   4.5   5.2   19:50   3.2   00:00  13.8   0.0   3.4   0.0   8.0    3:55   ENE  6   3.8   5.1   17:10   2.0    2:40  14.5   0.0   0.0   1.1  25.7   19:00   ESE  7   1.5   3.3    2:10   0.2   23:55  16.8   0.0   0.4   1.6  29.0    8:45     E  8  -0.3   0.2    0:05  -0.7   23:40  18.6   0.0   0.2   0.0   0.0     ---   ---  9  -1.4  -0.6    0:05  -1.9   19:35  19.7   0.0   0.0   0.0   0.0     ---   --- 10  -1.9  -0.9   23:35  -2.9    5:20  20.2   0.0   0.0   0.0   0.0     ---   --- 11   0.0   1.1   14:15  -1.0    0:40  18.3   0.0   0.0   0.0   0.0     ---   --- 12   0.2   2.0   14:20  -1.4    2:25  18.1   0.0   1.6   0.0   0.0     ---   --- 13   1.6   4.2   16:45  -0.9    7:00  16.7   0.0   1.4   0.0   0.0     ---   --- 14   3.0   5.8   16:55   0.2    8:20  15.3   0.0   0.2   0.0   0.0     ---   --- 15   6.3  11.8   14:10   2.2    2:30  12.0   0.0   0.0   0.5  12.9   10:15   SSE 16   6.1   9.6   15:00   3.3    5:00  12.2   0.0   0.0   0.0   0.0     ---   --- 17   6.9   7.8   11:40   4.5   00:00  11.3   0.0   1.0   0.5  12.9   23:00   NNW 18   4.4   6.2   15:25   2.9   21:50  13.9   0.0   0.0   0.6  17.7   13:45   WSW 19   6.6   9.9   14:00   3.4    3:35  11.8   0.0   1.2   3.1  30.6    9:25   WSW 20   8.9  10.8   15:10   6.1    0:50   9.4   0.0   2.2   3.5  33.8   16:25     W 21   8.7  11.1   14:05   6.3   20:10   9.6   0.0   0.8   4.0  29.0    9:35   WNW 22   8.7  10.1    2:10   7.2   22:25   9.6   0.0  13.0   8.5  59.5    2:55     W 23   7.4  10.3   14:00   4.3   23:05  10.9   0.0  25.4  10.3  82.1   16:55   WSW 24   5.1   8.8   13:25   2.9   22:50  13.2   0.0   0.4   8.2  53.1    0:05    NW 25   5.6   8.6   20:25   2.9    0:10  12.7   0.0   5.4  13.5  49.9   23:30    SW 26   8.3  10.5   21:45   7.0    7:05  10.0   0.0   5.6  16.1  49.9   20:30    SW 27   8.0   9.4    0:05   6.3   23:20  10.3   0.0   5.8   9.3  43.5   10:05   SSW 28   4.7   6.4   15:10   2.9    8:55  13.6   0.0   4.2   1.1  33.8    7:00   WSW -------------------------------------------------------------------------------------      4.7  11.8    15    -2.9    10   381.4   0.0  81.8   2.9  82.1    23      SW Max >=  32.0:  0 Max <=   0.0:  2 Min <=   0.0:  6 Min <= -18.0:  0 Max Rain: 25.40 ON 23-02-17 Days of Rain: 20 (> .2 mm) 9 (> 2 mm) 1 (> 20 mm) Heat Base:  18.3  Cool Base:  18.3  Method: Integration * Ivm een defecte anemometer geen correcte windgegevens
NOAA Overzicht - februari 2017