Deze pagina kan het beste bekeken worden met Google Chrome v61.0
Copyright 2001 - 2017,  Enkhuizen Meteo
H e t   l o k a l e   w e e r o v e r z i c h t   v o o r   d e   r e g i o   W e s t f r i e s l a n d
Enkhuizen Meteo
24 uur per dag live weeroverzicht voor de regio Enkhuizen en omgeving
                   MONTHLY CLIMATOLOGICAL SUMMARY for MAR. 2017 NAME: Enkhuizen Meteo   CITY: Enkhuizen   STATE: Netherlands ELEV:    -1 m  LAT:  52° 71' 45" N  LONG:   5° 27' 21" E                    TEMPERATURE (°C), RAIN  (mm), WIND SPEED (km/hr)                                       HEAT  COOL        AVG     MEAN                              DEG   DEG         WIND                 DOM DAY TEMP  HIGH   TIME   LOW    TIME   DAYS  DAYS  RAIN  SPEED HIGH   TIME    DIR ------------------------------------------------------------------------------------  1   6.2  10.1   13:35   3.7    7:50  12.1   0.0   3.0   3.7  32.2   13:50    SW  2   6.0   8.9   14:15   3.6    5:50  12.3   0.0   7.4   4.5  56.3    5:30     W  3   6.3   8.4   13:20   3.7    7:50  12.0   0.0   0.4   2.7  27.4    2:55    SW  4   8.9  12.6   14:00   6.9    5:30   9.4   0.0   4.6   2.3  24.1   10:20   SSE  5   7.4  11.4   13:35   5.6   23:25  10.9   0.0   6.4   5.8  37.0   15:35     S  6   6.7  10.0   14:25   4.6    6:35  11.6   0.0   0.0   3.7  19.3   17:20   SSW  7   6.3   7.9   13:55   4.9   23:45  12.0   0.0   0.0   3.7  20.9   13:10   NNW  8   6.3   9.4   15:35   4.6   00:00  12.0   0.0   8.8   7.1  45.1    9:55     S  9   7.2  12.0   14:05   4.2    2:10  11.1   0.0   0.8   2.4  45.1   16:30   NNW 10   7.3  12.8   12:55   2.2    7:15  11.0   0.0   0.0   3.4  19.3   12:00   WNW 11   8.5  11.7   14:20   5.5    7:05   9.8   0.0   0.0   4.2  25.7   22:05   SSE 12   9.2  12.9   14:00   5.6    7:20   9.2   0.0   0.0   5.1  29.0    8:55   ESE 13   7.7  12.0   12:30   3.2    7:30  10.6   0.0   0.0   2.1  27.4   16:15     W 14   9.1  14.8   13:00   5.7    0:05   9.2   0.0   0.0   0.6  17.7    0:30   WSW 15   8.8  12.9   12:45   6.0   00:00   9.5   0.0   0.0   0.2  12.9   15:25     W 16  11.2  15.4   14:05   5.2    1:25   5.5   0.0   0.0   4.8  29.0   14:55   SSW 17   8.4  11.3   14:05   6.2    7:35   9.9   0.0   5.2   7.7  45.1   22:20   WSW 18   8.9  10.4   13:55   7.5    0:05   9.4   0.0   3.8   6.8  51.5    1:05     W 19  10.9  12.8   15:10   8.2    0:05   7.4   0.0   3.2   0.6  38.6   15:50   WSW 20  10.1  11.3    0:05   8.1   23:50   8.2   0.0   4.0   0.5  38.6   19:25   WSW 21   7.9  10.5   14:10   6.3   00:00  10.4   0.0   0.0   0.5  35.4   11:50    SW 22   8.9  13.3   14:10   5.3    7:05   9.4   0.0   0.0   0.3  35.4   11:50   ESE 23   9.0  11.9   13:05   6.5    5:00   9.3   0.0   0.0   1.0  32.2   23:35   ENE 24   8.7  12.5   14:05   5.3    7:15   9.6   0.0   0.0   0.5  32.2    0:30   ENE 25   8.7  12.9   13:30   5.7    6:15   9.6   0.0   0.0   1.1  37.0   18:50   ENE 26   8.6  11.1   15:40   6.6    0:55   9.3   0.0   0.0   0.8  25.7    3:35   ENE 27  10.6  15.8   15:10   6.1    7:25   7.7   0.0   0.0   2.3  17.7   16:50     E 28  12.6  19.6   14:00   5.2    7:15   5.9   0.2   0.0   0.3  29.0   22:40   WSW 29  11.4  14.0   16:50  10.1    6:55   6.9   0.0   1.8   1.3  24.1   18:00   WSW 30  15.3  21.6   16:05  10.9    5:20   3.4   0.4   0.0   0.2  22.5   11:25   SSW 31  15.3  21.8   15:05  11.3   23:55   3.3   0.3   0.2   0.2  27.4    9:30   SSE -------------------------------------------------------------------------------------      9.0  21.8    31     2.2    10   288.0   0.8  49.6   2.6  56.3     2       W Max >=  32.0:  0 Max <=   0.0:  0 Min <=   0.0:  0 Min <= -18.0:  0 Max Rain: 8.79 ON 08-03-17 Days of Rain: 13 (> .2 mm) 9 (> 2 mm) 0 (> 20 mm) Heat Base:  18.3  Cool Base:  18.3  Method: Integration * Ivm een defecte anemometer geen correcte windgegevens
NOAA Overzicht - maart 2017