Deze pagina kan het beste bekeken worden met Google Chrome v61.0
Copyright 2001 - 2017,  Enkhuizen Meteo
H e t   l o k a l e   w e e r o v e r z i c h t   v o o r   d e   r e g i o   W e s t f r i e s l a n d
Enkhuizen Meteo
24 uur per dag live weeroverzicht voor de regio Enkhuizen en omgeving
                      MONTHLY CLIMATOLOGICAL SUMMARY for APR. 2017 NAME: Enkhuizen Meteo   CITY: Enkhuizen   STATE: Netherlands ELEV:    -1 m  LAT:  52° 71' 45" N  LONG:   5° 27' 21" E                    TEMPERATURE (°C), RAIN  (mm), WIND SPEED (km/hr)                                       HEAT  COOL        AVG     MEAN                              DEG   DEG         WIND                 DOM DAY TEMP  HIGH   TIME   LOW    TIME   DAYS  DAYS  RAIN  SPEED HIGH   TIME    DIR ------------------------------------------------------------------------------------  1  11.5  14.8   10:35   8.8    6:10   6.8   0.0   0.8   0.5  38.6   23:45    SW  2  11.0  17.0   12:40   7.7    7:40   7.3   0.0   0.0   0.5  19.3   14:50   WSW  3   9.0  11.1   15:55   7.5   23:40   9.3   0.0   0.0   0.2  12.9    3:05    SW  4  11.5  17.7   15:10   7.0    7:15   6.8   0.0   0.0   0.3  17.7   17:50    SE  5   9.9  12.4   12:50   8.4    7:40   8.4   0.0   0.2   0.6  19.3   15:10   NNW  6   8.9  11.3   14:45   6.8    8:05   9.4   0.0   0.0   0.3  20.9   11:35     N  7  10.9  16.3   14:40   7.2    0:05   7.3   0.0   0.0   0.3  19.3   14:00   WNW  8  10.6  13.8   16:15   8.3   23:15   7.7   0.0   0.0   0.2  20.9    7:45   WNW  9  13.2  19.1   16:10   6.8    3:40   5.2   0.0   0.0   0.0  12.9    4:25   ESE 10  10.8  14.6    1:20   7.3   00:00   7.5   0.0   0.2   0.0  16.1    4:45   WNW 11  10.1  15.4   14:35   5.7    2:35   8.2   0.0   0.0   0.2  17.7   10:20     W 12   9.8  11.6   12:25   8.4   23:50   8.5   0.0   1.8   0.0  16.1    9:50     W 13   9.4  13.3   14:55   6.1   23:45   8.9   0.0   0.0   0.0  12.9   10:30    NW 14   9.7  13.6   16:10   5.9    1:15   8.6   0.0   0.0   0.0  11.3   14:50     W 15   9.8  12.7   12:10   6.5   23:05   8.5   0.0   6.4   0.0  16.1    9:10   WNW 16   8.4  12.3   13:20   5.3    5:55   9.9   0.0   0.0   0.0   1.6    8:10    NW 17   7.7  10.6   14:25   5.9    4:15  10.6   0.0   3.0   0.0   0.0     ---   --- 18   7.5  10.8   14:35   5.1    6:00  10.8   0.0   0.0   0.0   8.0   14:30   WNW 19   6.8   9.5   15:45   4.5    5:05  11.5   0.0   0.0   0.0  11.3    8:35    NE 20   8.4  13.3   14:05   1.9    6:50   9.8   0.0   0.0   0.0   1.6    7:30    SW 21  11.3  15.6   13:15   8.6   23:55   7.0   0.0   0.8   0.2  32.2   23:50     W 22   8.3  11.0   15:00   6.1   23:15   9.9   0.0   0.6   0.0  20.9    0:10     N 23   7.6  10.5   12:00   4.3    7:20  10.7   0.0   0.6   0.0  19.3    5:55   WNW 24   9.4  12.9   12:05   6.9   23:50   8.9   0.0   6.6   0.0   0.0     ---   --- 25   6.2  10.6   15:00   3.3    5:55  12.1   0.0   3.2   0.0   0.0     ---   --- 26   6.9  10.6   14:05   2.1    6:15  11.4   0.0   1.4   0.0   9.7    6:15   WNW 27   7.8  11.9   13:05   3.3    6:55  10.5   0.0   0.2   0.5  20.9    7:35   NNW 28   8.5  11.3   11:05   6.0   22:55   9.8   0.0   1.2   1.8  37.0    1:30   WNW 29   8.7  12.3   10:55   4.2    4:05   9.6   0.0   0.0   0.0  11.3    0:15   WNW 30  12.2  17.1   16:00   7.1    5:35   6.2   0.0   0.0   0.0   0.0     ---   --- -------------------------------------------------------------------------------------      9.4  19.1     9     1.9    20   266.9   0.0  27.0   0.2  38.6     1     WNW Max >=  32.0:  0 Max <=   0.0:  0 Min <=   0.0:  0 Min <= -18.0:  0 Max Rain: 6.60 ON 24-04-17 Days of Rain: 14 (> .2 mm) 4 (> 2 mm) 0 (> 20 mm) Heat Base:  18.3  Cool Base:  18.3  Method: Integration * Ivm een defecte anemometer geen correcte windgegevens
NOAA Overzicht - april 2017