Deze pagina kan het beste bekeken worden met Google Chrome v61.0
Copyright 2001 - 2017,  Enkhuizen Meteo
H e t   l o k a l e   w e e r o v e r z i c h t   v o o r   d e   r e g i o   W e s t f r i e s l a n d
Enkhuizen Meteo
24 uur per dag live weeroverzicht voor de regio Enkhuizen en omgeving
                   MONTHLY CLIMATOLOGICAL SUMMARY for MAY. 2017 NAME: Enkhuizen Meteo   CITY: Enkhuizen   STATE: Netherlands ELEV:    -1 m  LAT:  52° 71' 45" N  LONG:   5° 27' 21" E                    TEMPERATURE (°C), RAIN  (mm), WIND SPEED (km/hr)                                       HEAT  COOL        AVG     MEAN                              DEG   DEG         WIND                 DOM DAY TEMP  HIGH   TIME   LOW    TIME   DAYS  DAYS  RAIN  SPEED HIGH   TIME    DIR ------------------------------------------------------------------------------------  1  11.2  13.2    0:05   9.9   00:00   7.1   0.0   3.2   0.0   0.0     ---   ---  2  11.1  14.1   16:00   9.0   00:00   7.2   0.0   1.4   3.7  61.2   23:05   ENE  3  10.8  13.9   18:25   8.3    2:40   7.5   0.0   1.0   0.8  49.9    1:35   ENE  4  10.1  12.1   16:10   7.8   11:35   8.3   0.0   0.8   0.0  33.8    1:05   ENE  5   9.8  11.8   15:15   8.4    8:15   8.5   0.0   0.0   0.0  17.7   16:30     E  6  11.7  15.6   16:20   8.5    6:10   6.6   0.0   0.0   1.1  29.0   16:00   ENE  7  11.4  15.6   14:40   9.2   23:55   6.9   0.0   0.0  10.1  32.2    7:25     N  8  10.3  15.1   13:50   7.9   00:00   8.0   0.0   0.0  12.1  59.5   22:05    NW  9   9.8  12.9   12:10   7.4    6:20   8.5   0.0   0.0   1.9  51.5    0:45    NE 10  10.1  13.6   16:30   7.8    4:10   8.2   0.0   0.0   0.3  33.8   10:40   WNW 11  15.3  21.7   16:25   8.6    6:05   3.8   0.8   0.0   0.0   0.0     ---   --- 12  15.6  18.8   16:35  14.0   23:55   2.8   0.0   7.6   0.0   0.0     ---   --- 13  15.2  18.9   13:05  12.1   23:40   3.1   0.0   1.2   0.0   0.0     ---   --- 14  15.1  20.8   12:50  11.6   00:00   3.5   0.3   1.8   0.0   0.0     ---   --- 15  15.7  20.9   16:25   9.8    4:45   3.0   0.4   0.0   0.0   0.0     ---   --- 16  19.7  25.5   16:20  16.2    3:40   0.7   2.1   0.2   0.0   0.0     ---   --- 17  22.1  28.8   16:25  17.1    5:20   0.2   4.0   0.0   0.0   0.0     ---   --- 18  16.6  23.3    0:05  14.1    9:10   2.2   0.6   0.8   0.0   0.0     ---   --- 19  13.8  16.1    7:05  11.4   00:00   4.5   0.0   1.0   0.0   0.0     ---   --- 20  13.7  18.4   12:25  10.5    6:20   4.6   0.0  11.0   0.0   0.0     ---   --- 21  15.0  20.9   15:25   9.2    5:40   3.5   0.2   0.0   0.0   0.0     ---   --- 22  18.6  23.8   15:20  13.2    5:15   1.6   1.8   0.0   0.0   0.0     ---   --- 23  17.7  20.9   10:45  12.8   00:00   1.2   0.6   0.0   0.0   0.0     ---   --- 24  16.2  22.1   14:35  11.5    4:30   2.8   0.7   0.0   0.0   0.0     ---   --- 25  16.6  21.1   15:10  11.2    5:35   2.2   0.6   0.0   0.0   0.0     ---   --- 26  19.8  24.9   16:10  14.9    5:35   0.9   2.4   0.0   0.0   0.0     ---   --- 27  23.6  31.4   16:15  17.4    5:20   0.1   5.3   0.0   0.0   0.0     ---   --- 28  20.6  26.6   13:35  16.4    6:05   0.3   2.6   0.0   0.0   0.0     ---   --- 29  19.9  25.3   14:25  15.8    7:50   0.6   2.3   4.0   0.0   0.0     ---   --- 30  17.8  20.6    0:05  16.1   23:45   0.8   0.3   3.4   0.0   0.0     ---   --- 31  16.9  21.0   10:15  13.5    6:00   1.9   0.4   0.0   0.0   0.0     ---   --- -------------------------------------------------------------------------------------     15.2  31.4    27     7.4     9   121.0  25.4  37.3   1.0  61.2     2     ENE Max >=  32.0:  0 Max <=   0.0:  0 Min <=   0.0:  0 Min <= -18.0:  0 Max Rain: 11.00 ON 20-05-17 Days of Rain: 13 (> .2 mm) 5 (> 2 mm) 0 (> 20 mm) Heat Base:  18.3  Cool Base:  18.3  Method: Integration * Ivm een defecte anemometer geen correcte windgegevens
NOAA Overzicht - mei 2017