Deze pagina kan het beste bekeken worden met Google Chrome v61.0
Copyright 2001 - 2017,  Enkhuizen Meteo
H e t   l o k a l e   w e e r o v e r z i c h t   v o o r   d e   r e g i o   W e s t f r i e s l a n d
Enkhuizen Meteo
24 uur per dag live weeroverzicht voor de regio Enkhuizen en omgeving
                   MONTHLY CLIMATOLOGICAL SUMMARY for JUN. 2017 NAME: Enkhuizen Meteo   CITY: Enkhuizen   STATE: Netherlands ELEV:    -1 m  LAT:  52° 71' 45" N  LONG:   5° 27' 21" E                    TEMPERATURE (°C), RAIN  (mm), WIND SPEED (km/hr)                                       HEAT  COOL        AVG     MEAN                              DEG   DEG         WIND                 DOM DAY TEMP  HIGH   TIME   LOW    TIME   DAYS  DAYS  RAIN  SPEED HIGH   TIME    DIR ------------------------------------------------------------------------------------  1  17.1  22.3   16:50  11.2    6:05   2.0   0.8   0.0   0.0   0.0     ---   ---  2  20.5  24.6   16:20  15.5    6:10   0.6   2.8   0.0   0.0   0.0     ---   ---  3  19.9  24.3   15:50  14.9   00:00   0.2   1.9   0.2   0.0   0.0     ---   ---  4  17.1  22.2   10:45  13.4   00:00   2.0   0.8   0.0   0.0   0.0     ---   ---  5  17.7  22.1   15:45  13.3    1:55   1.6   1.0   0.0   0.0   0.0     ---   ---  6  15.7  19.0    0:25  10.7   22:55   2.7   0.1  11.6   0.0   0.0     ---   ---  7  13.6  16.5   18:10  11.8   12:20   4.7   0.0   5.8   0.0   0.0     ---   ---  8  16.3  21.7   18:00  12.7    6:25   2.5   0.5   1.4   0.0   0.0     ---   ---  9  16.4  19.4   15:40  14.8   22:40   1.9   0.1  25.8   0.0   1.6    9:30   SSE 10  18.3  23.4   17:05  13.4    6:00   1.4   1.4   0.0   0.0   0.0     ---   --- 11  20.8  27.9   16:05  16.2    2:45   0.6   3.1   0.2   0.0   0.0     ---   --- 12  16.8  19.3   14:10  13.8    5:45   1.6   0.1   0.0   0.0   0.0     ---   --- 13  17.4  21.9   13:05  13.7    4:45   1.7   0.8   0.0   0.0   0.0     ---   --- 14  18.3  23.0   15:35  11.9    5:40   1.7   1.7   0.0   0.0   0.0     ---   --- 15  20.9  27.4   13:55  17.0    6:30   0.2   2.9   0.0   0.0   0.0     ---   --- 16  17.3  19.6   15:40  14.3   23:40   1.2   0.1   0.0   0.0   0.0     ---   --- 17  18.7  23.6   16:50  14.1    1:15   1.0   1.4   0.0   0.0   0.0     ---   --- 18  21.3  27.2   14:05  14.5    5:45   0.9   3.8   0.0   0.0   0.0     ---   --- 19  24.1  30.6   14:55  18.7    5:40   0.0   5.8   0.0   0.0   0.0     ---   --- 20  20.7  23.1   11:25  16.3   23:55   0.1   2.5   0.0   0.0   0.0     ---   --- 21  19.9  25.6   16:55  14.6    5:20   1.1   2.7   0.0   0.0   0.0     ---   --- 22  22.9  28.9   11:00  17.3   23:25   0.1   4.7   0.2   0.0   0.0     ---   --- 23  19.0  22.2   11:50  16.7    6:20   0.4   1.1   0.4   0.0   0.0     ---   --- 24  18.2  20.0   13:35  16.6    9:35   0.5   0.3   3.6   0.0   0.0     ---   --- 25  17.7  20.2   10:50  16.0   00:00   0.7   0.1   5.8   0.0   0.0     ---   --- 26  16.7  20.3   12:20  12.8    6:10   1.7   0.2   0.4   0.0   0.0     ---   --- 27  17.9  22.3   16:00  14.2    5:40   1.5   1.1   0.0   0.0   0.0     ---   --- 28  17.7  22.8   14:15  16.3    1:20   1.0   0.4  31.0   0.0   0.0     ---   --- 29  18.0  21.1   11:55  15.2    5:30   1.0   0.7   0.4   0.0   0.0     ---   --- 30  17.8  21.7   14:30  14.8    5:40   1.3   0.8   5.2   0.0   0.0     ---   --- -------------------------------------------------------------------------------------     18.5  30.6    19    10.7     6    37.9  43.7  92.0   0.0   1.6     9     SSE Max >=  32.0:  0 Max <=   0.0:  0 Min <=   0.0:  0 Min <= -18.0:  0 Max Rain: 30.99 ON 28-06-17 Days of Rain: 14 (> .2 mm) 7 (> 2 mm) 2 (> 20 mm) Heat Base:  18.3  Cool Base:  18.3  Method: Integration * Ivm een defecte anemometer geen correcte windgegevens
NOAA Overzicht - juni 2017