Deze pagina kan het beste bekeken worden met Google Chrome v61.0
Copyright 2001 - 2017,  Enkhuizen Meteo
H e t   l o k a l e   w e e r o v e r z i c h t   v o o r   d e   r e g i o   W e s t f r i e s l a n d
Enkhuizen Meteo
24 uur per dag live weeroverzicht voor de regio Enkhuizen en omgeving
                   MONTHLY CLIMATOLOGICAL SUMMARY for JUL. 2017 NAME: Enkhuizen Meteo   CITY: Enkhuizen   STATE: Netherlands ELEV:    -1 m  LAT:  52° 71' 45" N  LONG:   5° 27' 21" E                    TEMPERATURE (°C), RAIN  (mm), WIND SPEED (km/hr)                                       HEAT  COOL        AVG     MEAN                              DEG   DEG         WIND                 DOM DAY TEMP  HIGH   TIME   LOW    TIME   DAYS  DAYS  RAIN  SPEED HIGH   TIME    DIR ------------------------------------------------------------------------------------  1  16.6  19.9   15:30  14.4    3:00   1.8   0.1  11.8   0.0   0.0     ---   ---  2  16.8  20.3   16:35  13.4   00:00   1.7   0.2   0.4   0.0   0.0     ---   ---  3  17.3  22.5   12:45  11.9    3:50   1.9   0.9   0.0   0.0   0.0     ---   ---  4  18.0  20.5   14:10  14.8    4:05   0.8   0.5   0.0   0.0   0.0     ---   ---  5  19.1  22.9   16:45  15.7    6:00   0.7   1.4   0.0   0.0   0.0     ---   ---  6  20.1  25.3   16:10  15.3    6:05   0.7   2.5   5.2   0.0   0.0     ---   ---  7  21.6  26.6   12:55  18.0    5:50   0.0   3.3   1.8   0.0   0.0     ---   ---  8  18.9  22.6   10:35  16.3   00:00   0.3   1.0   0.0   0.0   0.0     ---   ---  9  18.4  22.2   16:30  13.0    6:20   1.3   1.4   0.0   0.0   0.0     ---   --- 10  20.7  27.3   16:10  17.8    4:45   0.1   2.5   0.0   0.0   0.0     ---   --- 11  19.7  22.7   11:40  16.8   23:45   0.2   1.6   4.4   0.0   0.0     ---   --- 12  15.9  17.7   16:30  14.8    4:10   2.3   0.0  18.4   0.0   0.0     ---   --- 13  16.6  19.7   15:50  12.4    4:05   1.8   0.1   0.0   0.0   0.0     ---   --- 14  16.4  19.3   12:15  13.3    5:50   1.9   0.0   5.4   0.0   0.0     ---   --- 15  18.1  22.6   15:55  13.3    5:20   1.5   1.3   0.0   0.0   0.0     ---   --- 16  18.9  21.8   13:10  16.7    4:35   0.4   1.1   0.4   0.0   0.0     ---   --- 17  18.3  22.0   13:00  13.1    6:35   1.2   1.2   0.0   0.0   0.0     ---   --- 18  19.7  23.8   17:05  15.7    6:05   0.6   2.1   0.0   0.0   0.0     ---   --- 19  22.8  28.7   15:40  17.8    6:20   0.0   4.5   0.0   0.0   0.0     ---   --- 20  20.8  24.7   14:55  15.2   00:00   0.2   2.7   0.8   0.0   0.0     ---   --- 21  19.4  23.6   15:10  13.7    3:40   1.0   2.1   0.0   0.0   0.0     ---   --- 22  21.8  26.7   13:55  18.5    4:05   0.0   3.5   1.6   0.0   0.0     ---   --- 23  17.4  20.7   10:55  14.4   22:45   1.2   0.3  17.2   0.0   0.0     ---   --- 24  16.4  21.0   15:50  13.6    5:45   2.1   0.2   3.0   0.0   0.0     ---   --- 25  17.8  19.9   13:55  16.4    3:50   0.6   0.1   3.8   0.0   0.0     ---   --- 26  19.7  23.8   15:05  16.4    6:05   0.5   1.8   1.2   0.0   0.0     ---   --- 27  18.8  21.8   15:45  16.8    6:55   0.3   0.8   0.4   0.0   0.0     ---   --- 28  18.2  21.7   15:35  14.9    6:05   0.9   0.8   0.0   0.0   0.0     ---   --- 29  19.1  23.6   14:35  16.6    6:40   0.6   1.4  21.6   0.0   0.0     ---   --- 30  19.4  22.8   11:25  16.7   23:25   0.2   1.3   2.0   0.0   0.0     ---   --- 31  19.4  23.0   16:00  15.8    5:40   0.6   1.8   0.0   0.0   0.0     ---   --- -------------------------------------------------------------------------------------     18.8  28.7    19    11.9     3    27.7  42.7  99.4   0.0   0.0     ---   --- Max >=  32.0:  0 Max <=   0.0:  0 Min <=   0.0:  0 Min <= -18.0:  0 Max Rain: 21.59 ON 29-07-17 Days of Rain: 17 (> .2 mm) 10 (> 2 mm) 1 (> 20 mm) Heat Base:  18.3  Cool Base:  18.3  Method: Integration * Ivm een defecte anemometer geen correcte windgegevens
NOAA Overzicht - juli 2017