Deze pagina kan het beste bekeken worden met Google Chrome v61.0
Copyright 2001 - 2017,  Enkhuizen Meteo
H e t   l o k a l e   w e e r o v e r z i c h t   v o o r   d e   r e g i o   W e s t f r i e s l a n d
Enkhuizen Meteo
24 uur per dag live weeroverzicht voor de regio Enkhuizen en omgeving
                       MONTHLY CLIMATOLOGICAL SUMMARY for SEP. 2017 NAME: Enkhuizen Meteo   CITY: Enkhuizen   STATE: Netherlands ELEV:    -1 m  LAT:  52° 71' 45" N  LONG:   5° 27' 21" E                    TEMPERATURE (°C), RAIN  (mm), WIND SPEED (km/hr)                                       HEAT  COOL        AVG     MEAN                              DEG   DEG         WIND                 DOM DAY TEMP  HIGH   TIME   LOW    TIME   DAYS  DAYS  RAIN  SPEED HIGH   TIME    DIR ------------------------------------------------------------------------------------  1  15.4  20.2   15:05  10.0    6:45   3.2   0.3   0.0   0.0   0.0     ---   ---  2  15.3  19.7   14:00  10.7    7:10   3.2   0.2   0.0   0.0   0.0     ---   ---  3  15.9  21.0   15:15  10.1    7:10   2.9   0.5   0.0   0.0   0.0     ---   ---  4  19.1  23.6   14:50  14.2    7:20   0.9   1.7   0.0   0.0   0.0     ---   ---  5  18.8  22.1   15:05  17.2    4:40   0.3   0.9   1.8   0.0   0.0     ---   ---  6  16.5  19.6   14:30  14.4   21:20   1.8   0.0   7.0   0.0   0.0     ---   ---  7  16.4  20.2   15:50  14.3    4:45   2.0   0.1   3.2   0.0   0.0     ---   ---  8  15.2  16.7   17:50  12.8   23:30   3.2   0.0  23.8   0.0   0.0     ---   ---  9  14.4  18.3   16:00  11.6   23:15   3.9   0.0  13.8   0.0   0.0     ---   --- 10  15.1  18.6   13:55  12.0    0:05   3.2   0.0   0.0   0.0   0.0     ---   --- 11  14.7  17.6   13:55  12.6   20:35   3.6   0.0  25.6   0.0   0.0     ---   --- 12  14.9  19.1   15:05  11.8    7:50   3.4   0.0  17.0   0.0   0.0     ---   --- 13  14.3  16.7   16:20  11.1   00:00   4.0   0.0   8.6   0.0   0.0     ---   --- 14  12.1  14.0    9:00  10.8    0:30   6.2   0.0  18.8   0.0   0.0     ---   --- 15  12.3  16.7   13:45   8.8    5:30   6.0   0.0   6.6   0.0   0.0     ---   --- 16  12.2  16.3   13:50  10.9    5:25   6.1   0.0  15.2   0.0   0.0     ---   --- 17  12.7  17.9   14:35   9.5    7:25   5.6   0.0  13.2   0.0   0.0     ---   --- 18  13.6  18.6   15:10  10.4    3:00   4.7   0.0   4.2   0.0   0.0     ---   --- 19  13.5  18.2   13:05   9.5    7:55   4.8   0.0   0.4   0.0   0.0     ---   --- 20  14.4  18.9   15:00  10.2    4:35   3.9   0.0   0.0   0.0   0.0     ---   --- 21  15.8  18.7   14:25  13.2    7:50   2.5   0.0   0.0   0.0   0.0     ---   --- 22  14.5  18.2   12:55  10.7   00:00   3.8   0.0   0.6   0.0   0.0     ---   --- 23  13.0  18.6   14:00   7.3    7:00   5.3   0.0   0.2   0.0   0.0     ---   --- 24  14.6  18.3   15:00  12.2    9:20   3.8   0.0   0.0   0.0   0.0     ---   --- 25  15.1  16.6   16:35  13.9    8:55   3.2   0.0   0.0   0.0   0.0     ---   --- 26  14.3  16.3   16:25  12.7   10:25   4.0   0.0   0.0   0.0   0.0     ---   --- 27  14.5  18.0   17:55  12.0    7:55   3.8   0.0   0.2   0.0   0.0     ---   --- 28  15.7  18.2   16:05  14.2    5:45   2.6   0.0   5.8   0.0   0.0     ---   --- 29  16.8  20.1   16:45  14.2    6:45   1.8   0.3  10.4   0.0   0.0     ---   --- 30  14.4  16.4   12:30  12.8   16:35   2.9   0.0   6.6   0.0   0.0     ---   --- -------------------------------------------------------------------------------------     14.8  23.6     4     7.3    23   106.6   4.0 183.0   0.0   0.0     ---   --- Max >=  32.0:  0 Max <=   0.0:  0 Min <=   0.0:  0 Min <= -18.0:  0 Max Rain: 25.60 ON 11-09-17 Days of Rain: 20 (> .2 mm) 15 (> 2 mm) 2 (> 20 mm) Heat Base:  18.3  Cool Base:  18.3  Method: Integration * Ivm een defecte anemometer geen correcte windgegevens
NOAA Overzicht - september 2017