Deze pagina kan het beste bekeken worden met Google Chrome v61.0
Copyright 2001 - 2017,  Enkhuizen Meteo
H e t   l o k a l e   w e e r o v e r z i c h t   v o o r   d e   r e g i o   W e s t f r i e s l a n d
Enkhuizen Meteo
24 uur per dag live weeroverzicht voor de regio Enkhuizen en omgeving
                        MONTHLY CLIMATOLOGICAL SUMMARY for OCT. 2017 NAME: Enkhuizen Meteo   CITY: Enkhuizen   STATE: Netherlands ELEV:    -1 m  LAT:  52° 71' 45" N  LONG:   5° 27' 21" E                    TEMPERATURE (°C), RAIN  (mm), WIND SPEED (km/hr)                                       HEAT  COOL        AVG     MEAN                              DEG   DEG         WIND                 DOM DAY TEMP  HIGH   TIME   LOW    TIME   DAYS  DAYS  RAIN  SPEED HIGH   TIME    DIR ------------------------------------------------------------------------------------  1  2  3  14.8  17.6   14:05  12.6   21:35   2.1   0.0   0.4   0.0   0.0     ---   ---  4  13.5  15.2   14:20  11.8    7:20   4.8   0.0   0.6   0.0   0.0     ---   ---  5  13.1  16.0   14:55  10.8   21:10   5.2   0.0   9.4   0.0   0.0     ---   ---  6  11.9  15.6   14:30  10.1    8:00   6.4   0.0   6.6   0.0   0.0     ---   ---  7  12.4  14.3   15:40  10.3    2:55   5.9   0.0   6.2   0.0   0.0     ---   ---  8  12.2  14.8   14:25   9.1   22:40   6.1   0.0   0.2   0.0   0.0     ---   ---  9  12.6  14.7   16:30   9.6    0:05   5.7   0.0   2.6   0.0   0.0     ---   --- 10  14.0  16.4   14:25  11.3    8:20   4.3   0.0   2.0   0.0   0.0     ---   --- 11  15.1  16.1   14:55  14.0   00:00   3.2   0.0   0.4   0.0   0.0     ---   --- 12  13.7  16.2   12:35  12.1    8:35   4.6   0.0   0.2   0.0   0.0     ---   --- 13  14.8  18.4   13:15  11.7    2:55   3.5   0.0   0.0   0.0   0.0     ---   --- 14  16.3  18.9   13:55  13.6   00:00   2.1   0.0   0.0   0.0   0.0     ---   --- 15  15.9  20.7   15:05  12.7    2:45   2.6   0.3   0.2   0.0   0.0     ---   --- 16  17.8  22.1   14:15  14.4    3:45   1.4   1.0   0.0   0.0   0.0     ---   --- 17  14.5  18.2    0:05  11.2   00:00   3.8   0.0   0.0   0.0   0.0     ---   --- 18  13.6  15.9   14:35  10.3    2:35   4.7   0.0   0.0   0.0   0.0     ---   --- 19  15.9  19.9   14:45  12.9    5:40   2.5   0.1   0.0   0.0   0.0     ---   --- 20  14.6  17.3    0:50  12.6   23:30   3.7   0.0  30.0   0.0   0.0     ---   --- 21  13.4  17.2   13:40  11.8    1:35   4.9   0.0   1.6   0.0   0.0     ---   --- 22  11.8  13.5   14:45  10.7    4:25   6.5   0.0   7.4   0.0   0.0     ---   --- 23  12.3  14.6   16:05  10.1   20:35   6.0   0.0   0.6   0.0   0.0     ---   --- 24  14.4  16.2   17:55  12.9    0:20   3.8   0.0   5.6   0.0   0.0     ---   --- 25  14.7  17.2   13:55  11.2   00:00   3.6   0.0   0.0   0.0   0.0     ---   --- 26  13.6  16.5   14:40  10.7    0:50   4.7   0.0   0.2   0.0   0.0     ---   --- 27  12.0  14.7   14:15  10.4   23:40   6.3   0.0   0.8   0.0   0.0     ---   --- 28  12.4  14.9   23:50  10.5    0:05   5.9   0.0   0.4   0.0   0.0     ---   --- 29  11.3  15.0    1:00   9.1   22:25   7.0   0.0   1.2   0.0   0.0     ---   --- 30   9.7  12.5   12:30   7.9   21:05   8.6   0.0   0.4   0.0   0.0     ---   --- 31  10.8  12.7   12:55   8.2    0:40   7.5   0.0   0.2   0.0   0.0     ---   --- -------------------------------------------------------------------------------------     13.6  22.1    16     7.9    30   137.3   1.4  77.2   0.0   0.0     ---   --- Max >=  32.0:  0 Max <=   0.0:  0 Min <=   0.0:  0 Min <= -18.0:  0 Max Rain: 30.00 ON 20-10-17 Days of Rain: 22 (> .2 mm) 8 (> 2 mm) 1 (> 20 mm) Heat Base:  18.3  Cool Base:  18.3  Method: Integration * Ivm een defecte anemometer geen correcte windgegevens
NOAA Overzicht - oktober 2017