Deze pagina kan het beste bekeken worden met Google Chrome v61.0
Copyright 2001 - 2017,  Enkhuizen Meteo
H e t   l o k a l e   w e e r o v e r z i c h t   v o o r   d e   r e g i o   W e s t f r i e s l a n d
Enkhuizen Meteo
24 uur per dag live weeroverzicht voor de regio Enkhuizen en omgeving
                   MONTHLY CLIMATOLOGICAL SUMMARY for NOV. 2017 NAME: Enkhuizen Meteo   CITY: Enkhuizen   STATE: Netherlands ELEV:    -1 m  LAT:  52° 71' 45" N  LONG:   5° 27' 21" E                    TEMPERATURE (°C), RAIN  (mm), WIND SPEED (km/hr)                                       HEAT  COOL        AVG     MEAN                              DEG   DEG         WIND                 DOM DAY TEMP  HIGH   TIME   LOW    TIME   DAYS  DAYS  RAIN  SPEED HIGH   TIME    DIR ------------------------------------------------------------------------------------  1  12.4  15.6   13:30  10.5    7:15   5.9   0.0   0.2   0.0   0.0     ---   ---  2  10.9  15.8   11:55   8.1    6:45   7.4   0.0   0.4   0.0   0.0     ---   ---  3  10.3  12.9   14:25   7.8    3:10   7.9   0.0   0.0   0.0   0.0     ---   ---  4  11.1  13.2   13:10   9.6    8:40   7.3   0.0   2.6   0.0   0.0     ---   ---  5   8.1  11.0   10:35   5.2   23:00  10.2   0.0   3.8   0.0   0.0     ---   ---  6   7.1  12.5   12:40   3.0   23:55  11.2   0.0   1.4   0.0   0.0     ---   ---  7   6.1  10.4   13:00   2.8    1:35  12.2   0.0   0.2   0.0   0.0     ---   ---  8   7.2   8.3   19:15   5.8    0:55  11.1   0.0   0.0   0.0   0.0     ---   ---  9   9.1  11.8   13:30   7.6    4:10   9.2   0.0   2.4   0.0   0.0     ---   --- 10   8.8  11.4   11:50   5.9   23:55   9.5   0.0   3.0   0.0   0.0     ---   --- 11   7.0  10.2   10:30   4.0   23:35  11.3   0.0   4.2   0.0   0.0     ---   --- 12   6.2   9.2   13:25   4.0    1:15  12.1   0.0   4.8   0.0   0.0     ---   --- 13   7.8  10.4   13:10   4.3   23:00  10.5   0.0   0.8   0.0   0.0     ---   --- 14   8.2   9.8   16:45   5.5    0:05  10.1   0.0   1.8   0.0   0.0     ---   --- 15   9.4  10.0    0:35   8.9    9:35   8.9   0.0   2.8   0.0   0.0     ---   --- 16   9.1  10.1   18:30   6.6   00:00   9.2   0.0   1.4   0.0   0.0     ---   --- 17   6.4  12.2   12:45   2.7    6:50  11.9   0.0   0.0   0.0   0.0     ---   --- 18   7.3   9.8   12:10   4.8   22:55  11.0   0.0   5.0   0.0   0.0     ---   --- 19   6.9   9.7   11:50   4.9    0:45  11.4   0.0   3.8   0.0   0.0     ---   --- 20   7.6  11.2   21:20   5.5    8:30  10.8   0.0  12.4   0.0   0.0     ---   --- 21  11.2  12.1   13:10  10.2    0:05   7.1   0.0   5.2   0.0   0.0     ---   --- 22  11.1  12.2   12:25  10.1   22:00   7.2   0.0   2.8   0.0   0.0     ---   --- 23  10.8  14.2   12:05   8.4   19:00   7.5   0.0   3.8   0.0   0.0     ---   --- 24   7.3   9.2   14:15   4.5   00:00  10.9   0.0   2.2   0.0   0.0     ---   --- 25   4.6   7.2   11:10   2.2    6:00  13.8   0.0   0.6   0.0   0.0     ---   --- 26   5.1   7.3   15:05   3.8    0:45  13.2   0.0   9.4   0.0   0.0     ---   --- 27   7.2   9.5   13:40   4.7    0:05  11.1   0.0   9.0   0.0   0.0     ---   --- 28   6.0   8.2   14:45   3.9   00:00  12.3   0.0   3.4   0.0   0.0     ---   --- 29   3.8   6.6   10:50   1.7    5:00  14.5   0.0   0.2   0.0   0.0     ---   --- 30   2.4   5.2   12:55   0.1   23:00  15.9   0.0   0.8   0.0   0.0     ---   --- -------------------------------------------------------------------------------------      7.9  15.8     2     0.1    30   312.6   0.0  88.4   0.0   0.0     ---   --- Max >=  32.0:  0 Max <=   0.0:  0 Min <=   0.0:  0 Min <= -18.0:  0 Max Rain: 12.40 ON 20-11-17 Days of Rain: 27 (> .2 mm) 17 (> 2 mm) 0 (> 20 mm) Heat Base:  18.3  Cool Base:  18.3  Method: Integration * Ivm een defecte anemometer geen correcte windgegevens
NOAA Overzicht - november 2017