Deze pagina kan het beste bekeken worden met Google Chrome v66.0
Copyright 2001 - 2018,  Enkhuizen Meteo
H e t   l o k a l e   w e e r o v e r z i c h t   v o o r   d e   r e g i o   W e s t f r i e s l a n d
Enkhuizen Meteo
24 uur per dag live weeroverzicht voor de regio Enkhuizen en omgeving
                   MONTHLY CLIMATOLOGICAL SUMMARY for JAN. 2018 NAME: Enkhuizen Meteo   CITY: Enkhuizen   STATE: Netherlands ELEV:    -1 m  LAT:  52° 71' 45" N  LONG:   5° 27' 21" E                    TEMPERATURE (°C), RAIN  (mm), WIND SPEED (km/hr)                                       HEAT  COOL        AVG     MEAN                              DEG   DEG         WIND                 DOM DAY TEMP  HIGH   TIME   LOW    TIME   DAYS  DAYS  RAIN  SPEED HIGH   TIME    DIR ------------------------------------------------------------------------------------  1   6.9   8.8    0:05   5.8   23:55  11.4   0.0   1.6   0.0   0.0     ---   ---  2   5.9   8.2   11:55   4.3    3:10  12.4   0.0   2.4   0.0   0.0     ---   ---  3   8.1   9.3    4:45   6.8   11:40  10.3   0.0  20.8   0.0   0.0     ---   ---  4   7.9   9.4   18:45   6.6   15:40  10.4   0.0   1.2   0.0   0.0     ---   ---  5   6.4   7.8    0:05   5.1   18:25  11.9   0.0   4.0   0.0   0.0     ---   ---  6   5.6   6.8   13:20   3.9   00:00  12.7   0.0   0.2   0.0   0.0     ---   ---  7   2.1   3.9    0:05   0.1   23:55  16.2   0.0   0.0   0.0   0.0     ---   ---  8   1.4   3.6   15:40   0.0    0:05  16.9   0.0   0.0   0.0   0.0     ---   ---  9   2.4   5.2   23:20   0.7    7:25  15.9   0.0   0.0   0.0   0.0     ---   --- 10   6.0   6.7   12:40   4.7    0:50  12.3   0.0   1.4   0.0   0.0     ---   --- 11   5.3   6.2   11:45   4.4   17:55  13.0   0.0   0.0   0.0   0.0     ---   --- 12   4.4   5.2    3:35   3.9   10:50  13.8   0.0   1.4   0.0   0.0     ---   --- 13   4.4   5.6   20:20   3.6    5:40  13.8   0.0   0.0   0.0   0.0     ---   --- 14   2.8   3.8    0:05   2.0    9:10  15.5   0.0   0.0   0.0   0.0     ---   --- 15   4.7   7.3   21:15   2.2    0:05  13.6   0.0  13.2   0.0   0.0     ---   --- 16   5.2   6.7    0:05   3.2    9:30  13.1   0.0   4.0   0.0   0.0     ---   --- 17   4.1   5.8   14:15   1.8    5:00  14.2   0.0   4.8   0.0   0.0     ---   --- 18   4.4   8.8    8:50   1.3   23:25  13.9   0.0  12.4   0.0   0.0     ---   --- 19   3.4   6.4   12:40   2.0   23:25  14.9   0.0   3.6   0.0   0.0     ---   --- 20   2.7   3.6   16:05   1.6   00:00  15.6   0.0   3.4   0.0   0.0     ---   --- 21   3.8   8.4   12:55   1.2    0:35  14.5   0.0   0.4   0.0   0.0     ---   --- 22   5.6   7.9   14:05   2.6    2:25  12.8   0.0   1.0   0.0   0.0     ---   --- 23   6.8  10.4   23:55   4.7    8:00  11.5   0.0   3.2   0.0   0.0     ---   --- 24   9.4  12.1   15:00   6.9   23:00   8.9   0.0   7.4   0.0   0.0     ---   --- 25   6.9   8.1   13:25   5.6   23:10  11.4   0.0   0.2   0.0   0.0     ---   --- 26   4.8   5.7    0:05   4.0    7:25  13.4   0.0   0.0   0.0   0.0     ---   --- 27   5.1   7.1   00:00   2.4    5:00  13.2   0.0   1.0   0.0   0.0     ---   --- 28   9.3  10.6   15:05   7.1    0:05   9.0   0.0   0.4   0.0   0.0     ---   --- 29   8.8  10.6   13:10   5.1   00:00   9.5   0.0   5.6   0.0   0.0     ---   --- 30   5.2   7.9   14:05   3.3    8:20  13.1   0.0   0.2   0.0   0.0     ---   --- 31   6.1   9.0    8:35   2.9   20:20  12.2   0.0   5.4   0.0   0.0     ---   --- -------------------------------------------------------------------------------------      5.4  12.1    24     0.0     8   401.3   0.0  99.2   0.0   0.0     ---   --- Max >=  32.0:  0 Max <=   0.0:  0 Min <=   0.0:  1 Min <= -18.0:  0 Max Rain: 20.80 ON 03-01-18 Days of Rain: 24 (> .2 mm) 13 (> 2 mm) 1 (> 20 mm) Heat Base:  18.3  Cool Base:  18.3  Method: Integration * Ivm een defecte anemometer geen correcte windgegevens
NOAA Overzicht - januari 2018