Deze pagina kan het beste bekeken worden met Google Chrome v66.0
Copyright 2001 - 2018,  Enkhuizen Meteo
H e t   l o k a l e   w e e r o v e r z i c h t   v o o r   d e   r e g i o   W e s t f r i e s l a n d
Enkhuizen Meteo
24 uur per dag live weeroverzicht voor de regio Enkhuizen en omgeving
                   MONTHLY CLIMATOLOGICAL SUMMARY for FEB. 2018 NAME: Enkhuizen Meteo   CITY: Enkhuizen   STATE: Netherlands ELEV:    -1 m  LAT:  52° 71' 45" N  LONG:   5° 27' 21" E                    TEMPERATURE (°C), RAIN  (mm), WIND SPEED (km/hr)                                       HEAT  COOL        AVG     MEAN                              DEG   DEG         WIND                 DOM DAY TEMP  HIGH   TIME   LOW    TIME   DAYS  DAYS  RAIN  SPEED HIGH   TIME    DIR ------------------------------------------------------------------------------------  1   4.5   6.7   14:45   3.1    8:55  13.8   0.0   5.8   0.0   0.0     ---   ---  2   4.8   6.8   12:25   2.4   23:30  13.5   0.0   2.6   0.0   0.0     ---   ---  3   3.0   7.3   11:55   0.6   23:10  15.3   0.0   1.2   0.0   0.0     ---   ---  4   2.5   4.3   13:00   0.7    0:05  15.8   0.0   0.2   0.0   0.0     ---   ---  5   2.1   3.4   12:10   0.7   23:55  16.2   0.0   0.0   0.0   0.0     ---   ---  6   0.1   2.1   13:30  -1.3    8:35  18.2   0.0   0.0   0.0   0.0     ---   ---  7   0.3   4.0   13:40  -1.9    7:00  18.0   0.0   0.0   0.0   0.0     ---   ---  8   2.2   5.1   13:45   0.3    3:50  16.1   0.0   0.0   0.0   0.0     ---   ---  9   1.7   3.1   12:00   0.4    8:25  16.6   0.0   0.0   0.0   0.0     ---   --- 10   3.1   6.4   14:35   0.9    5:35  15.2   0.0   0.2   0.0   0.0     ---   --- 11   4.6   7.3   13:40   2.2   00:00  13.7   0.0   5.0   0.0   0.0     ---   --- 12   3.3   7.8   13:05   1.2    6:00  15.0   0.0   3.2   0.0   0.0     ---   --- 13   2.9   6.4   14:00   0.9    7:30  15.3   0.0   0.0   0.0   0.0     ---   --- 14   2.7   5.4   13:45   0.1    7:55  15.7   0.0   0.0   0.0   0.0     ---   --- 15   3.7   7.4   16:25   1.1    3:40  14.7   0.0   5.2   0.0   0.0     ---   --- 16   4.3   9.4   14:10   1.2   23:20  14.0   0.0   0.0   0.0   0.0     ---   --- 17   2.8   7.3   14:10   0.8    2:00  15.4   0.0   0.0   0.0   0.0     ---   --- 18   2.7   6.4   14:25  -0.5    7:40  15.6   0.0   0.2   0.0   0.0     ---   --- 19   2.5   3.4   17:50   1.8    8:15  15.8   0.0   0.2   0.0   0.0     ---   --- 20   1.9   3.9   16:40  -1.0    4:10  16.3   0.0   0.0   0.0   0.0     ---   --- 21   1.8   4.2   13:20  -0.1    6:05  16.5   0.0   0.2   0.0   0.0     ---   --- 22   1.7   4.1   14:10   0.1    7:25  16.6   0.0   0.0   0.0   0.0     ---   --- 23   1.0   3.5   14:20  -0.5    7:45  17.3   0.0   0.0   0.0   0.0     ---   --- 24   0.3   2.6   14:10  -1.7    7:10  18.0   0.0   0.0   0.0   0.0     ---   --- 25  -1.3   0.9   14:20  -3.2    7:50  19.6   0.0   0.0   0.0   0.0     ---   --- 26  -1.9   0.6   13:15  -3.4    3:10  20.2   0.0   0.0   0.0   0.0     ---   --- 27  -2.2   0.7   13:45  -3.6   23:50  20.5   0.0   0.0   0.0   0.0     ---   --- 28  -5.7  -3.4    0:05  -7.3   19:15  24.0   0.0   0.0   0.0   0.0     ---   --- -------------------------------------------------------------------------------------      1.8   9.4    16    -7.3    28   462.9   0.0  24.0   0.0   0.0     ---   --- Max >=  32.0:  0 Max <=   0.0:  1 Min <=   0.0: 11 Min <= -18.0:  0 Max Rain: 5.79 ON 01-02-18 Days of Rain: 11 (> .2 mm) 5 (> 2 mm) 0 (> 20 mm) Heat Base:  18.3  Cool Base:  18.3  Method: Integration * Ivm een defecte anemometer geen correcte windgegevens
NOAA Overzicht - februari 2018