Deze pagina kan het beste bekeken worden met Google Chrome v61.0
Copyright 2001 - 2018,  Enkhuizen Meteo
H e t   l o k a l e   w e e r o v e r z i c h t   v o o r   d e   r e g i o   W e s t f r i e s l a n d
Enkhuizen Meteo
24 uur per dag live weeroverzicht voor de regio Enkhuizen en omgeving
                   MONTHLY CLIMATOLOGICAL SUMMARY for MAR. 2018 NAME: Enkhuizen Meteo   CITY: Enkhuizen   STATE: Netherlands ELEV:    -1 m  LAT:  52° 71' 45" N  LONG:   5° 27' 21" E                    TEMPERATURE (°C), RAIN  (mm), WIND SPEED (km/hr)                                       HEAT  COOL        AVG     MEAN                              DEG   DEG         WIND                 DOM DAY TEMP  HIGH   TIME   LOW    TIME   DAYS  DAYS  RAIN  SPEED HIGH   TIME    DIR ------------------------------------------------------------------------------------  1  -4.4  -1.4   14:35  -7.2    1:30  22.8   0.0   0.0   0.0   0.0     ---   ---  2  -3.9  -0.7   14:35  -6.9    7:40  22.2   0.0   0.0   0.0   0.0     ---   ---  3  -2.8   0.3   15:55  -6.1    7:15  21.1   0.0   0.0   0.0   0.0     ---   ---  4   2.1   7.7   16:20  -2.3    6:10  16.2   0.0   2.6   0.0   0.0     ---   ---  5   5.9  10.8   14:45   2.7    8:00  12.4   0.0   0.2   0.0   0.0     ---   ---  6   5.6  10.4   12:50   1.1   00:00  12.8   0.0   0.0   0.0   0.0     ---   ---  7   4.2   7.6   14:40   0.2    1:15  14.2   0.0   3.0   0.0   0.0     ---   ---  8   4.3   8.1   15:40   1.6    5:50  14.0   0.0   3.8   0.0   0.0     ---   ---  9   6.3   9.7   14:35   2.7    7:35  12.0   0.0   1.0   0.0   0.0     ---   --- 10   8.4  12.3   16:10   5.2    2:15   9.8   0.0   5.8   0.0   0.0     ---   --- 11   8.4  10.7   14:45   5.3   22:20   9.9   0.0   0.2   0.0   0.0     ---   --- 12   9.6  14.3   13:25   6.2    7:45   8.7   0.0   3.4   0.0   0.0     ---   --- 13   5.4   8.1    2:40   3.6    7:30  12.9   0.0  10.8   0.0   0.0     ---   --- 14   5.2   9.5   14:25   0.9    7:30  13.1   0.0   0.0   0.0   0.0     ---   --- 15   5.9   9.6   16:20   2.7    3:55  12.4   0.0   0.0   0.0   0.0     ---   --- 16   3.2   6.3    0:05   0.6   00:00  15.1   0.0   6.8   0.0   0.0     ---   --- 17  -0.5   0.8   16:25  -1.9    7:55  18.8   0.0   0.0   0.0   0.0     ---   --- 18  -0.5   1.9   16:50  -3.0    7:35  18.8   0.0   0.0   0.0   0.0     ---   --- 19   0.2   3.4   14:15  -2.6    7:00  18.1   0.0   0.0   0.0   0.0     ---   --- 20   3.7   7.7   13:05   1.2    0:05  14.6   0.0   0.2   0.0   0.0     ---   --- 21   3.8   7.8   15:20  -1.2    6:30  14.5   0.0   0.2   0.0   0.0     ---   --- 22   6.3   9.4   15:35   4.3    0:05  11.9   0.0   3.0   0.0   0.0     ---   --- 23   5.9   7.3   13:45   4.8    4:00  12.4   0.0   0.0   0.0   0.0     ---   --- 24   6.4   9.1   13:10   4.8    1:55  11.8   0.0   0.0   0.0   0.0     ---   --- 25   5.1   8.1   16:00   2.3   00:00  12.6   0.0   0.0   0.0   0.0     ---   --- 26   3.9   8.3   18:20   1.1    7:45  14.4   0.0   0.0   0.0   0.0     ---   --- 27   5.8   8.9   14:40   2.3    7:05  12.5   0.0   0.8   0.0   0.0     ---   --- 28   5.8   8.3   12:10   3.1   21:15  12.5   0.0  11.6   0.0   0.0     ---   --- 29   6.4   9.9   13:25   3.8    2:45  11.9   0.0   0.4   0.0   0.0     ---   --- 30   7.9  11.4   16:55   5.1    6:15  10.4   0.0   2.2   0.0   0.0     ---   --- 31   8.1  12.0   14:30   5.1    7:15  10.2   0.0   6.0   0.0   0.0     ---   --- -------------------------------------------------------------------------------------      4.2  14.3    12    -7.2     1   435.0   0.0  62.0   0.0   0.0     ---   --- Max >=  32.0:  0 Max <=   0.0:  2 Min <=   0.0:  8 Min <= -18.0:  0 Max Rain: 11.61 ON 28-03-18 Days of Rain: 18 (> .2 mm) 11 (> 2 mm) 0 (> 20 mm) Heat Base:  18.3  Cool Base:  18.3  Method: Integration
NOAA Overzicht - maart 2018