Deze pagina kan het beste bekeken worden met Google Chrome v66.0
Copyright 2001 - 2018,  Enkhuizen Meteo
H e t   l o k a l e   w e e r o v e r z i c h t   v o o r   d e   r e g i o   W e s t f r i e s l a n d
Enkhuizen Meteo
24 uur per dag live weeroverzicht voor de regio Enkhuizen en omgeving
                       MONTHLY CLIMATOLOGICAL SUMMARY for JUN. 2018 NAME: Enkhuizen Meteo   CITY: Enkhuizen   STATE: Netherlands ELEV:    -1 m  LAT:  52° 71' 45" N  LONG:   5° 27' 21" E                    TEMPERATURE (°C), RAIN  (mm), WIND SPEED (km/hr)                                       HEAT  COOL        AVG     MEAN                              DEG   DEG         WIND                 DOM DAY TEMP  HIGH   TIME   LOW    TIME   DAYS  DAYS  RAIN  SPEED HIGH   TIME    DIR ------------------------------------------------------------------------------------  1  19.3  24.0   16:15  14.6   23:55   0.7   1.7   0.2   0.0   0.0     ---   ---  2  16.1  19.1   16:40  14.3    1:25   2.2   0.0   3.6   0.0   0.0     ---   ---  3  18.4  21.8   13:45  15.8    3:25   0.8   0.9   0.0   0.0   0.0     ---   ---  4  17.3  19.3   13:10  16.1   23:00   1.0   0.1   0.0   0.0   0.0     ---   ---  5  16.4  19.3   15:45  14.6   23:55   2.0   0.0   0.0   0.0   0.0     ---   ---  6  19.0  23.6   14:35  14.1    4:20   1.3   2.0   0.0   0.0   0.0     ---   ---  7  22.7  28.4   13:40  17.1    5:15   0.1   4.5   0.0   0.0   0.0     ---   ---  8  18.6  19.7    0:05  16.9   23:15   0.1   0.4   8.6   0.0   0.0     ---   ---  9  18.9  22.6   14:15  16.6    2:35   0.5   1.1   0.2   0.0   0.0     ---   --- 10  18.1  21.1   12:20  15.2   23:50   0.8   0.5   0.0   0.0   0.0     ---   --- 11  17.2  20.7   13:35  14.3    5:30   1.6   0.4   0.0   0.0   0.0     ---   --- 12  15.2  16.6   17:15  14.3    3:45   3.1   0.0   0.2   0.0   0.0     ---   --- 13  15.7  19.7   16:45  13.6    2:20   2.7   0.0   0.2   0.0   0.0     ---   --- 14  16.9  20.6   10:55  14.6    0:05   1.8   0.4   1.2   0.0   0.0     ---   --- 15  18.7  23.6   14:25  14.3    6:10   1.2   1.5   0.0   0.0   0.0     ---   --- 16  18.6  21.9   13:10  14.8   00:00   0.6   0.9   0.0   0.0   0.0     ---   --- 17  17.0  19.9   15:25  14.8    0:05   1.5   0.2   0.0   0.0   0.0     ---   --- 18  16.5  18.7   13:50  14.6    5:40   1.8   0.0   5.2   0.0   0.0     ---   --- 19  18.7  21.9   13:50  16.4    1:05   0.6   1.0   0.0   0.0   0.0     ---   --- 20  18.8  22.9   16:20  16.4    2:50   0.5   1.0   0.0   0.0   0.0     ---   --- 21  15.2  17.9    0:05  12.4   23:15   3.1   0.0   0.2   0.0   0.0     ---   --- 22  13.8  17.0   13:10  12.1    1:40   4.4   0.0   0.4   0.0   0.0     ---   --- 23  15.4  20.9   16:45  10.9    1:20   3.1   0.2   0.0   0.0   0.0     ---   --- 24  14.9  18.0   14:50  12.8    3:50   3.4   0.0   0.2   0.0   0.0     ---   --- 25  16.0  19.0   13:45  14.3    0:15   2.4   0.0   0.0   0.0   0.0     ---   --- 26  15.8  18.8   15:15  13.7    4:45   2.5   0.0   0.0   0.0   0.0     ---   --- 27  16.8  22.2   19:15  13.2    5:30   2.4   0.9   0.0   0.0   0.0     ---   --- 28  20.1  26.2   14:00  15.8    5:25   0.6   2.4   0.0   0.0   0.0     ---   --- 29  17.8  22.3   12:40  15.2    3:55   1.3   0.8   0.0   0.0   0.0     ---   --- 30  20.8  25.7   15:15  15.3    0:25   0.6   3.1   0.0   0.0   0.0     ---   --- -------------------------------------------------------------------------------------     17.5  28.4     7    10.9    23    48.5  24.3  20.2   0.0   0.0     ---   --- Max >=  32.0:  0 Max <=   0.0:  0 Min <=   0.0:  0 Min <= -18.0:  0 Max Rain: 8.61 ON 08-06-18 Days of Rain: 11 (> .2 mm) 3 (> 2 mm) 0 (> 20 mm) Heat Base:  18.3  Cool Base:  18.3  Method: Integration * Ivm een defecte anemometer geen correcte windgegevens
NOAA Overzicht - juni 2018