Deze pagina kan het beste bekeken worden met Google Chrome v66.0
Copyright 2001 - 2018,  Enkhuizen Meteo
H e t   l o k a l e   w e e r o v e r z i c h t   v o o r   d e   r e g i o   W e s t f r i e s l a n d
Enkhuizen Meteo
24 uur per dag live weeroverzicht voor de regio Enkhuizen en omgeving
                        MONTHLY CLIMATOLOGICAL SUMMARY for JUL. 2018 NAME: Enkhuizen Meteo   CITY: Enkhuizen   STATE: Netherlands ELEV:    -1 m  LAT:  52° 71' 45" N  LONG:   5° 27' 21" E                    TEMPERATURE (°C), RAIN  (mm), WIND SPEED (km/hr)                                       HEAT  COOL        AVG     MEAN                              DEG   DEG         WIND                 DOM DAY TEMP  HIGH   TIME   LOW    TIME   DAYS  DAYS  RAIN  SPEED HIGH   TIME    DIR ------------------------------------------------------------------------------------  1  21.5  25.6   15:25  17.4    6:35   0.1   3.3   0.0   0.0   0.0     ---   ---  2  20.6  24.8   15:45  16.3    6:20   0.3   2.6   0.0   0.0   0.0     ---   ---  3  18.7  22.4   12:20  15.4   00:00   0.8   1.2   0.0   0.0   0.0     ---   ---  4  17.8  21.7   15:50  14.3    5:10   1.3   0.9   0.0   0.0   0.0     ---   ---  5  17.8  21.2   14:30  14.9    6:15   0.9   0.4   0.0   0.0   0.0     ---   ---  6  18.8  22.2   15:05  15.9    0:15   0.5   1.0   0.0   0.0   0.0     ---   ---  7  18.5  22.3   13:30  14.4    6:05   0.9   1.1   0.0   0.0   0.0     ---   ---  8  19.1  22.6   14:20  14.6    5:45   0.8   1.6   0.0   0.0   0.0     ---   ---  9  17.8  21.2   11:55  14.8   23:35   1.0   0.5   0.0   0.0   0.0     ---   --- 10  17.2  20.4   16:00  14.6    4:25   1.5   0.4   0.8   0.0   0.0     ---   --- 11  18.8  22.2   15:35  15.8    6:05   0.7   1.2   0.0   0.0   0.0     ---   --- 12  18.3  21.2   16:55  16.5    6:50   0.6   0.6   0.0   0.0   0.0     ---   --- 13  17.9  21.4   14:55  14.4    6:05   1.0   0.7   0.0   0.0   0.0     ---   --- 14  18.6  22.9   14:50  14.5    6:30   1.0   1.3   0.0   0.0   0.0     ---   --- 15  21.1  26.1   16:15  16.1    6:05   0.4   3.2   0.0   0.0   0.0     ---   --- 16  23.5  28.4   15:50  18.3    5:55   0.0   5.2   0.0   0.0   0.0     ---   --- 17  22.2  26.6   12:20  16.8   00:00   0.1   4.0   0.0   0.0   0.0     ---   --- 18  21.1  26.8   15:45  15.2    5:35   0.8   3.6   0.0   0.0   0.0     ---   --- 19  21.7  26.1   15:05  18.6   00:00   0.0   3.4   0.0   0.0   0.0     ---   --- 20  20.7  25.8   14:50  17.1    5:50   0.2   2.6   0.0   0.0   0.0     ---   --- 21  21.4  25.8   13:50  18.2    6:40   0.0   3.2   0.0   0.0   0.0     ---   --- 22  21.1  25.6   12:45  16.8    6:00   0.2   2.9   0.0   0.0   0.0     ---   --- 23  21.9  27.9   15:10  15.6    6:10   0.6   4.2   0.0   0.0   0.0     ---   --- 24  25.9  32.6   15:20  20.7    6:10   0.0   7.6   0.0   0.0   0.0     ---   --- 25  24.8  28.6   11:45  21.3    5:40   0.0   6.5   0.0   0.0   0.0     ---   --- 26  26.9  34.1   15:35  21.1    4:15   0.0   8.6   0.0   0.0   0.0     ---   --- 27  29.9  35.1   14:55  25.7    8:55   0.0  11.6   0.0   0.0   0.0     ---   --- 28  22.2  27.6    0:05  18.1   23:40   0.0   3.9   5.8   0.0   0.0     ---   --- 29  22.1  26.9   12:25  17.6    1:20   0.1   3.9   0.0   0.0   0.0     ---   --- 30  24.8  30.4   15:00  20.6   23:50   0.0   6.5   0.0   0.0   0.0     ---   --- 31  21.7  26.2   15:35  17.4   00:00   0.0   3.5   4.6   0.0   0.0     ---   --- -------------------------------------------------------------------------------------     21.1  35.1    27    14.3     4    13.7 100.9  11.2   0.0   0.0     ---   --- Max >=  32.0:  3 Max <=   0.0:  0 Min <=   0.0:  0 Min <= -18.0:  0 Max Rain: 5.79 ON 28-07-18 Days of Rain: 3 (> .2 mm) 2 (> 2 mm) 0 (> 20 mm) Heat Base:  18.3  Cool Base:  18.3  Method: Integration * Ivm een defecte anemometer geen correcte windgegevens
NOAA Overzicht - juli 2018