Deze pagina kan het beste bekeken worden met Google Chrome v61.0
Copyright 2001 - 2017,  Enkhuizen Meteo
H e t   l o k a l e   w e e r o v e r z i c h t   v o o r   d e   r e g i o   W e s t f r i e s l a n d
Enkhuizen Meteo
24 uur per dag live weeroverzicht voor de regio Enkhuizen en omgeving
                            ANNUAL CLIMATOLOGICAL SUMMARY NAME: Enkhuizen Meteo  CITY: Enkhuizen   STATE: Netherlands  ELEV:    -1 m  LAT:  52° 71' 45" N  LONG:   5° 27' 21" E                TEMPERATURE (°C), HEAT BASE 18.3, COOL BASE 18.3                           DEP.  HEAT  COOL                                                  MEAN  MEAN        FROM  DEG   DEG                        MAX  MAX  MIN  MIN  YR MO  MAX   MIN   MEAN  NORM  DAYS  DAYS  HI  DATE  LOW  DATE  >=32 <=0  <=0  <=-18 ------------------------------------------------------------------------------------  04  1  04  2   4.7  -0.4   1.8  -1.5   170     0   6.6  18  -4.8   28    0    0    6    0  04  3   9.0   2.4   5.4  -0.8   396     0  16.8  17  -3.6    1    0    0    9    0  04  4  14.4   6.7  10.2   1.0   242     1  20.9  30   2.3   12    0    0    0    0  04  5  16.3   8.6  12.1  -1.0   195     3  23.0  29   5.3    6    0    0    0    0  04  6  18.9  11.4  15.0  -0.6   110    11  25.7   7   7.9   26    0    0    0    0  04  7  20.5  13.1  16.4  -1.5    77    19  27.2  17   8.4    6    0    0    0    0  04  8  22.3  15.1  18.3   0.8    49    49  30.3   6   8.9   22    0    0    0    0  04  9  18.5  11.8  14.7   0.2   117    10  25.1   4   7.2   30    0    0    0    0  04 10  13.6   8.5  10.7   0.0   236     0  16.8   2   4.2   27    0    0    0    0  04 11   8.5   3.8   6.1  -0.6   365     0  12.4   4  -1.7   24    0    0    4    0  04 12   5.8   0.9   3.2  -0.5   466     0  10.6  23  -4.9   27    0    0   13    0 ------------------------------------------------------------------------------------         14.4   7.9  10.9  -0.4  2423    92  30.3 AUG  -4.9  DEC    0    0   32    0                                 PRECIPITATION (mm)                DEP.   MAX        DAYS OF RAIN                FROM   OBS.          OVER  YR MO  TOTAL  NORM   DAY  DATE  .2   2   20 ---------------------------------------------  04  1  04  2  10.4  -25.1   6.0   24    6    1    0  04  3  26.6  -13.3  11.2   19   14    4    0  04  4  29.8   -0.9   6.2   28   16    6    0  04  5  28.2  -21.7  12.0    7    9    5    0  04  6  70.2   11.6  27.2   23   14    9    1  04  7  75.2   -5.4  15.8   17   21   10    0  04  8 138.4   55.4  26.6   13   18   13    1  04  9  52.5   -5.3   8.8   20   20   10    0  04 10  65.8  -10.2  15.2   23   19   11    0  04 11  48.4  -11.4  10.4   18   21   11    0  04 12  39.2  -25.1  10.0   22   21    8    0 ---------------------------------------------        584.6 -51.5  27.2  JUN  179   88    2                                 WIND SPEED (km/hr)                           DOM  YR MO   AVG.  HI   DATE  DIR ---------------------------------  04  1  04  2  10.7  53.1   23     N  04  3  10.8  95.0   20   WSW  04  4   8.5  64.4   19     N  04  5   8.1  59.5   23     N  04  6   8.9  74.0   23   WNW  04  7   6.9  53.1   17   WSW  04  8   7.5  70.8   19    SW  04  9   9.1  62.8   12    SW  04 10   9.6  69.2   21    SW  04 11   7.6  64.4   19   WNW  04 12   9.0  67.6   22    SW ---------------------------------          8.7  95.0  MAR   SW
NOAA Jaar overzicht - 2004