Deze pagina kan het beste bekeken worden met Google Chrome v61.0
Copyright 2001 - 2017,  Enkhuizen Meteo
H e t   l o k a l e   w e e r o v e r z i c h t   v o o r   d e   r e g i o   W e s t f r i e s l a n d
Enkhuizen Meteo
24 uur per dag live weeroverzicht voor de regio Enkhuizen en omgeving
                            ANNUAL CLIMATOLOGICAL SUMMARY NAME: Enkhuizen Meteo  CITY: Enkhuizen   STATE: Netherlands  ELEV:    -1 m  LAT:  52° 71' 45" N  LONG:   5° 27' 21" E                TEMPERATURE (°C), HEAT BASE 18.3, COOL BASE 18.3                           DEP.  HEAT  COOL                                                  MEAN  MEAN        FROM  DEG   DEG                        MAX  MAX  MIN  MIN  YR MO  MAX   MIN   MEAN  NORM  DAYS  DAYS  HI  DATE  LOW  DATE  >=32 <=0  <=0  <=-18 ------------------------------------------------------------------------------------  05  1   6.9   2.7   4.7   1.6   422     0  11.9  10  -1.7   26    0    0    6    0  05  2   4.1   0.2   2.0  -1.3   444     0   9.7  12  -7.3   28    0    1   13    0  05  3   8.0   2.3   5.1  -1.1   398     0  17.1  24 -10.5    4    0    5    7    0  05  4  13.7   6.2   9.6   0.4   254     0  19.0   3   1.1    9    0    0    0    0  05  5  16.3   8.2  11.9  -1.2   207    10  26.6  26   2.2   18    0    0    0    0  05  6  20.3  11.9  15.7   0.1   106    29  31.0  20   5.6    1    0    0    0    0  05  7  20.5  13.5  16.8  -1.1    67    22  25.9  14   9.8   24    0    0    0    0  05  8  20.0  12.1  15.7  -1.8    94    14  26.4  31   8.8    7    0    0    0    0  05  9  20.2  12.4  15.8   1.3    92    18  26.3   8   5.8   18    0    0    0    0  05 10  15.4  10.3  12.5   1.8   111     0  19.4  30   6.2   17    0    0    0    0  05 11   9.8   5.0   7.2   0.5   315     0  16.9   3  -1.4   28    0    0    3    0  05 12   5.4   1.7   3.5  -0.2   459     0   8.7  15  -5.4   29    0    2   11    0 ------------------------------------------------------------------------------------         13.4   7.2  10.0  -0.1  2970    93  31.0 JUN -10.5  MAR    0    8   40    0                                 PRECIPITATION (mm)                DEP.   MAX        DAYS OF RAIN                FROM   OBS.          OVER  YR MO  TOTAL  NORM   DAY  DATE  .2   2   20 ---------------------------------------------  05  1  39.0  -13.8  10.0   19   26    6    0  05  2  34.6   -0.9  10.6   12   15    6    0  05  3  53.8   13.9  14.4   24   21    7    0  05  4  64.0   33.3  12.4   19   15    9    0  05  5  52.6    2.7  11.0   15   20    8    0  05  6  42.4  -16.2  17.0    3   12    4    0  05  7 121.8   41.2  22.8   30   20   11    1  05  8  66.2  -16.8  13.4    5   15    6    0  05  9  43.0  -14.8  11.4   15   12    5    0  05 10  42.4  -33.6  11.2   24    9    7    0  05 11  84.0   24.2  12.6   25   23   13    0  05 12  59.0   -5.3  11.4    4   23   11    0 ---------------------------------------------        702.9  14.0  22.8  JUL  211   93    1                                 WIND SPEED (km/hr)                           DOM  YR MO   AVG.  HI   DATE  DIR ---------------------------------  05  1  13.3  88.5    8   WNW  05  2   9.9  70.8   12   ENE  05  3   9.6  64.4   11     E  05  4   7.9  70.8    7     E  05  5   8.5  51.5    7     N  05  6   7.3  45.1    4     N  05  7   6.4  64.4    4   WNW  05  8   5.1  51.5   14    NW  05  9   4.4  54.7   29    SW  05 10   7.2  54.7   25     S  05 11   6.7  53.1   16    SW  05 12   7.8  64.4   16    SW ---------------------------------          7.9  88.5  JAN   SW
NOAA Jaar overzicht - 2005