Deze pagina kan het beste bekeken worden met Google Chrome v61.0
Copyright 2001 - 2017,  Enkhuizen Meteo
H e t   l o k a l e   w e e r o v e r z i c h t   v o o r   d e   r e g i o   W e s t f r i e s l a n d
Enkhuizen Meteo
24 uur per dag live weeroverzicht voor de regio Enkhuizen en omgeving
                            ANNUAL CLIMATOLOGICAL SUMMARY NAME: Enkhuizen Meteo  CITY: Enkhuizen   STATE: Netherlands  ELEV:    -1 m  LAT:  52° 71' 45" N  LONG:   5° 27' 21" E                TEMPERATURE (°C), HEAT BASE 18.3, COOL BASE 18.3                           DEP.  HEAT  COOL                                                  MEAN  MEAN        FROM  DEG   DEG                        MAX  MAX  MIN  MIN  YR MO  MAX   MIN   MEAN  NORM  DAYS  DAYS  HI  DATE  LOW  DATE  >=32 <=0  <=0  <=-18 ------------------------------------------------------------------------------------  06  1   1.7  -0.4   0.7  -2.4   141     0   5.2  11  -2.5    9    0    1    5    0  06  2   5.0   1.5   3.0  -0.3   397     0   9.3  15  -3.4    1    0    1    5    0  06  3   7.1   1.6   4.0  -2.2   440     0  16.3  27  -3.3   12    0    0   16    0  06  4  13.5   6.3   9.3   0.1   268     0  22.6  25   1.4   11    0    0    0    0  06  5  19.1  11.4  14.8   1.7   126    19  26.7   4   5.9    2    0    0    0    0  06  6  21.2  13.2  16.9   1.3    80    37  31.8  13   8.7    2    0    0    0    0  06  7  27.4  18.7  22.6   4.7     4   138  32.2  19  13.4   12    1    0    0    0  06  8  21.0  14.5  17.3  -0.2    52    20  25.6   5  11.0   31    0    0    0    0  06  9  22.7  15.7  18.9   4.4    25    41  27.3  13  12.1    9    0    0    0    0  06 10  16.8  11.6  14.1   3.4   128     0  19.7   1   7.8   13    0    0    0    0  06 11  12.1   7.7   9.8   3.1   253     0  15.4  16   4.1   10    0    0    0    0  06 12   9.3   5.5   7.2   3.5   343     0  14.0   5  -0.6   18    0    0    1    0 ------------------------------------------------------------------------------------         15.7   9.6  12.4   1.4  2256   256  32.2 JUL  -3.4  FEB    1    2   27    0                                 PRECIPITATION (mm)                DEP.   MAX        DAYS OF RAIN                FROM   OBS.          OVER  YR MO  TOTAL  NORM   DAY  DATE  .2   2   20 ---------------------------------------------  06  1   3.6  -49.2   3.2   11    3    1    0  06  2  38.4    2.9   9.4    8   12    6    0  06  3  45.9    6.0   8.0    8   18    8    0  06  4  38.8    8.1  12.6    2   24    7    0  06  5  47.8   -2.1   9.2   19   16   10    0  06  6  37.8  -20.8  21.8   25    8    4    1  06  7  35.8  -44.8  13.4   22    8    5    0  06  8 141.7   58.7  24.8   11   24   16    1  06  9  11.8  -46.0   3.4   30    8    3    0  06 10 128.8   52.8  23.6    6   22   13    2  06 11  71.8   12.0  16.0    2   20   10    0  06 12  69.0    4.7  10.2    7   21   11    0 ---------------------------------------------        671.2 -17.7  24.8  AUG  184   94    4                                 WIND SPEED (km/hr)                           DOM  YR MO   AVG.  HI   DATE  DIR ---------------------------------  06  1   9.0  48.3   11     E  06  2   8.4  64.4    9   ENE  06  3   9.3  74.0   27   WSW  06  4   9.9  62.8   11   WSW  06  5  10.0  70.8   19     E  06  6   6.7  49.9   21     N  06  7   5.4  45.1    9     E  06  8   6.0  46.7    4     N  06  9   5.8  49.9    3    SW  06 10   8.3  64.4    5    SW  06 11  10.4  80.5    1    SW  06 12  11.2  82.1   30    SW ---------------------------------          8.3  82.1  DEC   SW
NOAA Jaar overzicht - 2006