Deze pagina kan het beste bekeken worden met Google Chrome v61.0
Copyright 2001 - 2017,  Enkhuizen Meteo
H e t   l o k a l e   w e e r o v e r z i c h t   v o o r   d e   r e g i o   W e s t f r i e s l a n d
Enkhuizen Meteo
24 uur per dag live weeroverzicht voor de regio Enkhuizen en omgeving
                            ANNUAL CLIMATOLOGICAL SUMMARY NAME: Enkhuizen Meteo  CITY: Enkhuizen   STATE: Netherlands  ELEV:    -1 m  LAT:  52° 71' 45" N  LONG:   5° 27' 21" E                TEMPERATURE (°C), HEAT BASE 18.3, COOL BASE 18.3                           DEP.  HEAT  COOL                                                  MEAN  MEAN        FROM  DEG   DEG                        MAX  MAX  MIN  MIN  YR MO  MAX   MIN   MEAN  NORM  DAYS  DAYS  HI  DATE  LOW  DATE  >=32 <=0  <=0  <=-18 ------------------------------------------------------------------------------------  07  1   9.7   5.5   7.5   4.4   334     0  13.6   9  -2.3   23    0    0    3    0  07  2   8.3   4.0   6.1   2.8   342     0  11.8  23  -0.6    8    0    0    2    0  07  3  12.0   5.6   8.4   2.2   298     0  17.1  28   1.0   19    0    0    0    0  07  4  18.7   9.3  13.3   4.1   161    12  27.6  25   5.1    8    0    0    0    0  07  5  18.5  10.8  14.4   1.3   128     7  25.0  25   7.7   15    0    0    0    0  07  6  21.9  14.8  17.8   2.2    45    29  30.4   8   9.7   27    0    0    0    0  07  7  21.2  14.4  17.5  -0.4    49    24  27.7  16  11.0   10    0    0    0    0  07  8  22.5  14.9  18.3   0.8    36    35  28.9   5  10.6    1    0    0    0    0  07  9  18.5  12.0  14.9   0.4   106     4  22.4  23   7.0   19    0    0    0    0  07 10  14.2   8.5  11.1   0.4   221     0  19.7   5   3.0   23    0    0    0    0  07 11  10.1   5.5   7.7   1.0   319     0  15.6   1  -0.8   15    0    0    1    0  07 12   6.3   2.6   4.5   0.8   407     0  12.8   7  -3.4   22    0    3    6    0 ------------------------------------------------------------------------------------         15.2   9.0  11.8   1.7  2448   110  30.4 JUN  -3.4  DEC    0    3   12    0                                 PRECIPITATION (mm)                DEP.   MAX        DAYS OF RAIN                FROM   OBS.          OVER  YR MO  TOTAL  NORM   DAY  DATE  .2   2   20 ---------------------------------------------  07  1 102.4   49.6  25.0   18   28   13    1  07  2  60.6   25.1   8.6   11   21    9    0  07  3  59.2   19.3  10.0    5   16   10    0  07  4   1.0  -29.7   0.6    7    3    0    0  07  5  63.8   13.9  13.6   11   18   11    0  07  6  73.0   14.4  16.2   16   19   10    0  07  7 117.0   36.4  16.6    3   26   16    0  07  8  49.8  -33.2  16.2   17   15    6    0  07  9  64.0    6.2  12.8    3   22    9    0  07 10  13.4  -62.6   9.2   17   10    1    0  07 11  17.4  -42.4   3.4   10   18    2    0  07 12  48.0  -16.3  11.0    7   17    7    0 ---------------------------------------------        669.7 -19.2  25.0  JAN  213   94    1                                 WIND SPEED (km/hr)                           DOM  YR MO   AVG.  HI   DATE  DIR ---------------------------------  07  1  14.4  98.2   18   WNW  07  2   9.0  62.8   28   SSE  07  3  10.9  75.6   18   WNW  07  4   7.6  46.7   29     N  07  5   7.9  56.3   13   WSW  07  6   7.1  61.2   26   WSW  07  7   8.8  69.2   24   WSW  07  8   6.9  54.7   15     N  07  9   7.9  54.7   24     N  07 10   5.8  49.9   28     E  07 11   8.9  77.2    9   NNW  07 12  10.5  62.8    7    SW ---------------------------------          8.8  98.2  JAN  WSW
NOAA Jaar overzicht - 2007