Deze pagina kan het beste bekeken worden met Google Chrome v61.0
Copyright 2001 - 2017,  Enkhuizen Meteo
H e t   l o k a l e   w e e r o v e r z i c h t   v o o r   d e   r e g i o   W e s t f r i e s l a n d
Enkhuizen Meteo
24 uur per dag live weeroverzicht voor de regio Enkhuizen en omgeving
                            ANNUAL CLIMATOLOGICAL SUMMARY NAME: Enkhuizen Meteo  CITY: Enkhuizen   STATE: Netherlands  ELEV:    -1 m  LAT:  52° 71' 45" N  LONG:   5° 27' 21" E                TEMPERATURE (°C), HEAT BASE 18.3, COOL BASE 18.3                           DEP.  HEAT  COOL                                                  MEAN  MEAN        FROM  DEG   DEG                        MAX  MAX  MIN  MIN  YR MO  MAX   MIN   MEAN  NORM  DAYS  DAYS  HI  DATE  LOW  DATE  >=32 <=0  <=0  <=-18 ------------------------------------------------------------------------------------  08  1   8.3   4.5   6.4   3.3   368     0  12.3  19  -0.4    3    0    0    3    0  08  2   8.9   3.2   5.9   2.6   358     0  13.2  11  -2.9   17    0    0    3    0  08  3   9.2   3.7   6.2   0.0   371     0  12.4  29  -2.8   23    0    0    4    0  08  4  14.0   6.3   9.7   0.5   258     1  21.7  27  -0.2    7    0    0    1    0  08  5  21.0  12.5  16.2   3.1    93    27  27.3  12   7.0    2    0    0    0    0  08  6  21.6  13.5  17.3   1.7    55    30  29.4   2   8.0   17    0    0    0    0  08  7  22.9  15.3  18.7   0.8    40    53  31.6   2  11.4   13    0    0    0    0  08  8  21.6  15.3  18.1   0.6    25    24  26.8  31  10.7   16    0    0    0    0  08  9  18.3  12.3  14.8   0.3    85     3  23.4  13   7.4   27    0    0    0    0  08 10  14.0   8.0  10.8   0.1   225     0  19.1  11   1.2   29    0    0    0    0  08 11   9.6   5.6   7.5   0.8   320     0  13.3  15   0.4   30    0    0    0    0  08 12   5.4   1.3   3.2  -0.5   467     0  10.9  22  -4.4   31    0    3    8    0 ------------------------------------------------------------------------------------         14.5   8.3  11.1   1.1  2666   137  31.6 JUL  -4.4  DEC    0    3   19    0                                 PRECIPITATION (mm)                DEP.   MAX        DAYS OF RAIN                FROM   OBS.          OVER  YR MO  TOTAL  NORM   DAY  DATE  .2   2   20 ---------------------------------------------  08  1  68.5   15.7  13.0   11   22   10    0  08  2  23.0  -12.5   5.2   26   11    5    0  08  3  83.0   43.1  10.0   20   27   15    0  08  4  18.2  -12.5   3.8   29   13    4    0  08  5  15.4  -34.5   5.4   17   10    2    0  08  6  21.8  -36.8   4.8    1    9    5    0  08  7  87.8    7.2  14.8   26   24   10    0  08  8  55.8  -27.2  18.0    7   16   10    0  08  9  55.4   -2.4  19.4   13   11    7    0  08 10  86.8   10.8  21.8    5   21    9    1  08 11 103.2   43.4  20.4   10   25   13    1  08 12  30.0  -34.3   6.0   19   15    5    0 ---------------------------------------------        648.9 -40.0  21.8  OCT  204   95    2                                 WIND SPEED (km/hr)                           DOM  YR MO   AVG.  HI   DATE  DIR ---------------------------------  08  1  14.2  88.5   31    SW  08  2   9.8  75.6    1   WSW  08  3  12.9  83.7    1   WNW  08  4   9.6  51.5   12     E  08  5   8.5  45.1    1   ENE  08  6   8.2  66.0   22   WSW  08  7   8.0  54.7    7   WSW  08  8   8.0  61.2    7   WSW  08  9   8.1  53.1    4   ENE  08 10   7.3  64.4    4    SW  08 11   9.5  82.1   21    SW  08 12   8.0  53.1    2     E ---------------------------------          9.4  88.5  JAN   SW
NOAA Jaar overzicht - 2008