Deze pagina kan het beste bekeken worden met Google Chrome v61.0
Copyright 2001 - 2017,  Enkhuizen Meteo
H e t   l o k a l e   w e e r o v e r z i c h t   v o o r   d e   r e g i o   W e s t f r i e s l a n d
Enkhuizen Meteo
24 uur per dag live weeroverzicht voor de regio Enkhuizen en omgeving
                            ANNUAL CLIMATOLOGICAL SUMMARY NAME: Enkhuizen Meteo  CITY: Enkhuizen   STATE: Netherlands  ELEV:    -1 m  LAT:  52° 71' 45" N  LONG:   5° 27' 21" E                TEMPERATURE (°C), HEAT BASE 18.3, COOL BASE 18.3                           DEP.  HEAT  COOL                                                  MEAN  MEAN        FROM  DEG   DEG                        MAX  MAX  MIN  MIN  YR MO  MAX   MIN   MEAN  NORM  DAYS  DAYS  HI  DATE  LOW  DATE  >=32 <=0  <=0  <=-18 ------------------------------------------------------------------------------------  09  1   3.8  -0.2   1.7  -1.4   515     0   8.0  24  -5.4   10    0    1   15    0  09  2   5.9   1.7   3.6   0.3   413     0   9.9  28  -3.5   14    0    0    8    0  09  3  10.0   4.0   6.8   0.6   354     0  13.6  21  -0.7    7    0    0    1    0  09  4  17.3   9.0  12.6   3.4   169     4  22.7  10   4.5    1    0    0    0    0  09  5  18.7  10.5  14.2   1.1   134     7  24.3  31   5.5    4    0    0    0    0  09  6  21.1  13.1  16.5   0.9    77    25  28.2  29   7.7   13    0    0    0    0  09  7  23.2  15.3  18.8   0.9    30    47  31.5   3  11.7   31    0    0    0    0  09  8  24.3  15.7  19.6   2.1    23    64  31.0  20  11.8   29    0    0    0    0  09  9  19.9  13.4  16.2   1.7    72     9  26.4   8   9.3   27    0    0    0    0  09 10  14.4   8.9  11.4   0.7   213     0  18.0   7   3.3   14    0    0    0    0  09 11  11.1   7.5   9.2   2.5   267     0  14.3   1   4.0    8    0    0    0    0  09 12   4.7   1.3   3.0  -0.7   409     0  10.7   6  -6.3   19    0    1   11    0 ------------------------------------------------------------------------------------         14.7   8.4  11.3   1.0  2677   156  31.5 JUL  -6.3  DEC    0    2   35    0                                 PRECIPITATION (mm)                DEP.   MAX        DAYS OF RAIN                FROM   OBS.          OVER  YR MO  TOTAL  NORM   DAY  DATE  .2   2   20 ---------------------------------------------  09  1  42.2  -10.6  13.2   23   15    5    0  09  2  47.4   11.9  11.2   10   22    9    0  09  3  49.8    9.9  12.2   25   18    8    0  09  4  14.4  -16.3   4.0    8    8    4    0  09  5 103.6   53.7  48.0   26   12    8    2  09  6  39.8  -18.8  14.6   11   12    5    0  09  7  95.2   14.6  19.8   10   21   11    0  09  8  35.6  -47.4  13.8    2   12    6    0  09  9  29.4  -28.4  11.4    4   10    3    0  09 10  49.8  -26.2  10.2    7   18   10    0  09 11  80.1   20.3   9.8   27   26   18    0  09 12  59.6   -4.7  22.0   25   15    9    1 ---------------------------------------------        646.9 -42.0  48.0  MAY  189   96    3                                 WIND SPEED (km/hr)                           DOM  YR MO   AVG.  HI   DATE  DIR ---------------------------------  09  1   9.3  56.3   19    SW  09  2   7.5  51.5   10   WNW  09  3   8.9  61.2    8   WNW  09  4   6.7  56.3   27   ENE  09  5   8.8  67.6   26   WSW  09  6   7.8  48.3    9     N  09  7   8.3  53.1   30   WSW  09  8   6.8  61.2   28   WSW  09  9   7.4  59.5    3   WNW  09 10   7.8  66.0   16   SSE  09 11  12.6  82.1   18    SW  09 12   9.7  59.5   20    SW ---------------------------------          8.5  82.1  NOV   SW
NOAA Jaar overzicht - 2009