Deze pagina kan het beste bekeken worden met Google Chrome v61.0
Copyright 2001 - 2017,  Enkhuizen Meteo
H e t   l o k a l e   w e e r o v e r z i c h t   v o o r   d e   r e g i o   W e s t f r i e s l a n d
Enkhuizen Meteo
24 uur per dag live weeroverzicht voor de regio Enkhuizen en omgeving
                            ANNUAL CLIMATOLOGICAL SUMMARY NAME: Enkhuizen Meteo  CITY: Enkhuizen   STATE: Netherlands  ELEV:    -1 m  LAT:  52° 71' 45" N  LONG:   5° 27' 21" E                TEMPERATURE (°C), HEAT BASE 18.3, COOL BASE 18.3                           DEP.  HEAT  COOL                                                  MEAN  MEAN        FROM  DEG   DEG                        MAX  MAX  MIN  MIN  YR MO  MAX   MIN   MEAN  NORM  DAYS  DAYS  HI  DATE  LOW  DATE  >=32 <=0  <=0  <=-18 ------------------------------------------------------------------------------------  10  1   1.1  -2.7  -0.8  -3.9   579     0   5.0  18  -9.5   27    0   10   24    0  10  2   3.2  -1.2   0.9  -2.4   487     0   8.4  26  -5.9   15    0    5   18    0  10  3   9.6   3.4   6.2   0.0   353     0  19.6  25  -2.3    5    0    0    9    0  10  4  14.7   6.2  10.0   0.8   249     3  24.7  29   0.9   23    0    0    0    0  10  5  14.9   7.7  11.0  -2.1   230     3  24.3  23   3.9   14    0    0    0    0  10  6  20.9  12.6  16.4   0.8    81    25  28.3  28   8.6   22    0    0    0    0  10  7  24.9  16.2  20.2   2.3    20    77  33.9   9  12.5   18    3    0    0    0  10  8  21.0  14.6  17.4  -0.1    43    19  25.8  20  10.6   31    0    0    0    0  10  9  17.4  11.2  14.0  -0.5   131     2  21.9  11   8.1   26    0    0    0    0  10 10  14.1   8.7  11.2   0.5   218     1  21.6   3   2.6   18    0    0    0    0  10 11   8.2   4.3   6.2  -0.5   362     0  15.4   4  -2.9   30    0    0    4    0  10 12   1.4  -2.8  -0.7  -4.4   589     0   8.0  11  -8.6   21    0   13   28    0 ------------------------------------------------------------------------------------         12.6   6.5   9.3  -0.8  3342   131  33.9 JUL  -9.5  JAN    3   28   83    0                                 PRECIPITATION (mm)                DEP.   MAX        DAYS OF RAIN                FROM   OBS.          OVER  YR MO  TOTAL  NORM   DAY  DATE  .2   2   20 ---------------------------------------------  10  1  35.2  -17.6   6.2   29   21    5    0  10  2  71.5   36.0  14.8    2   21   11    0  10  3  30.2   -9.7   7.4   20   18    4    0  10  4  28.2   -2.5   6.4    3   11    6    0  10  5  42.8   -7.1  12.4    2   13    5    0  10  6  19.4  -39.2   5.8   19    9    4    0  10  7  76.0   -4.6  17.0   10   18   10    0  10  8 106.2   23.2  16.4   26   20   14    0  10  9  91.4   33.6  15.0   14   23   14    0  10 10  59.1  -16.9  12.8   15   17    8    0  10 11  43.7  -16.1  12.6   14   16    5    0  10 12  34.2  -30.1  10.6    5   16    4    0 ---------------------------------------------        637.7 -51.2  17.0  JUL  203   90    0                                 WIND SPEED (km/hr)                           DOM  YR MO   AVG.  HI   DATE  DIR ---------------------------------  10  1   6.6  53.1   28     E  10  2   7.6  69.2   26     E  10  3   9.1  64.4   31   WNW  10  4   8.3  54.7    1     N  10  5   8.5  53.1    3     N  10  6   6.5  49.9   12     N  10  7   5.5  51.5   10   WNW  10  8   5.1  74.0   24   WSW  10  9   4.1  54.7   15   WSW  10 10   7.7  62.8   23    SW  10 11   8.4  80.5   11     E  10 12   6.6  61.2    9     S ---------------------------------          7.0  80.5  NOV    N
NOAA Jaar overzicht - 2010