Deze pagina kan het beste bekeken worden met Google Chrome v61.0
Copyright 2001 - 2017,  Enkhuizen Meteo
H e t   l o k a l e   w e e r o v e r z i c h t   v o o r   d e   r e g i o   W e s t f r i e s l a n d
Enkhuizen Meteo
24 uur per dag live weeroverzicht voor de regio Enkhuizen en omgeving
                            ANNUAL CLIMATOLOGICAL SUMMARY NAME: Enkhuizen Meteo  CITY: Enkhuizen   STATE: Netherlands  ELEV:    -1 m  LAT:  52° 71' 45" N  LONG:   5° 27' 21" E                TEMPERATURE (°C), HEAT BASE 18.3, COOL BASE 18.3                           DEP.  HEAT  COOL                                                  MEAN  MEAN        FROM  DEG   DEG                        MAX  MAX  MIN  MIN  YR MO  MAX   MIN   MEAN  NORM  DAYS  DAYS  HI  DATE  LOW  DATE  >=32 <=0  <=0  <=-18 ------------------------------------------------------------------------------------  11  1   5.2   1.2   3.1  -0.0   471     0  10.7  16  -2.3   21    0    0   15    0  11  2   6.3   2.3   4.2   0.9   394     0  10.9   6  -4.4   22    0    0    7    0  11  3   9.7   2.8   5.9  -0.3   384     0  16.9  22  -2.2    4    0    0    5    0  11  4  18.3   9.1  13.2   4.0   164    11  26.5  24   3.9   15    0    0    0    0  11  5  18.7  10.7  14.3   1.2   135    11  27.8   8   5.4    3    0    0    0    0  11  6  20.3  12.6  16.2   0.6    82    20  29.3  28   7.9    1    0    0    0    0  11  7  19.6  13.6  16.2  -1.7    77    12  23.9   7  10.5   25    0    0    0    0  11  8  21.0  13.8  17.1  -0.4    59    21  26.9   2   9.7    1    0    0    0    0  11  9  19.9  12.7  15.8   1.3    88    13  27.0   3   9.6    1    0    0    0    0  11 10  15.4   8.9  11.9   1.2   203     4  25.7   1   4.3   20    0    0    0    0  11 11   9.4   5.5   7.4   0.7   328     0  16.6   4   0.8   15    0    0    0    0  11 12   8.1   4.2   6.1   2.4   377     0  12.4  26   0.2   19    0    0    0    0 ------------------------------------------------------------------------------------         14.4   8.2  11.0   0.8  2763    93  29.3 JUN  -4.4  FEB    0    0   27    0                                 PRECIPITATION (mm)                DEP.   MAX        DAYS OF RAIN                FROM   OBS.          OVER  YR MO  TOTAL  NORM   DAY  DATE  .2   2   20 ---------------------------------------------  11  1  26.0  -26.8   9.4   14   10    4    0  11  2  19.6  -15.9  11.6   11    5    3    0  11  3   7.4  -32.5   4.2   31    5    1    0  11  4   8.4  -22.3   3.0    3    6    2    0  11  5  22.4  -27.5   4.6   31   12    5    0  11  6 104.6   46.0  24.6   16   19   12    2  11  7 140.2   59.6  22.8   14   16   11    1  11  8  81.6   -1.4  10.4   11   22   14    0  11  9  76.6   18.8  33.4    6   18    9    1  11 10  82.0    6.0  21.8    6   13   10    1  11 11   8.0  -51.8   2.2    1   12    1    0  11 12 115.2   50.9  14.0   13   28   21    0 ---------------------------------------------        691.9   3.0  33.4  SEP  166   93    5                                 WIND SPEED (km/hr)                           DOM  YR MO   AVG.  HI   DATE  DIR ---------------------------------  11  1   8.0  59.5    8    SW  11  2  11.1  78.9    4   WSW  11  3   7.0  61.2   10   ENE  11  4   7.0  57.9    1   ENE  11  5   7.9  56.3   26   WSW  11  6   6.9  51.5   18   WSW  11  7   7.8  64.4   17     N  11  8   5.9  51.5    9   WSW  11  9   6.6  99.8   12    SW  11 10   7.6  53.1    6   SSE  11 11   7.2  64.4   27     E  11 12  12.8  86.9    8    SW ---------------------------------          8.0  99.8  SEP  WSW
NOAA Jaar overzicht - 2011