Deze pagina kan het beste bekeken worden met Google Chrome v61.0
Copyright 2001 - 2017,  Enkhuizen Meteo
H e t   l o k a l e   w e e r o v e r z i c h t   v o o r   d e   r e g i o   W e s t f r i e s l a n d
Enkhuizen Meteo
24 uur per dag live weeroverzicht voor de regio Enkhuizen en omgeving
                            ANNUAL CLIMATOLOGICAL SUMMARY NAME: Enkhuizen Meteo  CITY: Enkhuizen   STATE: Netherlands  ELEV:    -1 m  LAT:  52° 71' 45" N  LONG:   5° 27' 21" E                TEMPERATURE (°C), HEAT BASE 18.3, COOL BASE 18.3                           DEP.  HEAT  COOL                                                  MEAN  MEAN        FROM  DEG   DEG                        MAX  MAX  MIN  MIN  YR MO  MAX   MIN   MEAN  NORM  DAYS  DAYS  HI  DATE  LOW  DATE  >=32 <=0  <=0  <=-18 ------------------------------------------------------------------------------------  12  1   7.0   2.9   4.8   1.7   418     0  11.2   1  -5.2   31    0    2    5    0  12  2   4.0  -1.5   1.2  -2.1   495     0  13.8  23 -12.6    4    0   10   13    0  12  3  11.6   5.2   8.0   1.8   289     0  19.5  28   1.4   19    0    0    0    0  12  4  12.4   5.7   8.6  -0.6   290     1  22.1  30   1.0   17    0    0    0    0  12  5  18.4  11.1  14.3   1.2   120    18  26.8  27   4.3   13    0    0    0    0  12  6  18.5  12.0  15.0  -0.6    95     9  24.9  28   7.1    5    0    0    0    0  12  7  21.6  14.3  17.6  -0.3    56    32  28.6  24   9.8   22    0    0    0    0  12  8  23.4  15.8  19.0   1.5    30    52  32.4  19  11.7   27    1    0    0    0  12  9  18.8  11.8  14.9   0.4   112     9  26.6   9   7.6   19    0    0    0    0  12 10  13.5   8.4  10.6  -0.1   238     0  19.2  19   1.6   28    0    0    0    0  12 11   8.9   5.1   6.9   0.2   310     0  11.4   8   0.2   30    0    0    0    0  12 12   6.5   2.8   4.6   0.9   415     0  11.6  24  -4.3    8    0    0    7    0 ------------------------------------------------------------------------------------         13.8   7.8  10.5   0.3  2866   122  32.4 AUG -12.6  FEB    1   12   25    0                                 PRECIPITATION (mm)                DEP.   MAX        DAYS OF RAIN                FROM   OBS.          OVER  YR MO  TOTAL  NORM   DAY  DATE  .2   2   20 ---------------------------------------------  12  1  80.6   27.8  25.8    1   22   10    1  12  2  21.6  -13.9   4.2    3   15    5    0  12  3  21.0  -18.9  12.0    7   11    3    0  12  4  61.8   31.1  13.0    9   24    9    0  12  5  29.8  -20.1   7.8   15   14    6    0  12  6  95.6   37.0  15.4   24   18   13    0  12  7 107.0   26.4  22.2    8   16   11    1  12  8 117.2   34.2  20.2   26   15   13    1  12  9  48.5   -9.3  13.6   24   17   10    0  12 10 118.1   42.1  21.4    3   22   13    1  12 11  51.8   -8.0  10.4    4   21   10    0  12 12 111.8   47.5  11.4   23   29   16    0 ---------------------------------------------        864.7 175.8  25.8  JAN  224  119    4                                 WIND SPEED (km/hr)                           DOM  YR MO   AVG.  HI   DATE  DIR ---------------------------------  12  1  11.0  82.1    5   WNW  12  2   8.8  57.9   15   WSW  12  3   6.9  56.3    7   NNW  12  4   9.9  59.5   26    SW  12  5   8.7  49.9   10     N  12  6   9.4  64.4   22   WSW  12  7   7.8  46.7    9   WSW  12  8   6.7  67.6   31    SW  12  9   8.2  69.2   24    SW  12 10   8.2  62.8    5    SW  12 11   8.8  75.6   25     S  12 12  10.3  78.9    9    SW ---------------------------------          8.7  82.1  JAN   SW
NOAA Jaar overzicht - 2012