Deze pagina kan het beste bekeken worden met Google Chrome v61.0
Copyright 2001 - 2017,  Enkhuizen Meteo
H e t   l o k a l e   w e e r o v e r z i c h t   v o o r   d e   r e g i o   W e s t f r i e s l a n d
Enkhuizen Meteo
24 uur per dag live weeroverzicht voor de regio Enkhuizen en omgeving
                            ANNUAL CLIMATOLOGICAL SUMMARY NAME: Enkhuizen Meteo  CITY: Enkhuizen   STATE: Netherlands  ELEV:    -1 m  LAT:  52° 71' 45" N  LONG:   5° 27' 21" E                TEMPERATURE (°C), HEAT BASE 18.3, COOL BASE 18.3                           DEP.  HEAT  COOL                                                  MEAN  MEAN        FROM  DEG   DEG                        MAX  MAX  MIN  MIN  YR MO  MAX   MIN   MEAN  NORM  DAYS  DAYS  HI  DATE  LOW  DATE  >=32 <=0  <=0  <=-18 ------------------------------------------------------------------------------------  13  1   4.2   0.5   2.4  -0.7   494     0  11.7   3  -7.1   25    0    8   15    0  13  2   4.2   0.3   2.0  -1.3   458     0   9.9   4  -2.3   23    0    0   13    0  13  3   5.1  -0.3   2.1  -4.1   498     0  14.5   5  -4.1   13    0    1   17    0  13  4  12.4   4.7   8.0  -1.2   278     0  20.2  25  -0.4    1    0    0    1    0  13  5  15.8   8.7  11.7  -1.4   208     2  23.9   7   5.1    1    0    0    0    0  13  6  18.9  11.8  14.9  -0.7   110     9  26.6  18   8.7    2    0    0    0    0  13  7  23.7  16.0  19.3   1.4    29    59  31.4  22  10.0    2    0    0    0    0  13  8  23.7  15.2  18.9   1.4    32    46  33.2   2  11.2   14    1    0    0    0  13  9  18.6  12.1  14.9   0.4   113    11  28.8   5   8.1   18    0    0    0    0  13 10  15.4   9.5  12.2   1.5   187     0  19.6  22   6.5   18    0    0    0    0  13 11   9.6   5.2   7.2   0.5   321     0  13.7   7   1.2   20    0    0    0    0  13 12   7.9   4.0   5.9   2.2   384     0  10.9   9  -0.2    3    0    0    1    0 ------------------------------------------------------------------------------------         13.4   7.4  10.0  -0.2  3111   128  33.2 AUG  -7.1  JAN    1    9   47    0                                 PRECIPITATION (mm)                DEP.   MAX        DAYS OF RAIN                FROM   OBS.          OVER  YR MO  TOTAL  NORM   DAY  DATE  .2   2   20 ---------------------------------------------  13  1  49.6   -3.2   9.6   27   17    8    0  13  2  33.0   -2.5   4.8   15   14    8    0  13  3  30.4   -9.5  14.2    9   15    4    0  13  4  22.2   -8.5   4.8   11   12    4    0  13  5  69.0   19.1  16.4   21   16    9    0  13  6  53.2   -5.4  10.6   21   11    8    0  13  7  30.2  -50.4   9.8   30    8    4    0  13  8  37.2  -45.8  13.4   19   13    6    0  13  9 105.2   47.4  38.8   10   17    9    2  13 10 114.2   38.2  22.6   11   20   12    1  13 11  89.6   29.8  15.8    4   23   13    0  13 12  77.2   12.9  13.2   24   23   14    0 ---------------------------------------------        711.0  22.1  38.8  SEP  189   99    3                                 WIND SPEED (km/hr)                           DOM  YR MO   AVG.  HI   DATE  DIR ---------------------------------  13  1   9.0  66.0   30     E  13  2   8.4  51.5    4   ENE  13  3   9.6  54.7   23     E  13  4   9.0  70.8   18   WSW  13  5   8.1  54.7   10     N  13  6   9.2  59.5   15     N  13  7   5.6  41.8    4     N  13  8   4.9  48.3    3    SW  13  9   5.5  57.9   15   WNW  13 10   8.3 109.4   28    SW  13 11   6.7  57.9    7    SW  13 12  11.7  82.1   24    SW ---------------------------------          8.0 109.4  OCT    E
NOAA Jaar overzicht - 2013