Deze pagina kan het beste bekeken worden met Google Chrome v61.0
Copyright 2001 - 2017,  Enkhuizen Meteo
H e t   l o k a l e   w e e r o v e r z i c h t   v o o r   d e   r e g i o   W e s t f r i e s l a n d
Enkhuizen Meteo
24 uur per dag live weeroverzicht voor de regio Enkhuizen en omgeving
                            ANNUAL CLIMATOLOGICAL SUMMARY NAME: Enkhuizen Meteo  CITY: Enkhuizen   STATE: Netherlands  ELEV:    -1 m  LAT:  52° 71' 45" N  LONG:   5° 27' 21" E                TEMPERATURE (°C), HEAT BASE 18.3, COOL BASE 18.3                           DEP.  HEAT  COOL                                                  MEAN  MEAN        FROM  DEG   DEG                        MAX  MAX  MIN  MIN  YR MO  MAX   MIN   MEAN  NORM  DAYS  DAYS  HI  DATE  LOW  DATE  >=32 <=0  <=0  <=-18 ------------------------------------------------------------------------------------  14  1   7.0   3.5   5.1   2.0   407     0  11.3   6  -2.4   30    0    0    3    0  14  2   8.4   4.2   6.0   2.7   344     0  11.1  15   1.9    3    0    0    0    0  14  3  12.5   5.3   8.4   2.2   307     0  17.6  30   1.3    5    0    0    0    0  14  4  16.1   8.9  11.9   2.7   187     1  21.2  30   4.3   16    0    0    0    0  14  5  17.6  10.6  13.7   0.6   151     9  26.7  20   5.1    4    0    0    0    0  14  6  20.8  13.5  16.7   1.1    65    18  26.0   9   9.3    1    0    0    0    0  14  7  24.8  17.0  20.6   2.7    16    86  33.8  19  10.4    1    1    0    0    0  14  8  21.0  13.8  16.9  -0.6    70    27  28.8   2   9.1   23    0    0    0    0  14  9  20.8  14.2  17.1   2.6    52    17  24.8  17   9.5   23    0    0    0    0  14 10  16.5  11.8  13.9   3.2   138     2  21.7   3   8.8   22    0    0    0    0  14 11  10.5   7.2   8.8   2.1   286     0  17.6   1   2.0   30    0    0    0    0  14 12   7.6   3.4   5.5   1.8   396     0  12.6  22  -1.2    3    0    0    3    0 ------------------------------------------------------------------------------------         15.3   9.5  12.1   1.9  2420   159  33.8 JUL  -2.4  JAN    1    0    6    0                                 PRECIPITATION (mm)                DEP.   MAX        DAYS OF RAIN                FROM   OBS.          OVER  YR MO  TOTAL  NORM   DAY  DATE  .2   2   20 ---------------------------------------------  14  1  73.6   20.8  11.2    6   22   12    0  14  2  45.9   10.4   6.4    7   18    9    0  14  3  31.0   -8.9  18.8   21   10    5    0  14  4  50.9   20.2  11.6    7   15    9    0  14  5  80.6   30.7  14.2    8   15    9    0  14  6  91.7   33.1  36.8   30   13    5    2  14  7  60.7  -19.9  13.2   21   10    8    0  14  8 178.6   95.6  40.4   22   25   18    2  14  9  21.1  -36.7  15.7   24    5    2    0  14 10  75.7   -0.3  18.8   21   22   12    0  14 11  49.0  -10.8  18.0   16   13    7    0  14 12 122.4   58.1  26.7   12   25   14    1 ---------------------------------------------        881.1 192.2  40.4  AUG  193  110    5                                 WIND SPEED (km/hr)                           DOM  YR MO   AVG.  HI   DATE  DIR ---------------------------------  14  1  11.0  69.2    9     S  14  2  13.4  75.6   15    SW  14  3   8.3  48.3   18     E  14  4   6.8  61.2   14     E  14  5   7.2  54.7    9   ENE  14  6   6.1  56.3   10     N  14  7   6.0  49.9    5     E  14  8   6.0  56.3   11    SW  14  9   4.1  49.9   22     E  14 10   7.8  67.6   22    SW  14 11   7.3  61.2    7   SSE  14 12  10.9  72.4   12   WSW ---------------------------------          7.9  75.6  FEB   SW
NOAA Jaar overzicht - 2014