Deze pagina kan het beste bekeken worden met Google Chrome v61.0
Copyright 2001 - 2017,  Enkhuizen Meteo
H e t   l o k a l e   w e e r o v e r z i c h t   v o o r   d e   r e g i o   W e s t f r i e s l a n d
Enkhuizen Meteo
24 uur per dag live weeroverzicht voor de regio Enkhuizen en omgeving
                            ANNUAL CLIMATOLOGICAL SUMMARY NAME: Enkhuizen Meteo  CITY: Enkhuizen   STATE: Netherlands  ELEV:    -1 m  LAT:  52° 71' 45" N  LONG:   5° 27' 21" E                TEMPERATURE (°C), HEAT BASE 18.3, COOL BASE 18.3                           DEP.  HEAT  COOL                                                  MEAN  MEAN        FROM  DEG   DEG                        MAX  MAX  MIN  MIN  YR MO  MAX   MIN   MEAN  NORM  DAYS  DAYS  HI  DATE  LOW  DATE  >=32 <=0  <=0  <=-18 ------------------------------------------------------------------------------------  15  1   6.9   2.3   4.5   1.4   427     0  12.6  10  -3.2   23    0    0    4    0  15  2   6.8   1.9   4.0   0.7   387     0   9.9  23  -1.7    7    0    0    5    0  15  3   9.5   4.1   6.6   0.4   360     0  14.4   8   0.6   11    0    0    0    0  15  4  13.5   6.4   9.5   0.3   264     0  21.5  15   3.5    2    0    0    0    0  15  5  16.8   9.2  12.6  -0.5   178     2  24.9  11   6.0    2    0    0    0    0  15  6  19.6  12.1  15.7   0.1    97    17  30.6   5   7.1    1    0    0    0    0  15  7  22.9  15.1  18.7   0.8    38    50  34.1   2   9.9   31    2    0    0    0  15  8  23.2  16.0  19.1   1.6    26    51  29.7   3  13.2   17    0    0    0    0  15  9  17.9  11.7  14.4  -0.1   119     1  19.9  10   7.4   26    0    0    0    0  15 10  13.5   8.8  11.0   0.3   225     0  17.8   7   4.4   12    0    0    0    0  15 11  12.4   8.1  10.2   3.5   244     0  17.7   7   1.3   23    0    0    0    0  15 12  11.4   7.9   9.5   5.8   270     0  14.7  26   4.8   13    0    0    0    0 ------------------------------------------------------------------------------------         14.6   8.7  11.4   1.2  2633   121  34.1 JUL  -3.2  JAN    2    0    9    0                                 PRECIPITATION (mm)                DEP.   MAX        DAYS OF RAIN                FROM   OBS.          OVER  YR MO  TOTAL  NORM   DAY  DATE  .2   2   20 ---------------------------------------------  15  1 173.5  120.7  27.2   13   25   18    1  15  2  60.1   24.6  22.4   20   18    7    1  15  3  69.8   29.9  18.4   31   15    9    0  15  4  12.8  -17.9   3.4    2   10    1    0  15  5  57.8    7.9  15.0    5   17    9    0  15  6  24.4  -34.2   7.2   22   12    4    0  15  7  89.4    8.8  17.8   27   19   11    0  15  8 181.6   98.6  44.8   17   15   10    4  15  9 119.2   61.4  24.0    4   20   13    1  15 10  44.0  -32.0  14.8   15   16    6    0  15 11 152.0   92.2  18.2   21   29   19    0  15 12  52.2  -12.1  10.6   12   22    9    0 ---------------------------------------------       1036.8 347.9  44.8  AUG  218  116    7                                 WIND SPEED (km/hr)                           DOM  YR MO   AVG.  HI   DATE  DIR ---------------------------------  15  1  11.6  80.5    9    SW  15  2   8.2  69.2   22   SSW  15  3   9.6  90.1   31     E  15  4   7.9  67.6    1     N  15  5   6.6  72.4    6    SW  15  6   3.3  48.3   17   WNW  15  7   8.2  72.4   25     W  15  8   6.6  59.5   26   ENE  15  9   7.4  59.5   15   ENE  15 10   5.3  40.2   14   ENE  15 11  12.2  77.2   18   WSW  15 12  13.9  72.4   12    SW ---------------------------------          8.4  90.1  MAR   SW
NOAA Jaar overzicht - 2015